40.77.167.13 - - [25/Feb/2026:19:23:58 +0100] "GET /?l=75989102317604 HTTP/2.0" 301 - "-" "Mozilla/5.0 AppleWebKit/537.36 (KHTML, like Gecko; compatible; bingbot/2.0; +http://www.bing.com/bingbot.htm) Chrome/116.0.1938.76 Safari/537.36"
52.167.144.190 - - [25/Feb/2026:19:24:00 +0100] "GET /?l=22851115363804 HTTP/2.0" 200 192282 "-" "Mozilla/5.0 AppleWebKit/537.36 (KHTML, like Gecko; compatible; bingbot/2.0; +http://www.bing.com/bingbot.htm) Chrome/116.0.1938.76 Safari/537.36"
23.88.19.39 - - [25/Feb/2026:19:24:14 +0100] "POST /wp-cron.php?doing_wp_cron=1772043854.7372710704803466796875 HTTP/1.1" 404 87047 "-" "WordPress/6.9.1; https://alfouzantransport.com"
52.167.144.156 - - [25/Feb/2026:19:24:14 +0100] "GET /?l=76832100497802 HTTP/2.0" 301 - "-" "Mozilla/5.0 AppleWebKit/537.36 (KHTML, like Gecko; compatible; bingbot/2.0; +http://www.bing.com/bingbot.htm) Chrome/116.0.1938.76 Safari/537.36"
85.208.96.211 - - [25/Feb/2026:19:24:17 +0100] "GET /79865119553.htm HTTP/1.1" 404 87047 "-" "Mozilla/5.0 (compatible; SemrushBot/7~bl; +http://www.semrush.com/bot.html)"
85.208.96.210 - - [25/Feb/2026:19:24:23 +0100] "GET /5120544494.htm HTTP/1.1" 404 87047 "-" "Mozilla/5.0 (compatible; SemrushBot/7~bl; +http://www.semrush.com/bot.html)"
85.208.96.197 - - [25/Feb/2026:19:24:25 +0100] "GET /51205285209.htm HTTP/1.1" 404 87047 "-" "Mozilla/5.0 (compatible; SemrushBot/7~bl; +http://www.semrush.com/bot.html)"
185.191.171.13 - - [25/Feb/2026:19:24:28 +0100] "GET /11865245464.htm HTTP/1.1" 404 87047 "-" "Mozilla/5.0 (compatible; SemrushBot/7~bl; +http://www.semrush.com/bot.html)"
40.77.167.13 - - [25/Feb/2026:19:24:30 +0100] "GET /?l=73991286991200 HTTP/2.0" 301 - "-" "Mozilla/5.0 AppleWebKit/537.36 (KHTML, like Gecko; compatible; bingbot/2.0; +http://www.bing.com/bingbot.htm) Chrome/116.0.1938.76 Safari/537.36"
85.208.96.201 - - [25/Feb/2026:19:24:30 +0100] "GET /79865153444.htm HTTP/1.1" 404 87047 "-" "Mozilla/5.0 (compatible; SemrushBot/7~bl; +http://www.semrush.com/bot.html)"
66.249.72.6 - - [25/Feb/2026:19:24:41 +0100] "GET /?l=02770160448406 HTTP/1.1" 200 192282 "-" "Mozilla/5.0 (Linux; Android 6.0.1; Nexus 5X Build/MMB29P) AppleWebKit/537.36 (KHTML, like Gecko) Chrome/144.0.7559.132 Mobile Safari/537.36 (compatible; Googlebot/2.1; +http://www.google.com/bot.html)"
85.208.96.194 - - [25/Feb/2026:19:24:43 +0100] "GET /3655875616.htm HTTP/1.1" 404 87047 "-" "Mozilla/5.0 (compatible; SemrushBot/7~bl; +http://www.semrush.com/bot.html)"
66.249.72.5 - - [25/Feb/2026:19:24:44 +0100] "GET /wp-content/plugins/ibtana-visual-editor/dist/css/animate.min.css?ver=6.9.1 HTTP/1.1" 200 71756 "https://alfouzantransport.com/?l=02770160448406" "Mozilla/5.0 (Linux; Android 6.0.1; Nexus 5X Build/MMB29P) AppleWebKit/537.36 (KHTML, like Gecko) Chrome/144.0.7559.132 Mobile Safari/537.36 (compatible; Googlebot/2.1; +http://www.google.com/bot.html)"
207.46.13.86 - - [25/Feb/2026:19:24:51 +0100] "GET /?l=78292209151407 HTTP/2.0" 301 - "-" "Mozilla/5.0 AppleWebKit/537.36 (KHTML, like Gecko; compatible; bingbot/2.0; +http://www.bing.com/bingbot.htm) Chrome/116.0.1938.76 Safari/537.36"
85.208.96.200 - - [25/Feb/2026:19:25:12 +0100] "GET /79865107945.htm HTTP/1.1" 404 87047 "-" "Mozilla/5.0 (compatible; SemrushBot/7~bl; +http://www.semrush.com/bot.html)"
23.88.19.39 - - [25/Feb/2026:19:25:22 +0100] "POST /wp-cron.php?doing_wp_cron=1772043922.6326310634613037109375 HTTP/1.1" 404 87047 "-" "WordPress/6.9.1; https://alfouzantransport.com"
207.46.13.86 - - [25/Feb/2026:19:25:22 +0100] "GET /?l=92141158897202 HTTP/2.0" 301 - "-" "Mozilla/5.0 AppleWebKit/537.36 (KHTML, like Gecko; compatible; bingbot/2.0; +http://www.bing.com/bingbot.htm) Chrome/116.0.1938.76 Safari/537.36"
185.191.171.6 - - [25/Feb/2026:19:25:25 +0100] "GET /7986592677.htm HTTP/1.1" 404 87047 "-" "Mozilla/5.0 (compatible; SemrushBot/7~bl; +http://www.semrush.com/bot.html)"
85.208.96.208 - - [25/Feb/2026:19:25:28 +0100] "GET /5813039108.htm HTTP/1.1" 404 87047 "-" "Mozilla/5.0 (compatible; SemrushBot/7~bl; +http://www.semrush.com/bot.html)"
185.191.171.13 - - [25/Feb/2026:19:25:33 +0100] "GET /79865125456.htm HTTP/1.1" 404 87047 "-" "Mozilla/5.0 (compatible; SemrushBot/7~bl; +http://www.semrush.com/bot.html)"
85.208.96.194 - - [25/Feb/2026:19:25:49 +0100] "GET /51205235108.htm HTTP/1.1" 404 87047 "-" "Mozilla/5.0 (compatible; SemrushBot/7~bl; +http://www.semrush.com/bot.html)"
66.249.72.6 - - [25/Feb/2026:19:25:50 +0100] "GET /?l=84446265719603 HTTP/1.1" 200 192282 "-" "Mozilla/5.0 (Linux; Android 6.0.1; Nexus 5X Build/MMB29P) AppleWebKit/537.36 (KHTML, like Gecko) Chrome/144.0.7559.132 Mobile Safari/537.36 (compatible; Googlebot/2.1; +http://www.google.com/bot.html)"
85.208.96.209 - - [25/Feb/2026:19:25:52 +0100] "GET /5120557011.htm HTTP/1.1" 404 87047 "-" "Mozilla/5.0 (compatible; SemrushBot/7~bl; +http://www.semrush.com/bot.html)"
85.208.96.193 - - [25/Feb/2026:19:26:12 +0100] "GET /5120521221.htm HTTP/1.1" 404 87047 "-" "Mozilla/5.0 (compatible; SemrushBot/7~bl; +http://www.semrush.com/bot.html)"
23.88.19.39 - - [25/Feb/2026:19:26:27 +0100] "POST /wp-cron.php?doing_wp_cron=1772043987.1528239250183105468750 HTTP/1.1" 404 87047 "-" "WordPress/6.9.1; https://alfouzantransport.com"
85.208.96.198 - - [25/Feb/2026:19:26:26 +0100] "GET /79865117500.htm HTTP/1.1" 404 87047 "-" "Mozilla/5.0 (compatible; SemrushBot/7~bl; +http://www.semrush.com/bot.html)"
66.249.72.7 - - [25/Feb/2026:19:26:37 +0100] "GET /?l=9121525551001 HTTP/1.1" 200 192282 "-" "Mozilla/5.0 (Linux; Android 6.0.1; Nexus 5X Build/MMB29P) AppleWebKit/537.36 (KHTML, like Gecko) Chrome/144.0.7559.132 Mobile Safari/537.36 (compatible; Googlebot/2.1; +http://www.google.com/bot.html)"
85.208.96.207 - - [25/Feb/2026:19:26:53 +0100] "GET /51205294271.htm HTTP/1.1" 404 87047 "-" "Mozilla/5.0 (compatible; SemrushBot/7~bl; +http://www.semrush.com/bot.html)"
85.208.96.204 - - [25/Feb/2026:19:27:00 +0100] "GET /79338285458.htm HTTP/1.1" 404 87047 "-" "Mozilla/5.0 (compatible; SemrushBot/7~bl; +http://www.semrush.com/bot.html)"
66.249.72.7 - - [25/Feb/2026:19:27:23 +0100] "GET /?l=80976280623002 HTTP/1.1" 200 192282 "-" "Mozilla/5.0 (Linux; Android 6.0.1; Nexus 5X Build/MMB29P) AppleWebKit/537.36 (KHTML, like Gecko) Chrome/144.0.7559.132 Mobile Safari/537.36 (compatible; Googlebot/2.1; +http://www.google.com/bot.html)"
23.88.19.39 - - [25/Feb/2026:19:27:42 +0100] "POST /wp-cron.php?doing_wp_cron=1772044062.3522109985351562500000 HTTP/1.1" 404 87047 "-" "WordPress/6.9.1; https://alfouzantransport.com"
185.191.171.13 - - [25/Feb/2026:19:27:42 +0100] "GET /80239221064.htm HTTP/1.1" 404 87047 "-" "Mozilla/5.0 (compatible; SemrushBot/7~bl; +http://www.semrush.com/bot.html)"
85.208.96.205 - - [25/Feb/2026:19:27:49 +0100] "GET /512059353.htm HTTP/1.1" 404 87047 "-" "Mozilla/5.0 (compatible; SemrushBot/7~bl; +http://www.semrush.com/bot.html)"
185.191.171.10 - - [25/Feb/2026:19:28:05 +0100] "GET /25330189085.htm HTTP/1.1" 404 87047 "-" "Mozilla/5.0 (compatible; SemrushBot/7~bl; +http://www.semrush.com/bot.html)"
66.249.77.38 - - [25/Feb/2026:19:28:10 +0100] "GET /robots.txt HTTP/1.1" 301 - "-" "Mozilla/5.0 (compatible; Googlebot/2.1; +http://www.google.com/bot.html)"
66.249.77.36 - - [25/Feb/2026:19:28:10 +0100] "GET /?l=30780214955104 HTTP/1.1" 301 - "-" "Mozilla/5.0 (Linux; Android 6.0.1; Nexus 5X Build/MMB29P) AppleWebKit/537.36 (KHTML, like Gecko) Chrome/144.0.7559.132 Mobile Safari/537.36 (compatible; Googlebot/2.1; +http://www.google.com/bot.html)"
66.249.72.5 - - [25/Feb/2026:19:28:11 +0100] "GET /?l=30780214955104 HTTP/1.1" 200 192282 "-" "Mozilla/5.0 (Linux; Android 6.0.1; Nexus 5X Build/MMB29P) AppleWebKit/537.36 (KHTML, like Gecko) Chrome/144.0.7559.132 Mobile Safari/537.36 (compatible; Googlebot/2.1; +http://www.google.com/bot.html)"
185.191.171.18 - - [25/Feb/2026:19:28:12 +0100] "GET /581309331.htm HTTP/1.1" 404 87047 "-" "Mozilla/5.0 (compatible; SemrushBot/7~bl; +http://www.semrush.com/bot.html)"
85.208.96.195 - - [25/Feb/2026:19:28:14 +0100] "GET /7986591377.htm HTTP/1.1" 404 87047 "-" "Mozilla/5.0 (compatible; SemrushBot/7~bl; +http://www.semrush.com/bot.html)"
85.208.96.203 - - [25/Feb/2026:19:28:26 +0100] "GET /5120526709.htm HTTP/1.1" 404 87047 "-" "Mozilla/5.0 (compatible; SemrushBot/7~bl; +http://www.semrush.com/bot.html)"
85.208.96.200 - - [25/Feb/2026:19:28:29 +0100] "GET /3655842966.htm HTTP/1.1" 404 87047 "-" "Mozilla/5.0 (compatible; SemrushBot/7~bl; +http://www.semrush.com/bot.html)"
85.208.96.204 - - [25/Feb/2026:19:28:31 +0100] "GET /80239100243.htm HTTP/1.1" 404 87047 "-" "Mozilla/5.0 (compatible; SemrushBot/7~bl; +http://www.semrush.com/bot.html)"
52.167.144.204 - - [25/Feb/2026:19:28:33 +0100] "GET /?l=86874198641103 HTTP/2.0" 200 192282 "-" "Mozilla/5.0 AppleWebKit/537.36 (KHTML, like Gecko; compatible; bingbot/2.0; +http://www.bing.com/bingbot.htm) Chrome/116.0.1938.76 Safari/537.36"
85.208.96.209 - - [25/Feb/2026:19:28:33 +0100] "GET /80239266189.htm HTTP/1.1" 404 87047 "-" "Mozilla/5.0 (compatible; SemrushBot/7~bl; +http://www.semrush.com/bot.html)"
23.88.19.39 - - [25/Feb/2026:19:28:42 +0100] "POST /wp-cron.php?doing_wp_cron=1772044122.7295210361480712890625 HTTP/1.1" 404 87047 "-" "WordPress/6.9.1; https://alfouzantransport.com"
207.46.13.86 - - [25/Feb/2026:19:28:42 +0100] "GET /?l=09118143126402 HTTP/2.0" 301 - "-" "Mozilla/5.0 AppleWebKit/537.36 (KHTML, like Gecko; compatible; bingbot/2.0; +http://www.bing.com/bingbot.htm) Chrome/116.0.1938.76 Safari/537.36"
85.208.96.206 - - [25/Feb/2026:19:28:55 +0100] "GET /51205149164.htm HTTP/1.1" 404 87047 "-" "Mozilla/5.0 (compatible; SemrushBot/7~bl; +http://www.semrush.com/bot.html)"
40.77.167.13 - - [25/Feb/2026:19:28:58 +0100] "GET /?l=32874127531600 HTTP/2.0" 301 - "-" "Mozilla/5.0 AppleWebKit/537.36 (KHTML, like Gecko; compatible; bingbot/2.0; +http://www.bing.com/bingbot.htm) Chrome/116.0.1938.76 Safari/537.36"
85.208.96.200 - - [25/Feb/2026:19:29:13 +0100] "GET /80239100856.htm HTTP/1.1" 404 87047 "-" "Mozilla/5.0 (compatible; SemrushBot/7~bl; +http://www.semrush.com/bot.html)"
18.217.178.223 - - [25/Feb/2026:19:29:14 +0100] "GET / HTTP/1.1" 200 192282 "-" "Mozilla/5.0 (Windows NT 10.0; Win64; x64) AppleWebKit/537.36 (KHTML, like Gecko) Chrome/80.0.3987.149 Safari/537.36"
185.191.171.8 - - [25/Feb/2026:19:29:15 +0100] "GET /11865155499.htm HTTP/1.1" 404 87047 "-" "Mozilla/5.0 (compatible; SemrushBot/7~bl; +http://www.semrush.com/bot.html)"
18.217.178.223 - - [25/Feb/2026:19:29:16 +0100] "GET //wp-includes/wlwmanifest.xml HTTP/1.1" 301 - "-" "Mozilla/5.0 (Windows NT 10.0; Win64; x64) AppleWebKit/537.36 (KHTML, like Gecko) Chrome/80.0.3987.149 Safari/537.36"
18.217.178.223 - - [25/Feb/2026:19:29:17 +0100] "GET //xmlrpc.php?rsd HTTP/1.1" 301 - "-" "Mozilla/5.0 (Windows NT 10.0; Win64; x64) AppleWebKit/537.36 (KHTML, like Gecko) Chrome/80.0.3987.149 Safari/537.36"
18.217.178.223 - - [25/Feb/2026:19:29:17 +0100] "GET / HTTP/1.1" 200 192282 "-" "Mozilla/5.0 (Windows NT 10.0; Win64; x64) AppleWebKit/537.36 (KHTML, like Gecko) Chrome/80.0.3987.149 Safari/537.36"
66.249.77.38 - - [25/Feb/2026:19:29:19 +0100] "GET /?l=00032110089202 HTTP/1.1" 301 - "-" "Mozilla/5.0 (Linux; Android 6.0.1; Nexus 5X Build/MMB29P) AppleWebKit/537.36 (KHTML, like Gecko) Chrome/144.0.7559.132 Mobile Safari/537.36 (compatible; Googlebot/2.1; +http://www.google.com/bot.html)"
66.249.72.7 - - [25/Feb/2026:19:29:20 +0100] "GET /?l=00032110089202 HTTP/1.1" 200 192282 "-" "Mozilla/5.0 (Linux; Android 6.0.1; Nexus 5X Build/MMB29P) AppleWebKit/537.36 (KHTML, like Gecko) Chrome/144.0.7559.132 Mobile Safari/537.36 (compatible; Googlebot/2.1; +http://www.google.com/bot.html)"
18.217.178.223 - - [25/Feb/2026:19:29:20 +0100] "GET //?author=1 HTTP/1.1" 301 - "-" "Mozilla/5.0 (Windows NT 10.0; Win64; x64) AppleWebKit/537.36 (KHTML, like Gecko) Chrome/80.0.3987.149 Safari/537.36"
18.217.178.223 - - [25/Feb/2026:19:29:21 +0100] "GET //?author=2 HTTP/1.1" 301 - "-" "Mozilla/5.0 (Windows NT 10.0; Win64; x64) AppleWebKit/537.36 (KHTML, like Gecko) Chrome/80.0.3987.149 Safari/537.36"
18.217.178.223 - - [25/Feb/2026:19:29:21 +0100] "GET //wp-json/wp/v2/users/ HTTP/1.1" 200 760 "-" "Mozilla/5.0 (Windows NT 10.0; Win64; x64) AppleWebKit/537.36 (KHTML, like Gecko) Chrome/80.0.3987.149 Safari/537.36"
18.217.178.223 - - [25/Feb/2026:19:29:22 +0100] "POST //xmlrpc.php HTTP/1.1" 301 - "-" "Mozilla/5.0 (Windows NT 10.0; Win64; x64) AppleWebKit/537.36 (KHTML, like Gecko) Chrome/80.0.3987.149 Safari/537.36"
85.208.96.208 - - [25/Feb/2026:19:29:29 +0100] "GET /80239323204.htm HTTP/1.1" 404 87047 "-" "Mozilla/5.0 (compatible; SemrushBot/7~bl; +http://www.semrush.com/bot.html)"
85.208.96.195 - - [25/Feb/2026:19:29:32 +0100] "GET /5120531574.htm HTTP/1.1" 404 87047 "-" "Mozilla/5.0 (compatible; SemrushBot/7~bl; +http://www.semrush.com/bot.html)"
52.167.144.156 - - [25/Feb/2026:19:29:33 +0100] "GET /?l=76267291315400 HTTP/2.0" 301 - "-" "Mozilla/5.0 AppleWebKit/537.36 (KHTML, like Gecko; compatible; bingbot/2.0; +http://www.bing.com/bingbot.htm) Chrome/116.0.1938.76 Safari/537.36"
52.167.144.156 - - [25/Feb/2026:19:29:33 +0100] "GET /?l=18995214068801 HTTP/2.0" 301 - "-" "Mozilla/5.0 AppleWebKit/537.36 (KHTML, like Gecko; compatible; bingbot/2.0; +http://www.bing.com/bingbot.htm) Chrome/116.0.1938.76 Safari/537.36"
23.88.19.39 - - [25/Feb/2026:19:29:56 +0100] "POST /wp-cron.php?doing_wp_cron=1772044196.1062660217285156250000 HTTP/1.1" 404 87047 "-" "WordPress/6.9.1; https://alfouzantransport.com"
85.208.96.208 - - [25/Feb/2026:19:29:55 +0100] "GET /365585239.htm HTTP/1.1" 404 87047 "-" "Mozilla/5.0 (compatible; SemrushBot/7~bl; +http://www.semrush.com/bot.html)"
185.191.171.9 - - [25/Feb/2026:19:29:58 +0100] "GET /51205280651.htm HTTP/1.1" 404 87047 "-" "Mozilla/5.0 (compatible; SemrushBot/7~bl; +http://www.semrush.com/bot.html)"
66.249.77.36 - - [25/Feb/2026:19:30:03 +0100] "GET /products/mac-lipstick/6730423/ HTTP/1.1" 301 - "-" "Mozilla/5.0 (Linux; Android 6.0.1; Nexus 5X Build/MMB29P) AppleWebKit/537.36 (KHTML, like Gecko) Chrome/144.0.7559.132 Mobile Safari/537.36 (compatible; Googlebot/2.1; +http://www.google.com/bot.html)"
66.249.72.5 - - [25/Feb/2026:19:30:03 +0100] "GET /products/mac-lipstick/6730423/ HTTP/1.1" 404 91446 "-" "Mozilla/5.0 (Linux; Android 6.0.1; Nexus 5X Build/MMB29P) AppleWebKit/537.36 (KHTML, like Gecko) Chrome/144.0.7559.132 Mobile Safari/537.36 (compatible; Googlebot/2.1; +http://www.google.com/bot.html)"
66.249.72.5 - - [25/Feb/2026:19:30:05 +0100] "GET /?l=4708136585204 HTTP/1.1" 200 192282 "-" "Mozilla/5.0 (Linux; Android 6.0.1; Nexus 5X Build/MMB29P) AppleWebKit/537.36 (KHTML, like Gecko) Chrome/144.0.7559.132 Mobile Safari/537.36 (compatible; Googlebot/2.1; +http://www.google.com/bot.html)"
85.208.96.205 - - [25/Feb/2026:19:30:12 +0100] "GET /581301757.htm HTTP/1.1" 404 87047 "-" "Mozilla/5.0 (compatible; SemrushBot/7~bl; +http://www.semrush.com/bot.html)"
66.249.72.5 - - [25/Feb/2026:19:30:31 +0100] "GET /?l=52046275556604 HTTP/1.1" 200 192282 "-" "Mozilla/5.0 (Linux; Android 6.0.1; Nexus 5X Build/MMB29P) AppleWebKit/537.36 (KHTML, like Gecko) Chrome/144.0.7559.132 Mobile Safari/537.36 (compatible; Googlebot/2.1; +http://www.google.com/bot.html)"
185.191.171.1 - - [25/Feb/2026:19:30:31 +0100] "GET /88900238906.htm HTTP/1.1" 404 87047 "-" "Mozilla/5.0 (compatible; SemrushBot/7~bl; +http://www.semrush.com/bot.html)"
66.249.72.5 - - [25/Feb/2026:19:30:52 +0100] "GET /?l=14013167019901 HTTP/1.1" 200 192282 "-" "Mozilla/5.0 (Linux; Android 6.0.1; Nexus 5X Build/MMB29P) AppleWebKit/537.36 (KHTML, like Gecko) Chrome/144.0.7559.132 Mobile Safari/537.36 (compatible; Googlebot/2.1; +http://www.google.com/bot.html)"
85.208.96.209 - - [25/Feb/2026:19:30:54 +0100] "GET /79865119677.htm HTTP/1.1" 404 87047 "-" "Mozilla/5.0 (compatible; SemrushBot/7~bl; +http://www.semrush.com/bot.html)"
23.88.19.39 - - [25/Feb/2026:19:30:56 +0100] "POST /wp-cron.php?doing_wp_cron=1772044256.9809501171112060546875 HTTP/1.1" 404 87047 "-" "WordPress/6.9.1; https://alfouzantransport.com"
185.191.171.17 - - [25/Feb/2026:19:30:56 +0100] "GET /8023921299.htm HTTP/1.1" 404 87047 "-" "Mozilla/5.0 (compatible; SemrushBot/7~bl; +http://www.semrush.com/bot.html)"
52.167.144.190 - - [25/Feb/2026:19:31:27 +0100] "GET /?l=29291135234400 HTTP/2.0" 200 192282 "-" "Mozilla/5.0 AppleWebKit/537.36 (KHTML, like Gecko; compatible; bingbot/2.0; +http://www.bing.com/bingbot.htm) Chrome/116.0.1938.76 Safari/537.36"
52.167.144.156 - - [25/Feb/2026:19:31:34 +0100] "GET /?l=09942136079005 HTTP/2.0" 301 - "-" "Mozilla/5.0 AppleWebKit/537.36 (KHTML, like Gecko; compatible; bingbot/2.0; +http://www.bing.com/bingbot.htm) Chrome/116.0.1938.76 Safari/537.36"
66.249.72.5 - - [25/Feb/2026:19:31:38 +0100] "GET /?l=99828205196103 HTTP/1.1" 200 192282 "-" "Mozilla/5.0 (Linux; Android 6.0.1; Nexus 5X Build/MMB29P) AppleWebKit/537.36 (KHTML, like Gecko) Chrome/144.0.7559.132 Mobile Safari/537.36 (compatible; Googlebot/2.1; +http://www.google.com/bot.html)"
52.167.144.156 - - [25/Feb/2026:19:31:43 +0100] "GET /?l=4730941093601 HTTP/2.0" 301 - "-" "Mozilla/5.0 AppleWebKit/537.36 (KHTML, like Gecko; compatible; bingbot/2.0; +http://www.bing.com/bingbot.htm) Chrome/116.0.1938.76 Safari/537.36"
185.191.171.1 - - [25/Feb/2026:19:31:47 +0100] "GET /7933866393.htm HTTP/1.1" 404 87047 "-" "Mozilla/5.0 (compatible; SemrushBot/7~bl; +http://www.semrush.com/bot.html)"
85.208.96.200 - - [25/Feb/2026:19:31:50 +0100] "GET /51205102901.htm HTTP/1.1" 404 87047 "-" "Mozilla/5.0 (compatible; SemrushBot/7~bl; +http://www.semrush.com/bot.html)"
23.88.19.39 - - [25/Feb/2026:19:31:59 +0100] "POST /wp-cron.php?doing_wp_cron=1772044319.3319859504699707031250 HTTP/1.1" 404 87047 "-" "WordPress/6.9.1; https://alfouzantransport.com"
40.77.167.13 - - [25/Feb/2026:19:31:59 +0100] "GET /?l=71238271854401 HTTP/2.0" 301 - "-" "Mozilla/5.0 AppleWebKit/537.36 (KHTML, like Gecko; compatible; bingbot/2.0; +http://www.bing.com/bingbot.htm) Chrome/116.0.1938.76 Safari/537.36"
52.167.144.204 - - [25/Feb/2026:19:32:14 +0100] "GET /?l=10404237260703 HTTP/2.0" 200 192282 "-" "Mozilla/5.0 AppleWebKit/537.36 (KHTML, like Gecko; compatible; bingbot/2.0; +http://www.bing.com/bingbot.htm) Chrome/116.0.1938.76 Safari/537.36"
85.208.96.203 - - [25/Feb/2026:19:32:18 +0100] "GET /51205280881.htm HTTP/1.1" 404 87047 "-" "Mozilla/5.0 (compatible; SemrushBot/7~bl; +http://www.semrush.com/bot.html)"
66.249.72.5 - - [25/Feb/2026:19:32:21 +0100] "GET /?l=91503135006704 HTTP/1.1" 200 192282 "-" "Mozilla/5.0 (Linux; Android 6.0.1; Nexus 5X Build/MMB29P) AppleWebKit/537.36 (KHTML, like Gecko) Chrome/144.0.7559.132 Mobile Safari/537.36 (compatible; Googlebot/2.1; +http://www.google.com/bot.html)"
185.191.171.1 - - [25/Feb/2026:19:32:26 +0100] "GET /51205104327.htm HTTP/1.1" 404 87047 "-" "Mozilla/5.0 (compatible; SemrushBot/7~bl; +http://www.semrush.com/bot.html)"
85.208.96.210 - - [25/Feb/2026:19:32:30 +0100] "GET /51205288059.htm HTTP/1.1" 404 87047 "-" "Mozilla/5.0 (compatible; SemrushBot/7~bl; +http://www.semrush.com/bot.html)"
85.208.96.193 - - [25/Feb/2026:19:32:32 +0100] "GET /7933860312.htm HTTP/1.1" 404 87047 "-" "Mozilla/5.0 (compatible; SemrushBot/7~bl; +http://www.semrush.com/bot.html)"
85.208.96.208 - - [25/Feb/2026:19:32:38 +0100] "GET /79865124562.htm HTTP/1.1" 404 87047 "-" "Mozilla/5.0 (compatible; SemrushBot/7~bl; +http://www.semrush.com/bot.html)"
207.46.13.86 - - [25/Feb/2026:19:32:42 +0100] "GET /?l=47885267988804 HTTP/2.0" 301 - "-" "Mozilla/5.0 AppleWebKit/537.36 (KHTML, like Gecko; compatible; bingbot/2.0; +http://www.bing.com/bingbot.htm) Chrome/116.0.1938.76 Safari/537.36"
185.191.171.2 - - [25/Feb/2026:19:32:44 +0100] "GET /7933840770.htm HTTP/1.1" 404 87047 "-" "Mozilla/5.0 (compatible; SemrushBot/7~bl; +http://www.semrush.com/bot.html)"
40.77.167.27 - - [25/Feb/2026:19:32:48 +0100] "GET /?l=7960397989800 HTTP/2.0" 200 192282 "-" "Mozilla/5.0 AppleWebKit/537.36 (KHTML, like Gecko; compatible; bingbot/2.0; +http://www.bing.com/bingbot.htm) Chrome/116.0.1938.76 Safari/537.36"
52.167.144.204 - - [25/Feb/2026:19:32:53 +0100] "GET /?l=92177151186203 HTTP/2.0" 200 192282 "-" "Mozilla/5.0 AppleWebKit/537.36 (KHTML, like Gecko; compatible; bingbot/2.0; +http://www.bing.com/bingbot.htm) Chrome/116.0.1938.76 Safari/537.36"
85.208.96.205 - - [25/Feb/2026:19:32:54 +0100] "GET /5120525378.htm HTTP/1.1" 404 87047 "-" "Mozilla/5.0 (compatible; SemrushBot/7~bl; +http://www.semrush.com/bot.html)"
23.88.19.39 - - [25/Feb/2026:19:33:04 +0100] "POST /wp-cron.php?doing_wp_cron=1772044384.2312591075897216796875 HTTP/1.1" 404 87047 "-" "WordPress/6.9.1; https://alfouzantransport.com"
66.249.77.36 - - [25/Feb/2026:19:33:03 +0100] "GET /?l=2136124086402 HTTP/1.1" 301 - "-" "Mozilla/5.0 (Linux; Android 6.0.1; Nexus 5X Build/MMB29P) AppleWebKit/537.36 (KHTML, like Gecko) Chrome/144.0.7559.132 Mobile Safari/537.36 (compatible; Googlebot/2.1; +http://www.google.com/bot.html)"
66.249.72.7 - - [25/Feb/2026:19:33:04 +0100] "GET /?l=2136124086402 HTTP/1.1" 200 192282 "-" "Mozilla/5.0 (Linux; Android 6.0.1; Nexus 5X Build/MMB29P) AppleWebKit/537.36 (KHTML, like Gecko) Chrome/144.0.7559.132 Mobile Safari/537.36 (compatible; Googlebot/2.1; +http://www.google.com/bot.html)"
85.208.96.194 - - [25/Feb/2026:19:33:05 +0100] "GET /5120543935.htm HTTP/1.1" 404 87047 "-" "Mozilla/5.0 (compatible; SemrushBot/7~bl; +http://www.semrush.com/bot.html)"
217.113.194.236 - - [25/Feb/2026:19:33:15 +0100] "GET /robots.txt HTTP/1.1" 200 122 "-" "Mozilla/5.0 (compatible; Barkrowler/0.9; +https://babbar.tech/crawler)"
66.249.77.36 - - [25/Feb/2026:19:33:15 +0100] "GET /?l=0896068043601 HTTP/1.1" 301 - "-" "Mozilla/5.0 (Linux; Android 6.0.1; Nexus 5X Build/MMB29P) AppleWebKit/537.36 (KHTML, like Gecko) Chrome/144.0.7559.132 Mobile Safari/537.36 (compatible; Googlebot/2.1; +http://www.google.com/bot.html)"
85.208.96.195 - - [25/Feb/2026:19:33:16 +0100] "GET /80239227613.htm HTTP/1.1" 404 87047 "-" "Mozilla/5.0 (compatible; SemrushBot/7~bl; +http://www.semrush.com/bot.html)"
66.249.72.6 - - [25/Feb/2026:19:33:16 +0100] "GET /?l=0896068043601 HTTP/1.1" 200 192282 "-" "Mozilla/5.0 (Linux; Android 6.0.1; Nexus 5X Build/MMB29P) AppleWebKit/537.36 (KHTML, like Gecko) Chrome/144.0.7559.132 Mobile Safari/537.36 (compatible; Googlebot/2.1; +http://www.google.com/bot.html)"
217.113.194.179 - - [25/Feb/2026:19:33:27 +0100] "GET /blog/ HTTP/1.1" 200 122724 "-" "Mozilla/5.0 (compatible; Barkrowler/0.9; +https://babbar.tech/crawler)"
185.191.171.8 - - [25/Feb/2026:19:33:30 +0100] "GET /80239265106.htm HTTP/1.1" 404 87047 "-" "Mozilla/5.0 (compatible; SemrushBot/7~bl; +http://www.semrush.com/bot.html)"
85.208.96.201 - - [25/Feb/2026:19:33:32 +0100] "GET /8023918079.htm HTTP/1.1" 404 87047 "-" "Mozilla/5.0 (compatible; SemrushBot/7~bl; +http://www.semrush.com/bot.html)"
154.54.249.212 - - [25/Feb/2026:19:33:40 +0100] "GET /service/ HTTP/1.1" 200 120044 "-" "Mozilla/5.0 (compatible; Barkrowler/0.9; +https://babbar.tech/crawler)"
52.167.144.156 - - [25/Feb/2026:19:33:43 +0100] "GET /?l=35987244575200 HTTP/2.0" 301 - "-" "Mozilla/5.0 AppleWebKit/537.36 (KHTML, like Gecko; compatible; bingbot/2.0; +http://www.bing.com/bingbot.htm) Chrome/116.0.1938.76 Safari/537.36"
85.208.96.195 - - [25/Feb/2026:19:33:44 +0100] "GET /88900205978.htm HTTP/1.1" 404 87047 "-" "Mozilla/5.0 (compatible; SemrushBot/7~bl; +http://www.semrush.com/bot.html)"
52.167.144.204 - - [25/Feb/2026:19:33:44 +0100] "GET /?l=35987244575200 HTTP/2.0" 200 192282 "-" "Mozilla/5.0 AppleWebKit/537.36 (KHTML, like Gecko; compatible; bingbot/2.0; +http://www.bing.com/bingbot.htm) Chrome/116.0.1938.76 Safari/537.36"
52.167.144.204 - - [25/Feb/2026:19:33:45 +0100] "GET /?l=06785286433407 HTTP/2.0" 200 192282 "-" "Mozilla/5.0 AppleWebKit/537.36 (KHTML, like Gecko; compatible; bingbot/2.0; +http://www.bing.com/bingbot.htm) Chrome/116.0.1938.76 Safari/537.36"
217.113.194.174 - - [25/Feb/2026:19:33:52 +0100] "GET /faqs/ HTTP/1.1" 200 120039 "-" "Mozilla/5.0 (compatible; Barkrowler/0.9; +https://babbar.tech/crawler)"
85.208.96.210 - - [25/Feb/2026:19:33:58 +0100] "GET /51205207910.htm HTTP/1.1" 404 87047 "-" "Mozilla/5.0 (compatible; SemrushBot/7~bl; +http://www.semrush.com/bot.html)"
23.88.19.39 - - [25/Feb/2026:19:34:04 +0100] "POST /wp-cron.php?doing_wp_cron=1772044444.6771941184997558593750 HTTP/1.1" 404 87047 "-" "WordPress/6.9.1; https://alfouzantransport.com"
185.191.171.4 - - [25/Feb/2026:19:34:04 +0100] "GET /25330111320.htm HTTP/1.1" 404 87047 "-" "Mozilla/5.0 (compatible; SemrushBot/7~bl; +http://www.semrush.com/bot.html)"
217.113.194.175 - - [25/Feb/2026:19:34:05 +0100] "GET /blogs/ HTTP/1.1" 200 120042 "-" "Mozilla/5.0 (compatible; Barkrowler/0.9; +https://babbar.tech/crawler)"
185.191.171.10 - - [25/Feb/2026:19:34:16 +0100] "GET /51205195245.htm HTTP/1.1" 404 87047 "-" "Mozilla/5.0 (compatible; SemrushBot/7~bl; +http://www.semrush.com/bot.html)"
217.113.194.236 - - [25/Feb/2026:19:34:17 +0100] "GET /blog-1/ HTTP/1.1" 200 136751 "-" "Mozilla/5.0 (compatible; Barkrowler/0.9; +https://babbar.tech/crawler)"
66.249.77.38 - - [25/Feb/2026:19:34:21 +0100] "GET /?l=619203359400 HTTP/1.1" 301 - "-" "Mozilla/5.0 (Linux; Android 6.0.1; Nexus 5X Build/MMB29P) AppleWebKit/537.36 (KHTML, like Gecko) Chrome/144.0.7559.132 Mobile Safari/537.36 (compatible; Googlebot/2.1; +http://www.google.com/bot.html)"
66.249.72.7 - - [25/Feb/2026:19:34:21 +0100] "GET /?l=619203359400 HTTP/1.1" 200 192282 "-" "Mozilla/5.0 (Linux; Android 6.0.1; Nexus 5X Build/MMB29P) AppleWebKit/537.36 (KHTML, like Gecko) Chrome/144.0.7559.132 Mobile Safari/537.36 (compatible; Googlebot/2.1; +http://www.google.com/bot.html)"
217.113.194.178 - - [25/Feb/2026:19:34:30 +0100] "GET /blog/page/3/ HTTP/1.1" 200 120896 "-" "Mozilla/5.0 (compatible; Barkrowler/0.9; +https://babbar.tech/crawler)"
217.113.194.174 - - [25/Feb/2026:19:34:42 +0100] "GET /category/uncategorized/ HTTP/1.1" 200 145303 "-" "Mozilla/5.0 (compatible; Barkrowler/0.9; +https://babbar.tech/crawler)"
85.208.96.208 - - [25/Feb/2026:19:34:49 +0100] "GET /11865224341.htm HTTP/1.1" 404 87047 "-" "Mozilla/5.0 (compatible; SemrushBot/7~bl; +http://www.semrush.com/bot.html)"
188.166.210.138 - - [25/Feb/2026:19:34:50 +0100] "GET /wp-login.php HTTP/2.0" 200 12273 "-" "Mozilla/5.0 (Windows NT 10.0; Win64; x64) AppleWebKit/537.36"
188.166.210.138 - - [25/Feb/2026:19:34:51 +0100] "POST /wp-login.php HTTP/2.0" 200 12671 "-" "Mozilla/5.0 (Windows NT 10.0; Win64; x64) AppleWebKit/537.36"
188.166.210.138 - - [25/Feb/2026:19:34:51 +0100] "GET /wp-admin/ HTTP/2.0" 302 - "-" "Go-http-client/2.0"
188.166.210.138 - - [25/Feb/2026:19:34:52 +0100] "GET /wp-login.php?redirect_to=https%3A%2F%2Falfouzantransport.com%2Fwp-admin%2F&reauth=1 HTTP/2.0" 200 12273 "https://alfouzantransport.com/wp-admin/" "Go-http-client/2.0"
217.113.194.178 - - [25/Feb/2026:19:34:55 +0100] "GET /excavators-3/ HTTP/1.1" 200 137352 "-" "Mozilla/5.0 (compatible; Barkrowler/0.9; +https://babbar.tech/crawler)"
52.167.144.182 - - [25/Feb/2026:19:34:55 +0100] "GET /?l=30813192466203 HTTP/2.0" 200 192282 "-" "Mozilla/5.0 AppleWebKit/537.36 (KHTML, like Gecko; compatible; bingbot/2.0; +http://www.bing.com/bingbot.htm) Chrome/116.0.1938.76 Safari/537.36"
85.208.96.193 - - [25/Feb/2026:19:34:57 +0100] "GET /79865342628.htm HTTP/1.1" 404 87047 "-" "Mozilla/5.0 (compatible; SemrushBot/7~bl; +http://www.semrush.com/bot.html)"
157.55.39.9 - - [25/Feb/2026:19:35:03 +0100] "GET /?l=70439242506000 HTTP/2.0" 301 - "-" "Mozilla/5.0 AppleWebKit/537.36 (KHTML, like Gecko; compatible; bingbot/2.0; +http://www.bing.com/bingbot.htm) Chrome/116.0.1938.76 Safari/537.36"
23.88.19.39 - - [25/Feb/2026:19:35:07 +0100] "POST /wp-cron.php?doing_wp_cron=1772044507.7946600914001464843750 HTTP/1.1" 404 87047 "-" "WordPress/6.9.1; https://alfouzantransport.com"
66.249.77.36 - - [25/Feb/2026:19:35:07 +0100] "GET /?l=09484263425801 HTTP/1.1" 301 - "-" "Mozilla/5.0 (Linux; Android 6.0.1; Nexus 5X Build/MMB29P) AppleWebKit/537.36 (KHTML, like Gecko) Chrome/144.0.7559.132 Mobile Safari/537.36 (compatible; Googlebot/2.1; +http://www.google.com/bot.html)"
217.113.194.179 - - [25/Feb/2026:19:35:08 +0100] "GET /2023/06/ HTTP/1.1" 200 126845 "-" "Mozilla/5.0 (compatible; Barkrowler/0.9; +https://babbar.tech/crawler)"
66.249.72.6 - - [25/Feb/2026:19:35:08 +0100] "GET /?l=09484263425801 HTTP/1.1" 200 192282 "-" "Mozilla/5.0 (Linux; Android 6.0.1; Nexus 5X Build/MMB29P) AppleWebKit/537.36 (KHTML, like Gecko) Chrome/144.0.7559.132 Mobile Safari/537.36 (compatible; Googlebot/2.1; +http://www.google.com/bot.html)"
217.113.194.173 - - [25/Feb/2026:19:35:20 +0100] "GET /2025/11/ HTTP/1.1" 200 144906 "-" "Mozilla/5.0 (compatible; Barkrowler/0.9; +https://babbar.tech/crawler)"
157.55.39.9 - - [25/Feb/2026:19:35:23 +0100] "GET /?l=8978049330200 HTTP/2.0" 301 - "-" "Mozilla/5.0 AppleWebKit/537.36 (KHTML, like Gecko; compatible; bingbot/2.0; +http://www.bing.com/bingbot.htm) Chrome/116.0.1938.76 Safari/537.36"
157.55.39.9 - - [25/Feb/2026:19:35:23 +0100] "GET /?l=1546823964000 HTTP/2.0" 301 - "-" "Mozilla/5.0 AppleWebKit/537.36 (KHTML, like Gecko; compatible; bingbot/2.0; +http://www.bing.com/bingbot.htm) Chrome/116.0.1938.76 Safari/537.36"
157.55.39.9 - - [25/Feb/2026:19:35:25 +0100] "GET /?l=11957270120802 HTTP/2.0" 301 - "-" "Mozilla/5.0 AppleWebKit/537.36 (KHTML, like Gecko; compatible; bingbot/2.0; +http://www.bing.com/bingbot.htm) Chrome/116.0.1938.76 Safari/537.36"
40.77.167.42 - - [25/Feb/2026:19:35:30 +0100] "GET /?l=8871065940801 HTTP/2.0" 301 - "-" "Mozilla/5.0 AppleWebKit/537.36 (KHTML, like Gecko; compatible; bingbot/2.0; +http://www.bing.com/bingbot.htm) Chrome/116.0.1938.76 Safari/537.36"
40.77.167.42 - - [25/Feb/2026:19:35:30 +0100] "GET /?l=92218106119600 HTTP/2.0" 301 - "-" "Mozilla/5.0 AppleWebKit/537.36 (KHTML, like Gecko; compatible; bingbot/2.0; +http://www.bing.com/bingbot.htm) Chrome/116.0.1938.76 Safari/537.36"
40.77.167.42 - - [25/Feb/2026:19:35:31 +0100] "GET /?l=07760285771201 HTTP/2.0" 301 - "-" "Mozilla/5.0 AppleWebKit/537.36 (KHTML, like Gecko; compatible; bingbot/2.0; +http://www.bing.com/bingbot.htm) Chrome/116.0.1938.76 Safari/537.36"
185.191.171.4 - - [25/Feb/2026:19:35:32 +0100] "GET /7986519983.htm HTTP/1.1" 404 87047 "-" "Mozilla/5.0 (compatible; SemrushBot/7~bl; +http://www.semrush.com/bot.html)"
217.113.194.178 - - [25/Feb/2026:19:35:33 +0100] "GET /pressure-machine/ HTTP/1.1" 200 137371 "-" "Mozilla/5.0 (compatible; Barkrowler/0.9; +https://babbar.tech/crawler)"
85.208.96.212 - - [25/Feb/2026:19:35:35 +0100] "GET /889007642.htm HTTP/1.1" 404 87047 "-" "Mozilla/5.0 (compatible; SemrushBot/7~bl; +http://www.semrush.com/bot.html)"
40.77.167.27 - - [25/Feb/2026:19:35:41 +0100] "GET /?l=0003670786202 HTTP/2.0" 200 192282 "-" "Mozilla/5.0 AppleWebKit/537.36 (KHTML, like Gecko; compatible; bingbot/2.0; +http://www.bing.com/bingbot.htm) Chrome/116.0.1938.76 Safari/537.36"
85.208.96.197 - - [25/Feb/2026:19:35:45 +0100] "GET /80239220807.htm HTTP/1.1" 404 87047 "-" "Mozilla/5.0 (compatible; SemrushBot/7~bl; +http://www.semrush.com/bot.html)"
217.113.194.173 - - [25/Feb/2026:19:35:45 +0100] "GET /heavy-loaders-2/ HTTP/1.1" 200 137377 "-" "Mozilla/5.0 (compatible; Barkrowler/0.9; +https://babbar.tech/crawler)"
207.46.13.156 - - [25/Feb/2026:19:35:46 +0100] "GET /?l=881044929305 HTTP/2.0" 200 192282 "-" "Mozilla/5.0 AppleWebKit/537.36 (KHTML, like Gecko; compatible; bingbot/2.0; +http://www.bing.com/bingbot.htm) Chrome/116.0.1938.76 Safari/537.36"
66.249.72.5 - - [25/Feb/2026:19:35:53 +0100] "GET /?l=92987168924000 HTTP/1.1" 200 192282 "-" "Mozilla/5.0 (Linux; Android 6.0.1; Nexus 5X Build/MMB29P) AppleWebKit/537.36 (KHTML, like Gecko) Chrome/144.0.7559.132 Mobile Safari/537.36 (compatible; Googlebot/2.1; +http://www.google.com/bot.html)"
52.167.144.182 - - [25/Feb/2026:19:35:57 +0100] "GET /?l=79108271827902 HTTP/2.0" 200 192282 "-" "Mozilla/5.0 AppleWebKit/537.36 (KHTML, like Gecko; compatible; bingbot/2.0; +http://www.bing.com/bingbot.htm) Chrome/116.0.1938.76 Safari/537.36"
217.113.194.177 - - [25/Feb/2026:19:35:58 +0100] "GET /pressure-machine-2/ HTTP/1.1" 200 137391 "-" "Mozilla/5.0 (compatible; Barkrowler/0.9; +https://babbar.tech/crawler)"
52.167.144.16 - - [25/Feb/2026:19:35:59 +0100] "GET /?l=00072176826404 HTTP/2.0" 301 - "-" "Mozilla/5.0 AppleWebKit/537.36 (KHTML, like Gecko; compatible; bingbot/2.0; +http://www.bing.com/bingbot.htm) Chrome/116.0.1938.76 Safari/537.36"
52.167.144.16 - - [25/Feb/2026:19:35:59 +0100] "GET /?l=58642257445401 HTTP/2.0" 301 - "-" "Mozilla/5.0 AppleWebKit/537.36 (KHTML, like Gecko; compatible; bingbot/2.0; +http://www.bing.com/bingbot.htm) Chrome/116.0.1938.76 Safari/537.36"
40.77.167.27 - - [25/Feb/2026:19:36:01 +0100] "GET /?l=0529991897403 HTTP/2.0" 200 192282 "-" "Mozilla/5.0 AppleWebKit/537.36 (KHTML, like Gecko; compatible; bingbot/2.0; +http://www.bing.com/bingbot.htm) Chrome/116.0.1938.76 Safari/537.36"
23.88.19.39 - - [25/Feb/2026:19:36:11 +0100] "POST /wp-cron.php?doing_wp_cron=1772044571.7319281101226806640625 HTTP/1.1" 404 87047 "-" "WordPress/6.9.1; https://alfouzantransport.com"
217.113.194.237 - - [25/Feb/2026:19:36:11 +0100] "GET /category/uncategorized/page/5/ HTTP/1.1" 200 132945 "-" "Mozilla/5.0 (compatible; Barkrowler/0.9; +https://babbar.tech/crawler)"
85.208.96.207 - - [25/Feb/2026:19:36:20 +0100] "GET /8890096515.htm HTTP/1.1" 404 87047 "-" "Mozilla/5.0 (compatible; SemrushBot/7~bl; +http://www.semrush.com/bot.html)"
217.113.194.179 - - [25/Feb/2026:19:36:24 +0100] "GET /category/uncategorized/page/2/ HTTP/1.1" 200 145626 "-" "Mozilla/5.0 (compatible; Barkrowler/0.9; +https://babbar.tech/crawler)"
157.55.39.9 - - [25/Feb/2026:19:36:24 +0100] "GET /?l=87723107758401 HTTP/2.0" 301 - "-" "Mozilla/5.0 AppleWebKit/537.36 (KHTML, like Gecko; compatible; bingbot/2.0; +http://www.bing.com/bingbot.htm) Chrome/116.0.1938.76 Safari/537.36"
157.55.39.9 - - [25/Feb/2026:19:36:25 +0100] "GET /?l=7901965765202 HTTP/2.0" 301 - "-" "Mozilla/5.0 AppleWebKit/537.36 (KHTML, like Gecko; compatible; bingbot/2.0; +http://www.bing.com/bingbot.htm) Chrome/116.0.1938.76 Safari/537.36"
85.208.96.197 - - [25/Feb/2026:19:36:32 +0100] "GET /80239298011.htm HTTP/1.1" 404 87047 "-" "Mozilla/5.0 (compatible; SemrushBot/7~bl; +http://www.semrush.com/bot.html)"
85.208.96.206 - - [25/Feb/2026:19:36:34 +0100] "GET /80239206744.htm HTTP/1.1" 404 87047 "-" "Mozilla/5.0 (compatible; SemrushBot/7~bl; +http://www.semrush.com/bot.html)"
217.113.194.181 - - [25/Feb/2026:19:36:36 +0100] "GET /bulldozer-2/ HTTP/1.1" 200 137339 "-" "Mozilla/5.0 (compatible; Barkrowler/0.9; +https://babbar.tech/crawler)"
185.191.171.5 - - [25/Feb/2026:19:36:39 +0100] "GET /5813096436.htm HTTP/1.1" 404 87047 "-" "Mozilla/5.0 (compatible; SemrushBot/7~bl; +http://www.semrush.com/bot.html)"
66.249.77.36 - - [25/Feb/2026:19:36:40 +0100] "GET /?l=21638253457000 HTTP/1.1" 301 - "-" "Mozilla/5.0 (Linux; Android 6.0.1; Nexus 5X Build/MMB29P) AppleWebKit/537.36 (KHTML, like Gecko) Chrome/144.0.7559.132 Mobile Safari/537.36 (compatible; Googlebot/2.1; +http://www.google.com/bot.html)"
66.249.72.5 - - [25/Feb/2026:19:36:40 +0100] "GET /?l=21638253457000 HTTP/1.1" 200 192282 "-" "Mozilla/5.0 (Linux; Android 6.0.1; Nexus 5X Build/MMB29P) AppleWebKit/537.36 (KHTML, like Gecko) Chrome/144.0.7559.132 Mobile Safari/537.36 (compatible; Googlebot/2.1; +http://www.google.com/bot.html)"
85.208.96.205 - - [25/Feb/2026:19:36:42 +0100] "GET /80239217243.htm HTTP/1.1" 404 87047 "-" "Mozilla/5.0 (compatible; SemrushBot/7~bl; +http://www.semrush.com/bot.html)"
185.191.171.12 - - [25/Feb/2026:19:36:45 +0100] "GET /5120516220.htm HTTP/1.1" 404 87047 "-" "Mozilla/5.0 (compatible; SemrushBot/7~bl; +http://www.semrush.com/bot.html)"
217.113.194.236 - - [25/Feb/2026:19:36:49 +0100] "GET /vavada-casino/ HTTP/1.1" 200 146961 "-" "Mozilla/5.0 (compatible; Barkrowler/0.9; +https://babbar.tech/crawler)"
85.208.96.208 - - [25/Feb/2026:19:36:52 +0100] "GET /51205210554.htm HTTP/1.1" 404 87047 "-" "Mozilla/5.0 (compatible; SemrushBot/7~bl; +http://www.semrush.com/bot.html)"
185.191.171.1 - - [25/Feb/2026:19:36:55 +0100] "GET /51205149716.htm HTTP/1.1" 404 87047 "-" "Mozilla/5.0 (compatible; SemrushBot/7~bl; +http://www.semrush.com/bot.html)"
52.167.144.182 - - [25/Feb/2026:19:36:59 +0100] "GET /?l=7902969398100 HTTP/2.0" 200 192282 "-" "Mozilla/5.0 AppleWebKit/537.36 (KHTML, like Gecko; compatible; bingbot/2.0; +http://www.bing.com/bingbot.htm) Chrome/116.0.1938.76 Safari/537.36"
217.113.194.236 - - [25/Feb/2026:19:37:01 +0100] "GET /2025/11/page/5/ HTTP/1.1" 200 131025 "-" "Mozilla/5.0 (compatible; Barkrowler/0.9; +https://babbar.tech/crawler)"
40.77.167.27 - - [25/Feb/2026:19:37:03 +0100] "GET /?l=11098146476807 HTTP/2.0" 200 192282 "-" "Mozilla/5.0 AppleWebKit/537.36 (KHTML, like Gecko; compatible; bingbot/2.0; +http://www.bing.com/bingbot.htm) Chrome/116.0.1938.76 Safari/537.36"
23.88.19.39 - - [25/Feb/2026:19:37:14 +0100] "POST /wp-cron.php?doing_wp_cron=1772044634.7506959438323974609375 HTTP/1.1" 404 87047 "-" "WordPress/6.9.1; https://alfouzantransport.com"
217.113.194.181 - - [25/Feb/2026:19:37:14 +0100] "GET /2025/11/page/2/ HTTP/1.1" 200 145135 "-" "Mozilla/5.0 (compatible; Barkrowler/0.9; +https://babbar.tech/crawler)"
66.249.72.6 - - [25/Feb/2026:19:37:18 +0100] "GET /?l=20223150829200 HTTP/1.1" 200 192282 "-" "Mozilla/5.0 (Linux; Android 6.0.1; Nexus 5X Build/MMB29P) AppleWebKit/537.36 (KHTML, like Gecko) Chrome/144.0.7559.132 Mobile Safari/537.36 (compatible; Googlebot/2.1; +http://www.google.com/bot.html)"
40.77.167.42 - - [25/Feb/2026:19:37:20 +0100] "GET /?l=87551146831801 HTTP/2.0" 301 - "-" "Mozilla/5.0 AppleWebKit/537.36 (KHTML, like Gecko; compatible; bingbot/2.0; +http://www.bing.com/bingbot.htm) Chrome/116.0.1938.76 Safari/537.36"
40.77.167.42 - - [25/Feb/2026:19:37:22 +0100] "GET /?l=1753812372802 HTTP/2.0" 301 - "-" "Mozilla/5.0 AppleWebKit/537.36 (KHTML, like Gecko; compatible; bingbot/2.0; +http://www.bing.com/bingbot.htm) Chrome/116.0.1938.76 Safari/537.36"
52.167.144.16 - - [25/Feb/2026:19:37:26 +0100] "GET /?l=0054442621405 HTTP/2.0" 301 - "-" "Mozilla/5.0 AppleWebKit/537.36 (KHTML, like Gecko; compatible; bingbot/2.0; +http://www.bing.com/bingbot.htm) Chrome/116.0.1938.76 Safari/537.36"
217.113.194.178 - - [25/Feb/2026:19:37:27 +0100] "GET /2025/11/page/3/ HTTP/1.1" 200 143545 "-" "Mozilla/5.0 (compatible; Barkrowler/0.9; +https://babbar.tech/crawler)"
85.208.96.209 - - [25/Feb/2026:19:37:28 +0100] "GET /7986589081.htm HTTP/1.1" 404 87047 "-" "Mozilla/5.0 (compatible; SemrushBot/7~bl; +http://www.semrush.com/bot.html)"
52.167.144.182 - - [25/Feb/2026:19:37:32 +0100] "GET /?l=10199117873000 HTTP/2.0" 200 192282 "-" "Mozilla/5.0 AppleWebKit/537.36 (KHTML, like Gecko; compatible; bingbot/2.0; +http://www.bing.com/bingbot.htm) Chrome/116.0.1938.76 Safari/537.36"
85.208.96.194 - - [25/Feb/2026:19:37:35 +0100] "GET /11865163455.htm HTTP/1.1" 404 87047 "-" "Mozilla/5.0 (compatible; SemrushBot/7~bl; +http://www.semrush.com/bot.html)"
185.191.171.12 - - [25/Feb/2026:19:37:39 +0100] "GET /7986594659.htm HTTP/1.1" 404 87047 "-" "Mozilla/5.0 (compatible; SemrushBot/7~bl; +http://www.semrush.com/bot.html)"
217.113.194.178 - - [25/Feb/2026:19:37:41 +0100] "GET /safety-lounge-standards-2/ HTTP/1.1" 200 139260 "-" "Mozilla/5.0 (compatible; Barkrowler/0.9; +https://babbar.tech/crawler)"
66.249.77.37 - - [25/Feb/2026:19:37:49 +0100] "GET /?l=5220266740605 HTTP/1.1" 301 - "-" "Mozilla/5.0 (Linux; Android 6.0.1; Nexus 5X Build/MMB29P) AppleWebKit/537.36 (KHTML, like Gecko) Chrome/144.0.7559.132 Mobile Safari/537.36 (compatible; Googlebot/2.1; +http://www.google.com/bot.html)"
66.249.72.6 - - [25/Feb/2026:19:37:50 +0100] "GET /?l=5220266740605 HTTP/1.1" 200 192282 "-" "Mozilla/5.0 (Linux; Android 6.0.1; Nexus 5X Build/MMB29P) AppleWebKit/537.36 (KHTML, like Gecko) Chrome/144.0.7559.132 Mobile Safari/537.36 (compatible; Googlebot/2.1; +http://www.google.com/bot.html)"
185.191.171.12 - - [25/Feb/2026:19:37:51 +0100] "GET /51205209216.htm HTTP/1.1" 404 87047 "-" "Mozilla/5.0 (compatible; SemrushBot/7~bl; +http://www.semrush.com/bot.html)"
217.113.194.174 - - [25/Feb/2026:19:37:55 +0100] "GET /safety-lounge-standards/ HTTP/1.1" 200 139258 "-" "Mozilla/5.0 (compatible; Barkrowler/0.9; +https://babbar.tech/crawler)"
185.191.171.18 - - [25/Feb/2026:19:37:59 +0100] "GET /365586689.htm HTTP/1.1" 404 87047 "-" "Mozilla/5.0 (compatible; SemrushBot/7~bl; +http://www.semrush.com/bot.html)"
85.208.96.194 - - [25/Feb/2026:19:38:04 +0100] "GET /11865155459.htm HTTP/1.1" 404 87047 "-" "Mozilla/5.0 (compatible; SemrushBot/7~bl; +http://www.semrush.com/bot.html)"
217.113.194.180 - - [25/Feb/2026:19:38:09 +0100] "GET /services/air-freight-2/ HTTP/1.1" 404 87047 "-" "Mozilla/5.0 (compatible; Barkrowler/0.9; +https://babbar.tech/crawler)"
23.88.19.39 - - [25/Feb/2026:19:38:15 +0100] "POST /wp-cron.php?doing_wp_cron=1772044695.6583271026611328125000 HTTP/1.1" 404 87047 "-" "WordPress/6.9.1; https://alfouzantransport.com"
52.167.144.182 - - [25/Feb/2026:19:38:15 +0100] "GET /?l=4071828259404 HTTP/2.0" 200 192282 "-" "Mozilla/5.0 AppleWebKit/537.36 (KHTML, like Gecko; compatible; bingbot/2.0; +http://www.bing.com/bingbot.htm) Chrome/116.0.1938.76 Safari/537.36"
154.54.249.212 - - [25/Feb/2026:19:38:22 +0100] "GET /services/road-freight-2/ HTTP/1.1" 404 87047 "-" "Mozilla/5.0 (compatible; Barkrowler/0.9; +https://babbar.tech/crawler)"
207.46.13.156 - - [25/Feb/2026:19:38:24 +0100] "GET /?l=39912102857103 HTTP/2.0" 200 192282 "-" "Mozilla/5.0 AppleWebKit/537.36 (KHTML, like Gecko; compatible; bingbot/2.0; +http://www.bing.com/bingbot.htm) Chrome/116.0.1938.76 Safari/537.36"
217.113.194.176 - - [25/Feb/2026:19:38:34 +0100] "GET /track-your-shipment-now/ HTTP/1.1" 200 137777 "-" "Mozilla/5.0 (compatible; Barkrowler/0.9; +https://babbar.tech/crawler)"
185.191.171.14 - - [25/Feb/2026:19:38:36 +0100] "GET /25330199286.htm HTTP/1.1" 404 87047 "-" "Mozilla/5.0 (compatible; SemrushBot/7~bl; +http://www.semrush.com/bot.html)"
66.249.72.5 - - [25/Feb/2026:19:38:37 +0100] "GET /?l=91539152839201 HTTP/1.1" 200 192282 "-" "Mozilla/5.0 (Linux; Android 6.0.1; Nexus 5X Build/MMB29P) AppleWebKit/537.36 (KHTML, like Gecko) Chrome/144.0.7559.132 Mobile Safari/537.36 (compatible; Googlebot/2.1; +http://www.google.com/bot.html)"
217.113.194.177 - - [25/Feb/2026:19:38:47 +0100] "GET /services/rail-freight-2/ HTTP/1.1" 404 87047 "-" "Mozilla/5.0 (compatible; Barkrowler/0.9; +https://babbar.tech/crawler)"
185.191.171.13 - - [25/Feb/2026:19:38:57 +0100] "GET /8023959728.htm HTTP/1.1" 404 87047 "-" "Mozilla/5.0 (compatible; SemrushBot/7~bl; +http://www.semrush.com/bot.html)"
217.113.194.172 - - [25/Feb/2026:19:38:59 +0100] "GET /cgi-sys/suspendedpage.cgi HTTP/1.1" 200 7766 "-" "Mozilla/5.0 (compatible; Barkrowler/0.9; +https://babbar.tech/crawler)"
185.191.171.12 - - [25/Feb/2026:19:39:08 +0100] "GET /51205290375.htm HTTP/1.1" 404 87047 "-" "Mozilla/5.0 (compatible; SemrushBot/7~bl; +http://www.semrush.com/bot.html)"
217.113.194.236 - - [25/Feb/2026:19:39:12 +0100] "GET /2025/11/01/safety-lounge-standards/ HTTP/1.1" 404 91446 "-" "Mozilla/5.0 (compatible; Barkrowler/0.9; +https://babbar.tech/crawler)"
23.88.19.39 - - [25/Feb/2026:19:39:23 +0100] "POST /wp-cron.php?doing_wp_cron=1772044763.6843259334564208984375 HTTP/1.1" 404 87047 "-" "WordPress/6.9.1; https://alfouzantransport.com"
185.191.171.9 - - [25/Feb/2026:19:39:23 +0100] "GET /79338280055.htm HTTP/1.1" 404 87047 "-" "Mozilla/5.0 (compatible; SemrushBot/7~bl; +http://www.semrush.com/bot.html)"
217.113.194.179 - - [25/Feb/2026:19:39:24 +0100] "GET /2025/11/01/free-complimentary-shipping/ HTTP/1.1" 404 91446 "-" "Mozilla/5.0 (compatible; Barkrowler/0.9; +https://babbar.tech/crawler)"
85.208.96.208 - - [25/Feb/2026:19:39:33 +0100] "GET /79865283475.htm HTTP/1.1" 404 87047 "-" "Mozilla/5.0 (compatible; SemrushBot/7~bl; +http://www.semrush.com/bot.html)"
85.208.96.193 - - [25/Feb/2026:19:39:45 +0100] "GET /8023963433.htm HTTP/1.1" 404 87047 "-" "Mozilla/5.0 (compatible; SemrushBot/7~bl; +http://www.semrush.com/bot.html)"
66.249.72.7 - - [25/Feb/2026:19:39:45 +0100] "GET /?l=11178134299203 HTTP/1.1" 200 192282 "-" "Mozilla/5.0 (Linux; Android 6.0.1; Nexus 5X Build/MMB29P) AppleWebKit/537.36 (KHTML, like Gecko) Chrome/144.0.7559.132 Mobile Safari/537.36 (compatible; Googlebot/2.1; +http://www.google.com/bot.html)"
40.77.167.42 - - [25/Feb/2026:19:40:08 +0100] "GET /?l=47167117572000 HTTP/2.0" 301 - "-" "Mozilla/5.0 AppleWebKit/537.36 (KHTML, like Gecko; compatible; bingbot/2.0; +http://www.bing.com/bingbot.htm) Chrome/116.0.1938.76 Safari/537.36"
66.249.72.7 - - [25/Feb/2026:19:40:09 +0100] "GET /?l=80009871315 HTTP/1.1" 200 192282 "-" "Mozilla/5.0 (Linux; Android 6.0.1; Nexus 5X Build/MMB29P) AppleWebKit/537.36 (KHTML, like Gecko) Chrome/144.0.7559.132 Mobile Safari/537.36 (compatible; Googlebot/2.1; +http://www.google.com/bot.html)"
40.77.167.42 - - [25/Feb/2026:19:40:09 +0100] "GET /?l=40773238816201 HTTP/2.0" 301 - "-" "Mozilla/5.0 AppleWebKit/537.36 (KHTML, like Gecko; compatible; bingbot/2.0; +http://www.bing.com/bingbot.htm) Chrome/116.0.1938.76 Safari/537.36"
216.73.216.35 - - [25/Feb/2026:19:40:12 +0100] "GET /robots.txt HTTP/2.0" 200 122 "-" "Mozilla/5.0 AppleWebKit/537.36 (KHTML, like Gecko; compatible; ClaudeBot/1.0; +claudebot@anthropic.com)"
216.73.216.35 - - [25/Feb/2026:19:40:13 +0100] "GET /wp-sitemap.xml HTTP/2.0" 200 567 "-" "Mozilla/5.0 AppleWebKit/537.36 (KHTML, like Gecko; compatible; ClaudeBot/1.0; +claudebot@anthropic.com)"
40.77.167.27 - - [25/Feb/2026:19:40:17 +0100] "GET /?l=72580238569303 HTTP/2.0" 200 192282 "-" "Mozilla/5.0 AppleWebKit/537.36 (KHTML, like Gecko; compatible; bingbot/2.0; +http://www.bing.com/bingbot.htm) Chrome/116.0.1938.76 Safari/537.36"
157.55.39.9 - - [25/Feb/2026:19:40:22 +0100] "GET /?l=95984171683401 HTTP/2.0" 301 - "-" "Mozilla/5.0 AppleWebKit/537.36 (KHTML, like Gecko; compatible; bingbot/2.0; +http://www.bing.com/bingbot.htm) Chrome/116.0.1938.76 Safari/537.36"
85.208.96.198 - - [25/Feb/2026:19:40:22 +0100] "GET /253303447.htm HTTP/1.1" 404 87047 "-" "Mozilla/5.0 (compatible; SemrushBot/7~bl; +http://www.semrush.com/bot.html)"
23.88.19.39 - - [25/Feb/2026:19:40:30 +0100] "POST /wp-cron.php?doing_wp_cron=1772044830.1736400127410888671875 HTTP/1.1" 404 87047 "-" "WordPress/6.9.1; https://alfouzantransport.com"
40.77.167.27 - - [25/Feb/2026:19:40:29 +0100] "GET /?l=16429210814203 HTTP/2.0" 200 192282 "-" "Mozilla/5.0 AppleWebKit/537.36 (KHTML, like Gecko; compatible; bingbot/2.0; +http://www.bing.com/bingbot.htm) Chrome/116.0.1938.76 Safari/537.36"
185.191.171.8 - - [25/Feb/2026:19:40:32 +0100] "GET /5120520721.htm HTTP/1.1" 404 87047 "-" "Mozilla/5.0 (compatible; SemrushBot/7~bl; +http://www.semrush.com/bot.html)"
207.46.13.156 - - [25/Feb/2026:19:40:34 +0100] "GET /?l=95984171683401 HTTP/2.0" 200 192282 "-" "Mozilla/5.0 AppleWebKit/537.36 (KHTML, like Gecko; compatible; bingbot/2.0; +http://www.bing.com/bingbot.htm) Chrome/116.0.1938.76 Safari/537.36"
85.208.96.199 - - [25/Feb/2026:19:40:35 +0100] "GET /80239263060.htm HTTP/1.1" 404 87047 "-" "Mozilla/5.0 (compatible; SemrushBot/7~bl; +http://www.semrush.com/bot.html)"
85.208.96.205 - - [25/Feb/2026:19:40:37 +0100] "GET /79865330937.htm HTTP/1.1" 404 87047 "-" "Mozilla/5.0 (compatible; SemrushBot/7~bl; +http://www.semrush.com/bot.html)"
85.208.96.208 - - [25/Feb/2026:19:40:40 +0100] "GET /7933881878.htm HTTP/1.1" 404 87047 "-" "Mozilla/5.0 (compatible; SemrushBot/7~bl; +http://www.semrush.com/bot.html)"
185.191.171.1 - - [25/Feb/2026:19:40:44 +0100] "GET /79865153797.htm HTTP/1.1" 404 87047 "-" "Mozilla/5.0 (compatible; SemrushBot/7~bl; +http://www.semrush.com/bot.html)"
52.167.144.182 - - [25/Feb/2026:19:40:45 +0100] "GET /?l=97120272731804 HTTP/2.0" 200 192282 "-" "Mozilla/5.0 AppleWebKit/537.36 (KHTML, like Gecko; compatible; bingbot/2.0; +http://www.bing.com/bingbot.htm) Chrome/116.0.1938.76 Safari/537.36"
185.191.171.17 - - [25/Feb/2026:19:40:55 +0100] "GET /51205203738.htm HTTP/1.1" 404 87047 "-" "Mozilla/5.0 (compatible; SemrushBot/7~bl; +http://www.semrush.com/bot.html)"
40.77.167.42 - - [25/Feb/2026:19:41:02 +0100] "GET /?l=1110270954603 HTTP/2.0" 301 - "-" "Mozilla/5.0 AppleWebKit/537.36 (KHTML, like Gecko; compatible; bingbot/2.0; +http://www.bing.com/bingbot.htm) Chrome/116.0.1938.76 Safari/537.36"
185.191.171.3 - - [25/Feb/2026:19:41:13 +0100] "GET /3655838065.htm HTTP/1.1" 404 87047 "-" "Mozilla/5.0 (compatible; SemrushBot/7~bl; +http://www.semrush.com/bot.html)"
66.249.72.6 - - [25/Feb/2026:19:41:18 +0100] "GET /?l=5032928053200 HTTP/1.1" 200 192282 "-" "Mozilla/5.0 (Linux; Android 6.0.1; Nexus 5X Build/MMB29P) AppleWebKit/537.36 (KHTML, like Gecko) Chrome/144.0.7559.132 Mobile Safari/537.36 (compatible; Googlebot/2.1; +http://www.google.com/bot.html)"
185.191.171.12 - - [25/Feb/2026:19:41:29 +0100] "GET /88900273299.htm HTTP/1.1" 404 87047 "-" "Mozilla/5.0 (compatible; SemrushBot/7~bl; +http://www.semrush.com/bot.html)"
23.88.19.39 - - [25/Feb/2026:19:41:33 +0100] "POST /wp-cron.php?doing_wp_cron=1772044893.7183589935302734375000 HTTP/1.1" 404 87047 "-" "WordPress/6.9.1; https://alfouzantransport.com"
157.55.39.55 - - [25/Feb/2026:19:41:33 +0100] "GET /?l=18819126880802 HTTP/2.0" 200 192282 "-" "Mozilla/5.0 AppleWebKit/537.36 (KHTML, like Gecko; compatible; bingbot/2.0; +http://www.bing.com/bingbot.htm) Chrome/116.0.1938.76 Safari/537.36"
85.208.96.208 - - [25/Feb/2026:19:41:36 +0100] "GET /51205116549.htm HTTP/1.1" 404 87047 "-" "Mozilla/5.0 (compatible; SemrushBot/7~bl; +http://www.semrush.com/bot.html)"
185.191.171.18 - - [25/Feb/2026:19:41:39 +0100] "GET /7986596769.htm HTTP/1.1" 404 87047 "-" "Mozilla/5.0 (compatible; SemrushBot/7~bl; +http://www.semrush.com/bot.html)"
40.77.167.27 - - [25/Feb/2026:19:41:51 +0100] "GET /?l=10025243012600 HTTP/2.0" 200 192282 "-" "Mozilla/5.0 AppleWebKit/537.36 (KHTML, like Gecko; compatible; bingbot/2.0; +http://www.bing.com/bingbot.htm) Chrome/116.0.1938.76 Safari/537.36"
