40.77.167.75 - - [25/Feb/2026:20:27:34 +0100] "GET /?l=29298132563404 HTTP/2.0" 200 192282 "-" "Mozilla/5.0 AppleWebKit/537.36 (KHTML, like Gecko; compatible; bingbot/2.0; +http://www.bing.com/bingbot.htm) Chrome/116.0.1938.76 Safari/537.36"
185.191.171.1 - - [25/Feb/2026:20:27:36 +0100] "GET /79338143293.htm HTTP/1.1" 404 87047 "-" "Mozilla/5.0 (compatible; SemrushBot/7~bl; +http://www.semrush.com/bot.html)"
40.77.167.243 - - [25/Feb/2026:20:27:43 +0100] "GET /?l=81973296759100 HTTP/2.0" 200 192282 "-" "Mozilla/5.0 AppleWebKit/537.36 (KHTML, like Gecko; compatible; bingbot/2.0; +http://www.bing.com/bingbot.htm) Chrome/116.0.1938.76 Safari/537.36"
23.88.19.39 - - [25/Feb/2026:20:27:50 +0100] "POST /wp-cron.php?doing_wp_cron=1772047670.2190449237823486328125 HTTP/1.1" 404 87047 "-" "WordPress/6.9.1; https://alfouzantransport.com"
185.191.171.11 - - [25/Feb/2026:20:27:49 +0100] "GET /80239296997.htm HTTP/1.1" 404 87047 "-" "Mozilla/5.0 (compatible; SemrushBot/7~bl; +http://www.semrush.com/bot.html)"
157.55.39.15 - - [25/Feb/2026:20:27:52 +0100] "GET /?l=4098439310803 HTTP/2.0" 301 - "-" "Mozilla/5.0 AppleWebKit/537.36 (KHTML, like Gecko; compatible; bingbot/2.0; +http://www.bing.com/bingbot.htm) Chrome/116.0.1938.76 Safari/537.36"
85.208.96.197 - - [25/Feb/2026:20:27:59 +0100] "GET /80239275222.htm HTTP/1.1" 404 87047 "-" "Mozilla/5.0 (compatible; SemrushBot/7~bl; +http://www.semrush.com/bot.html)"
40.77.167.254 - - [25/Feb/2026:20:28:01 +0100] "GET /?l=65992102149609 HTTP/2.0" 301 - "-" "Mozilla/5.0 AppleWebKit/537.36 (KHTML, like Gecko; compatible; bingbot/2.0; +http://www.bing.com/bingbot.htm) Chrome/116.0.1938.76 Safari/537.36"
40.77.167.136 - - [25/Feb/2026:20:28:12 +0100] "GET /?l=65992102149609 HTTP/2.0" 200 192282 "-" "Mozilla/5.0 AppleWebKit/537.36 (KHTML, like Gecko; compatible; bingbot/2.0; +http://www.bing.com/bingbot.htm) Chrome/116.0.1938.76 Safari/537.36"
40.77.167.136 - - [25/Feb/2026:20:28:13 +0100] "GET /?l=70197259938802 HTTP/2.0" 200 192282 "-" "Mozilla/5.0 AppleWebKit/537.36 (KHTML, like Gecko; compatible; bingbot/2.0; +http://www.bing.com/bingbot.htm) Chrome/116.0.1938.76 Safari/537.36"
104.28.204.81 - - [25/Feb/2026:20:28:20 +0100] "GET /wp-login.php HTTP/1.1" 200 12273 "https://alfouzantransport.com" "Mozilla/5.0 (Windows NT 6.1; Win64; x64) AppleWebKit/537.36 (KHTML, like Gecko) Chrome/79.0.3945.130 Safari/537.36"
104.28.204.81 - - [25/Feb/2026:20:28:23 +0100] "POST /wp-login.php HTTP/1.1" 302 - "https://alfouzantransport.com" "Mozilla/5.0 (Windows NT 6.1; Win64; x64) AppleWebKit/537.36 (KHTML, like Gecko) Chrome/79.0.3945.130 Safari/537.36"
104.28.204.81 - - [25/Feb/2026:20:28:25 +0100] "GET /wp-admin/ HTTP/1.1" 200 146315 "https://alfouzantransport.com" "Mozilla/5.0 (Windows NT 6.1; Win64; x64) AppleWebKit/537.36 (KHTML, like Gecko) Chrome/79.0.3945.130 Safari/537.36"
104.28.204.81 - - [25/Feb/2026:20:28:29 +0100] "GET /wp-admin/user-new.php HTTP/1.1" 200 122583 "https://alfouzantransport.com" "Mozilla/5.0 (Windows NT 6.1; Win64; x64) AppleWebKit/537.36 (KHTML, like Gecko) Chrome/79.0.3945.130 Safari/537.36"
185.191.171.11 - - [25/Feb/2026:20:28:35 +0100] "GET /79865311929.htm HTTP/1.1" 404 87047 "-" "Mozilla/5.0 (compatible; SemrushBot/7~bl; +http://www.semrush.com/bot.html)"
66.249.72.5 - - [25/Feb/2026:20:28:36 +0100] "GET /?l=7322570989601 HTTP/1.1" 200 192282 "-" "Mozilla/5.0 (Linux; Android 6.0.1; Nexus 5X Build/MMB29P) AppleWebKit/537.36 (KHTML, like Gecko) Chrome/144.0.7559.132 Mobile Safari/537.36 (compatible; Googlebot/2.1; +http://www.google.com/bot.html)"
104.28.204.81 - - [25/Feb/2026:20:28:36 +0100] "POST /wp-admin/user-new.php HTTP/1.1" 200 122831 "https://alfouzantransport.com" "Mozilla/5.0 (Windows NT 6.1; Win64; x64) AppleWebKit/537.36 (KHTML, like Gecko) Chrome/79.0.3945.130 Safari/537.36"
104.28.204.81 - - [25/Feb/2026:20:28:38 +0100] "GET /wp-admin/plugin-install.php?tab=upload HTTP/1.1" 200 120283 "https://alfouzantransport.com" "Mozilla/5.0 (Windows NT 6.1; Win64; x64) AppleWebKit/537.36 (KHTML, like Gecko) Chrome/79.0.3945.130 Safari/537.36"
104.28.204.81 - - [25/Feb/2026:20:28:39 +0100] "POST /wp-admin//update.php?action=upload-plugin HTTP/1.1" 200 114538 "https://alfouzantransport.com" "Mozilla/5.0 (Windows NT 6.1; Win64; x64) AppleWebKit/537.36 (KHTML, like Gecko) Chrome/79.0.3945.130 Safari/537.36"
104.28.204.81 - - [25/Feb/2026:20:28:41 +0100] "GET /wp-content/plugins/whaklzqpgi/up.php HTTP/1.1" 404 91446 "https://alfouzantransport.com" "Mozilla/5.0 (Windows NT 6.1; Win64; x64) AppleWebKit/537.36 (KHTML, like Gecko) Chrome/79.0.3945.130 Safari/537.36"
104.28.204.81 - - [25/Feb/2026:20:28:45 +0100] "GET /wp-admin/plugin-install.php?s=file-manager-advanced&tab=search&type=term HTTP/1.1" 200 222071 "https://alfouzantransport.com" "Mozilla/5.0 (Windows NT 6.1; Win64; x64) AppleWebKit/537.36 (KHTML, like Gecko) Chrome/79.0.3945.130 Safari/537.36"
23.88.19.39 - - [25/Feb/2026:20:28:53 +0100] "POST /wp-cron.php?doing_wp_cron=1772047733.0949189662933349609375 HTTP/1.1" 404 87047 "-" "WordPress/6.9.1; https://alfouzantransport.com"
185.191.171.2 - - [25/Feb/2026:20:28:52 +0100] "GET /79865330593.htm HTTP/1.1" 404 87047 "-" "Mozilla/5.0 (compatible; SemrushBot/7~bl; +http://www.semrush.com/bot.html)"
104.28.204.81 - - [25/Feb/2026:20:28:53 +0100] "POST /wp-admin//update.php?action=upload-plugin HTTP/1.1" 200 115667 "https://alfouzantransport.com" "Mozilla/5.0 (Windows NT 6.1; Win64; x64) AppleWebKit/537.36 (KHTML, like Gecko) Chrome/79.0.3945.130 Safari/537.36"
104.28.204.81 - - [25/Feb/2026:20:28:54 +0100] "GET /wp-content/plugins/whaklzqpgi/up.php HTTP/1.1" 404 91446 "https://alfouzantransport.com" "Mozilla/5.0 (Windows NT 6.1; Win64; x64) AppleWebKit/537.36 (KHTML, like Gecko) Chrome/79.0.3945.130 Safari/537.36"
104.28.204.81 - - [25/Feb/2026:20:29:03 +0100] "GET /wp-admin/plugin-install.php?s=file-manager-advanced&tab=search&type=term HTTP/1.1" 200 222071 "https://alfouzantransport.com" "Mozilla/5.0 (Windows NT 6.1; Win64; x64) AppleWebKit/537.36 (KHTML, like Gecko) Chrome/79.0.3945.130 Safari/537.36"
104.28.204.81 - - [25/Feb/2026:20:29:05 +0100] "POST /wp-admin//update.php?action=upload-plugin HTTP/1.1" 200 114540 "https://alfouzantransport.com" "Mozilla/5.0 (Windows NT 6.1; Win64; x64) AppleWebKit/537.36 (KHTML, like Gecko) Chrome/79.0.3945.130 Safari/537.36"
104.28.204.81 - - [25/Feb/2026:20:29:07 +0100] "GET /wp-content/plugins/whaklzqpgi/up.php HTTP/1.1" 404 91446 "https://alfouzantransport.com" "Mozilla/5.0 (Windows NT 6.1; Win64; x64) AppleWebKit/537.36 (KHTML, like Gecko) Chrome/79.0.3945.130 Safari/537.36"
104.28.204.81 - - [25/Feb/2026:20:29:09 +0100] "POST /wp-admin//update.php?action=upload-plugin HTTP/1.1" 500 2504 "https://alfouzantransport.com" "Mozilla/5.0 (Windows NT 6.1; Win64; x64) AppleWebKit/537.36 (KHTML, like Gecko) Chrome/79.0.3945.130 Safari/537.36"
185.191.171.4 - - [25/Feb/2026:20:29:15 +0100] "GET /79338271995.htm HTTP/1.1" 404 87047 "-" "Mozilla/5.0 (compatible; SemrushBot/7~bl; +http://www.semrush.com/bot.html)"
207.46.13.160 - - [25/Feb/2026:20:29:18 +0100] "GET /?l=0433644760205 HTTP/2.0" 301 - "-" "Mozilla/5.0 AppleWebKit/537.36 (KHTML, like Gecko; compatible; bingbot/2.0; +http://www.bing.com/bingbot.htm) Chrome/116.0.1938.76 Safari/537.36"
85.208.96.196 - - [25/Feb/2026:20:29:21 +0100] "GET /51205163484.htm HTTP/1.1" 404 87047 "-" "Mozilla/5.0 (compatible; SemrushBot/7~bl; +http://www.semrush.com/bot.html)"
85.208.96.207 - - [25/Feb/2026:20:29:27 +0100] "GET /11865185868.htm HTTP/1.1" 404 87047 "-" "Mozilla/5.0 (compatible; SemrushBot/7~bl; +http://www.semrush.com/bot.html)"
85.208.96.210 - - [25/Feb/2026:20:29:36 +0100] "GET /79865106632.htm HTTP/1.1" 404 87047 "-" "Mozilla/5.0 (compatible; SemrushBot/7~bl; +http://www.semrush.com/bot.html)"
207.46.13.160 - - [25/Feb/2026:20:29:39 +0100] "GET /?l=97913163418006 HTTP/2.0" 301 - "-" "Mozilla/5.0 AppleWebKit/537.36 (KHTML, like Gecko; compatible; bingbot/2.0; +http://www.bing.com/bingbot.htm) Chrome/116.0.1938.76 Safari/537.36"
40.77.167.243 - - [25/Feb/2026:20:29:42 +0100] "GET /?l=6638890455104 HTTP/2.0" 200 192282 "-" "Mozilla/5.0 AppleWebKit/537.36 (KHTML, like Gecko; compatible; bingbot/2.0; +http://www.bing.com/bingbot.htm) Chrome/116.0.1938.76 Safari/537.36"
85.208.96.201 - - [25/Feb/2026:20:29:44 +0100] "GET /7986511470.htm HTTP/1.1" 404 87047 "-" "Mozilla/5.0 (compatible; SemrushBot/7~bl; +http://www.semrush.com/bot.html)"
23.88.19.39 - - [25/Feb/2026:20:29:54 +0100] "POST /wp-cron.php?doing_wp_cron=1772047794.7135798931121826171875 HTTP/1.1" 404 87047 "-" "WordPress/6.9.1; https://alfouzantransport.com"
52.167.144.171 - - [25/Feb/2026:20:29:54 +0100] "GET /?l=65829215560802 HTTP/2.0" 301 - "-" "Mozilla/5.0 AppleWebKit/537.36 (KHTML, like Gecko; compatible; bingbot/2.0; +http://www.bing.com/bingbot.htm) Chrome/116.0.1938.76 Safari/537.36"
85.208.96.202 - - [25/Feb/2026:20:30:01 +0100] "GET /80239140908.htm HTTP/1.1" 404 87047 "-" "Mozilla/5.0 (compatible; SemrushBot/7~bl; +http://www.semrush.com/bot.html)"
85.208.96.207 - - [25/Feb/2026:20:30:04 +0100] "GET /7986574046.htm HTTP/1.1" 404 87047 "-" "Mozilla/5.0 (compatible; SemrushBot/7~bl; +http://www.semrush.com/bot.html)"
40.77.167.143 - - [25/Feb/2026:20:30:06 +0100] "GET /?l=23308142140600 HTTP/2.0" 301 - "-" "Mozilla/5.0 AppleWebKit/537.36 (KHTML, like Gecko; compatible; bingbot/2.0; +http://www.bing.com/bingbot.htm) Chrome/116.0.1938.76 Safari/537.36"
185.191.171.9 - - [25/Feb/2026:20:30:06 +0100] "GET /80239217758.htm HTTP/1.1" 404 87047 "-" "Mozilla/5.0 (compatible; SemrushBot/7~bl; +http://www.semrush.com/bot.html)"
40.77.167.143 - - [25/Feb/2026:20:30:07 +0100] "GET /?l=79272131390803 HTTP/2.0" 301 - "-" "Mozilla/5.0 AppleWebKit/537.36 (KHTML, like Gecko; compatible; bingbot/2.0; +http://www.bing.com/bingbot.htm) Chrome/116.0.1938.76 Safari/537.36"
85.208.96.201 - - [25/Feb/2026:20:30:09 +0100] "GET /51205202967.htm HTTP/1.1" 404 87047 "-" "Mozilla/5.0 (compatible; SemrushBot/7~bl; +http://www.semrush.com/bot.html)"
40.77.167.143 - - [25/Feb/2026:20:30:25 +0100] "GET /?l=35211238402400 HTTP/2.0" 301 - "-" "Mozilla/5.0 AppleWebKit/537.36 (KHTML, like Gecko; compatible; bingbot/2.0; +http://www.bing.com/bingbot.htm) Chrome/116.0.1938.76 Safari/537.36"
52.167.144.171 - - [25/Feb/2026:20:30:25 +0100] "GET /?l=4183784462401 HTTP/2.0" 301 - "-" "Mozilla/5.0 AppleWebKit/537.36 (KHTML, like Gecko; compatible; bingbot/2.0; +http://www.bing.com/bingbot.htm) Chrome/116.0.1938.76 Safari/537.36"
40.77.167.136 - - [25/Feb/2026:20:30:25 +0100] "GET /?l=03402141629403 HTTP/2.0" 200 192282 "-" "Mozilla/5.0 AppleWebKit/537.36 (KHTML, like Gecko; compatible; bingbot/2.0; +http://www.bing.com/bingbot.htm) Chrome/116.0.1938.76 Safari/537.36"
185.191.171.13 - - [25/Feb/2026:20:30:30 +0100] "GET /80239188369.htm HTTP/1.1" 404 87047 "-" "Mozilla/5.0 (compatible; SemrushBot/7~bl; +http://www.semrush.com/bot.html)"
40.77.167.143 - - [25/Feb/2026:20:30:35 +0100] "GET /?l=5056012164203 HTTP/2.0" 301 - "-" "Mozilla/5.0 AppleWebKit/537.36 (KHTML, like Gecko; compatible; bingbot/2.0; +http://www.bing.com/bingbot.htm) Chrome/116.0.1938.76 Safari/537.36"
40.77.167.136 - - [25/Feb/2026:20:30:35 +0100] "GET /?l=478594376001 HTTP/2.0" 200 192282 "-" "Mozilla/5.0 AppleWebKit/537.36 (KHTML, like Gecko; compatible; bingbot/2.0; +http://www.bing.com/bingbot.htm) Chrome/116.0.1938.76 Safari/537.36"
207.46.13.6 - - [25/Feb/2026:20:30:41 +0100] "GET /?l=2180167650604 HTTP/2.0" 200 192282 "-" "Mozilla/5.0 AppleWebKit/537.36 (KHTML, like Gecko; compatible; bingbot/2.0; +http://www.bing.com/bingbot.htm) Chrome/116.0.1938.76 Safari/537.36"
207.46.13.6 - - [25/Feb/2026:20:30:42 +0100] "GET /?l=74572268117204 HTTP/2.0" 200 192282 "-" "Mozilla/5.0 AppleWebKit/537.36 (KHTML, like Gecko; compatible; bingbot/2.0; +http://www.bing.com/bingbot.htm) Chrome/116.0.1938.76 Safari/537.36"
207.46.13.6 - - [25/Feb/2026:20:30:44 +0100] "GET /?l=9748767129100 HTTP/2.0" 200 192282 "-" "Mozilla/5.0 AppleWebKit/537.36 (KHTML, like Gecko; compatible; bingbot/2.0; +http://www.bing.com/bingbot.htm) Chrome/116.0.1938.76 Safari/537.36"
207.46.13.160 - - [25/Feb/2026:20:30:45 +0100] "GET /?l=8908456747801 HTTP/2.0" 301 - "-" "Mozilla/5.0 AppleWebKit/537.36 (KHTML, like Gecko; compatible; bingbot/2.0; +http://www.bing.com/bingbot.htm) Chrome/116.0.1938.76 Safari/537.36"
85.208.96.203 - - [25/Feb/2026:20:30:45 +0100] "GET /79865125808.htm HTTP/1.1" 404 87047 "-" "Mozilla/5.0 (compatible; SemrushBot/7~bl; +http://www.semrush.com/bot.html)"
185.191.171.13 - - [25/Feb/2026:20:30:52 +0100] "GET /5120542953.htm HTTP/1.1" 404 87047 "-" "Mozilla/5.0 (compatible; SemrushBot/7~bl; +http://www.semrush.com/bot.html)"
23.88.19.39 - - [25/Feb/2026:20:30:57 +0100] "POST /wp-cron.php?doing_wp_cron=1772047857.1164929866790771484375 HTTP/1.1" 404 87047 "-" "WordPress/6.9.1; https://alfouzantransport.com"
185.191.171.1 - - [25/Feb/2026:20:30:56 +0100] "GET /7933841651.htm HTTP/1.1" 404 87047 "-" "Mozilla/5.0 (compatible; SemrushBot/7~bl; +http://www.semrush.com/bot.html)"
85.208.96.195 - - [25/Feb/2026:20:31:05 +0100] "GET /79865118220.htm HTTP/1.1" 404 87047 "-" "Mozilla/5.0 (compatible; SemrushBot/7~bl; +http://www.semrush.com/bot.html)"
40.77.167.143 - - [25/Feb/2026:20:31:06 +0100] "GET /?l=60883106533001 HTTP/2.0" 301 - "-" "Mozilla/5.0 AppleWebKit/537.36 (KHTML, like Gecko; compatible; bingbot/2.0; +http://www.bing.com/bingbot.htm) Chrome/116.0.1938.76 Safari/537.36"
40.77.167.143 - - [25/Feb/2026:20:31:15 +0100] "GET /?l=20588135906018 HTTP/2.0" 301 - "-" "Mozilla/5.0 AppleWebKit/537.36 (KHTML, like Gecko; compatible; bingbot/2.0; +http://www.bing.com/bingbot.htm) Chrome/116.0.1938.76 Safari/537.36"
40.77.167.143 - - [25/Feb/2026:20:31:16 +0100] "GET /?l=9897794090601 HTTP/2.0" 301 - "-" "Mozilla/5.0 AppleWebKit/537.36 (KHTML, like Gecko; compatible; bingbot/2.0; +http://www.bing.com/bingbot.htm) Chrome/116.0.1938.76 Safari/537.36"
40.77.167.136 - - [25/Feb/2026:20:31:16 +0100] "GET /?l=08277149402704 HTTP/2.0" 200 192282 "-" "Mozilla/5.0 AppleWebKit/537.36 (KHTML, like Gecko; compatible; bingbot/2.0; +http://www.bing.com/bingbot.htm) Chrome/116.0.1938.76 Safari/537.36"
40.77.167.136 - - [25/Feb/2026:20:31:17 +0100] "GET /?l=58782135106810 HTTP/2.0" 200 192282 "-" "Mozilla/5.0 AppleWebKit/537.36 (KHTML, like Gecko; compatible; bingbot/2.0; +http://www.bing.com/bingbot.htm) Chrome/116.0.1938.76 Safari/537.36"
40.77.167.136 - - [25/Feb/2026:20:31:18 +0100] "GET /?l=94948222097204 HTTP/2.0" 200 192282 "-" "Mozilla/5.0 AppleWebKit/537.36 (KHTML, like Gecko; compatible; bingbot/2.0; +http://www.bing.com/bingbot.htm) Chrome/116.0.1938.76 Safari/537.36"
40.77.167.136 - - [25/Feb/2026:20:31:19 +0100] "GET /?l=1103870406100 HTTP/2.0" 200 192282 "-" "Mozilla/5.0 AppleWebKit/537.36 (KHTML, like Gecko; compatible; bingbot/2.0; +http://www.bing.com/bingbot.htm) Chrome/116.0.1938.76 Safari/537.36"
207.46.13.160 - - [25/Feb/2026:20:31:23 +0100] "GET /?l=892262689809 HTTP/2.0" 301 - "-" "Mozilla/5.0 AppleWebKit/537.36 (KHTML, like Gecko; compatible; bingbot/2.0; +http://www.bing.com/bingbot.htm) Chrome/116.0.1938.76 Safari/537.36"
207.46.13.160 - - [25/Feb/2026:20:31:24 +0100] "GET /?l=77587259934601 HTTP/2.0" 301 - "-" "Mozilla/5.0 AppleWebKit/537.36 (KHTML, like Gecko; compatible; bingbot/2.0; +http://www.bing.com/bingbot.htm) Chrome/116.0.1938.76 Safari/537.36"
85.208.96.202 - - [25/Feb/2026:20:31:30 +0100] "GET /7986589284.htm HTTP/1.1" 404 87047 "-" "Mozilla/5.0 (compatible; SemrushBot/7~bl; +http://www.semrush.com/bot.html)"
185.191.171.6 - - [25/Feb/2026:20:31:33 +0100] "GET /80239151196.htm HTTP/1.1" 404 87047 "-" "Mozilla/5.0 (compatible; SemrushBot/7~bl; +http://www.semrush.com/bot.html)"
40.77.167.136 - - [25/Feb/2026:20:31:36 +0100] "GET /?l=0516634956002 HTTP/2.0" 200 192282 "-" "Mozilla/5.0 AppleWebKit/537.36 (KHTML, like Gecko; compatible; bingbot/2.0; +http://www.bing.com/bingbot.htm) Chrome/116.0.1938.76 Safari/537.36"
207.46.13.160 - - [25/Feb/2026:20:31:41 +0100] "GET /?l=99722157059203 HTTP/2.0" 301 - "-" "Mozilla/5.0 AppleWebKit/537.36 (KHTML, like Gecko; compatible; bingbot/2.0; +http://www.bing.com/bingbot.htm) Chrome/116.0.1938.76 Safari/537.36"
40.77.167.243 - - [25/Feb/2026:20:31:43 +0100] "GET /?l=13142106710600 HTTP/2.0" 200 192282 "-" "Mozilla/5.0 AppleWebKit/537.36 (KHTML, like Gecko; compatible; bingbot/2.0; +http://www.bing.com/bingbot.htm) Chrome/116.0.1938.76 Safari/537.36"
40.77.167.243 - - [25/Feb/2026:20:31:44 +0100] "GET /?l=00880105455202 HTTP/2.0" 200 192282 "-" "Mozilla/5.0 AppleWebKit/537.36 (KHTML, like Gecko; compatible; bingbot/2.0; +http://www.bing.com/bingbot.htm) Chrome/116.0.1938.76 Safari/537.36"
104.28.204.81 - - [25/Feb/2026:20:31:47 +0100] "GET /wp-login.php HTTP/1.1" 200 12273 "https://alfouzantransport.com" "Mozilla/5.0 (Windows NT 10.0; Win64; x64; rv:79.0) Gecko/20100101 Firefox/79.0"
85.208.96.200 - - [25/Feb/2026:20:31:48 +0100] "GET /51205291059.htm HTTP/1.1" 404 87047 "-" "Mozilla/5.0 (compatible; SemrushBot/7~bl; +http://www.semrush.com/bot.html)"
207.46.13.6 - - [25/Feb/2026:20:31:50 +0100] "GET /?l=298251094405 HTTP/2.0" 200 192282 "-" "Mozilla/5.0 AppleWebKit/537.36 (KHTML, like Gecko; compatible; bingbot/2.0; +http://www.bing.com/bingbot.htm) Chrome/116.0.1938.76 Safari/537.36"
104.28.204.81 - - [25/Feb/2026:20:31:51 +0100] "POST /wp-login.php HTTP/1.1" 302 - "https://alfouzantransport.com" "Mozilla/5.0 (Windows NT 10.0; Win64; x64; rv:79.0) Gecko/20100101 Firefox/79.0"
104.28.204.81 - - [25/Feb/2026:20:31:56 +0100] "GET /wp-admin/ HTTP/1.1" 200 146443 "https://alfouzantransport.com" "Mozilla/5.0 (Windows NT 10.0; Win64; x64; rv:79.0) Gecko/20100101 Firefox/79.0"
23.88.19.39 - - [25/Feb/2026:20:32:00 +0100] "POST /wp-cron.php?doing_wp_cron=1772047920.9328060150146484375000 HTTP/1.1" 404 87047 "-" "WordPress/6.9.1; https://alfouzantransport.com"
52.167.144.171 - - [25/Feb/2026:20:32:00 +0100] "GET /?l=91400132675802 HTTP/2.0" 301 - "-" "Mozilla/5.0 AppleWebKit/537.36 (KHTML, like Gecko; compatible; bingbot/2.0; +http://www.bing.com/bingbot.htm) Chrome/116.0.1938.76 Safari/537.36"
85.208.96.208 - - [25/Feb/2026:20:32:01 +0100] "GET /7933881206.htm HTTP/1.1" 404 87047 "-" "Mozilla/5.0 (compatible; SemrushBot/7~bl; +http://www.semrush.com/bot.html)"
52.167.144.171 - - [25/Feb/2026:20:32:03 +0100] "GET /?l=89464293792408 HTTP/2.0" 301 - "-" "Mozilla/5.0 AppleWebKit/537.36 (KHTML, like Gecko; compatible; bingbot/2.0; +http://www.bing.com/bingbot.htm) Chrome/116.0.1938.76 Safari/537.36"
207.46.13.160 - - [25/Feb/2026:20:32:04 +0100] "GET /?l=77579288785402 HTTP/2.0" 301 - "-" "Mozilla/5.0 AppleWebKit/537.36 (KHTML, like Gecko; compatible; bingbot/2.0; +http://www.bing.com/bingbot.htm) Chrome/116.0.1938.76 Safari/537.36"
207.46.13.160 - - [25/Feb/2026:20:32:04 +0100] "GET /?l=19517284070602 HTTP/2.0" 301 - "-" "Mozilla/5.0 AppleWebKit/537.36 (KHTML, like Gecko; compatible; bingbot/2.0; +http://www.bing.com/bingbot.htm) Chrome/116.0.1938.76 Safari/537.36"
185.191.171.3 - - [25/Feb/2026:20:32:08 +0100] "GET /79338240627.htm HTTP/1.1" 404 87047 "-" "Mozilla/5.0 (compatible; SemrushBot/7~bl; +http://www.semrush.com/bot.html)"
104.28.204.81 - - [25/Feb/2026:20:32:14 +0100] "GET /wp-admin/user-new.php HTTP/1.1" 200 122715 "https://alfouzantransport.com" "Mozilla/5.0 (Windows NT 10.0; Win64; x64; rv:79.0) Gecko/20100101 Firefox/79.0"
104.28.204.81 - - [25/Feb/2026:20:32:22 +0100] "GET /wp-admin/plugin-install.php?tab=upload HTTP/1.1" 200 120411 "https://alfouzantransport.com" "Mozilla/5.0 (Windows NT 10.0; Win64; x64; rv:79.0) Gecko/20100101 Firefox/79.0"
104.28.204.81 - - [25/Feb/2026:20:32:38 +0100] "POST /wp-admin//update.php?action=upload-plugin HTTP/1.1" 200 114666 "https://alfouzantransport.com" "Mozilla/5.0 (Windows NT 10.0; Win64; x64; rv:79.0) Gecko/20100101 Firefox/79.0"
104.28.204.81 - - [25/Feb/2026:20:32:40 +0100] "GET /wp-content/plugins/yewyjvwwxo/up.php HTTP/1.1" 404 91446 "https://alfouzantransport.com" "Mozilla/5.0 (Windows NT 10.0; Win64; x64; rv:79.0) Gecko/20100101 Firefox/79.0"
40.77.167.243 - - [25/Feb/2026:20:32:42 +0100] "GET /?l=91146154951200 HTTP/2.0" 200 192282 "-" "Mozilla/5.0 AppleWebKit/537.36 (KHTML, like Gecko; compatible; bingbot/2.0; +http://www.bing.com/bingbot.htm) Chrome/116.0.1938.76 Safari/537.36"
104.28.204.82 - - [25/Feb/2026:20:32:47 +0100] "GET /wp-admin/plugin-install.php?s=file-manager-advanced&tab=search&type=term HTTP/1.1" 200 222199 "https://alfouzantransport.com" "Mozilla/5.0 (Windows NT 10.0; Win64; x64; rv:79.0) Gecko/20100101 Firefox/79.0"
185.191.171.18 - - [25/Feb/2026:20:32:57 +0100] "GET /79865339774.htm HTTP/1.1" 404 87047 "-" "Mozilla/5.0 (compatible; SemrushBot/7~bl; +http://www.semrush.com/bot.html)"
104.28.204.81 - - [25/Feb/2026:20:32:58 +0100] "POST /wp-admin//update.php?action=upload-plugin HTTP/1.1" 200 115795 "https://alfouzantransport.com" "Mozilla/5.0 (Windows NT 10.0; Win64; x64; rv:79.0) Gecko/20100101 Firefox/79.0"
23.88.19.39 - - [25/Feb/2026:20:33:01 +0100] "POST /wp-cron.php?doing_wp_cron=1772047981.2169919013977050781250 HTTP/1.1" 404 87047 "-" "WordPress/6.9.1; https://alfouzantransport.com"
207.46.13.160 - - [25/Feb/2026:20:33:00 +0100] "GET /?l=70629177314407 HTTP/2.0" 301 - "-" "Mozilla/5.0 AppleWebKit/537.36 (KHTML, like Gecko; compatible; bingbot/2.0; +http://www.bing.com/bingbot.htm) Chrome/116.0.1938.76 Safari/537.36"
207.46.13.160 - - [25/Feb/2026:20:33:02 +0100] "GET /?l=32800292281406 HTTP/2.0" 301 - "-" "Mozilla/5.0 AppleWebKit/537.36 (KHTML, like Gecko; compatible; bingbot/2.0; +http://www.bing.com/bingbot.htm) Chrome/116.0.1938.76 Safari/537.36"
85.208.96.206 - - [25/Feb/2026:20:33:02 +0100] "GET /80239317838.htm HTTP/1.1" 404 87047 "-" "Mozilla/5.0 (compatible; SemrushBot/7~bl; +http://www.semrush.com/bot.html)"
104.28.204.82 - - [25/Feb/2026:20:33:03 +0100] "GET /wp-content/plugins/yewyjvwwxo/up.php HTTP/1.1" 404 91446 "https://alfouzantransport.com" "Mozilla/5.0 (Windows NT 10.0; Win64; x64; rv:79.0) Gecko/20100101 Firefox/79.0"
104.28.204.81 - - [25/Feb/2026:20:33:06 +0100] "GET /wp-admin/plugin-install.php?s=file-manager-advanced&tab=search&type=term HTTP/1.1" 200 222199 "https://alfouzantransport.com" "Mozilla/5.0 (Windows NT 10.0; Win64; x64; rv:79.0) Gecko/20100101 Firefox/79.0"
207.46.13.160 - - [25/Feb/2026:20:33:10 +0100] "GET /?l=08253192849603 HTTP/2.0" 301 - "-" "Mozilla/5.0 AppleWebKit/537.36 (KHTML, like Gecko; compatible; bingbot/2.0; +http://www.bing.com/bingbot.htm) Chrome/116.0.1938.76 Safari/537.36"
52.167.144.182 - - [25/Feb/2026:20:33:16 +0100] "GET /?l=26745199716603 HTTP/2.0" 301 - "-" "Mozilla/5.0 AppleWebKit/537.36 (KHTML, like Gecko; compatible; bingbot/2.0; +http://www.bing.com/bingbot.htm) Chrome/116.0.1938.76 Safari/537.36"
185.191.171.17 - - [25/Feb/2026:20:33:18 +0100] "GET /51205207535.htm HTTP/1.1" 404 87047 "-" "Mozilla/5.0 (compatible; SemrushBot/7~bl; +http://www.semrush.com/bot.html)"
104.28.204.81 - - [25/Feb/2026:20:33:23 +0100] "POST /wp-admin//update.php?action=upload-plugin HTTP/1.1" 200 114668 "https://alfouzantransport.com" "Mozilla/5.0 (Windows NT 10.0; Win64; x64; rv:79.0) Gecko/20100101 Firefox/79.0"
40.77.167.143 - - [25/Feb/2026:20:33:25 +0100] "GET /?l=10995119755202 HTTP/2.0" 301 - "-" "Mozilla/5.0 AppleWebKit/537.36 (KHTML, like Gecko; compatible; bingbot/2.0; +http://www.bing.com/bingbot.htm) Chrome/116.0.1938.76 Safari/537.36"
40.77.167.143 - - [25/Feb/2026:20:33:26 +0100] "GET /?l=97152118990004 HTTP/2.0" 301 - "-" "Mozilla/5.0 AppleWebKit/537.36 (KHTML, like Gecko; compatible; bingbot/2.0; +http://www.bing.com/bingbot.htm) Chrome/116.0.1938.76 Safari/537.36"
104.28.204.81 - - [25/Feb/2026:20:33:29 +0100] "GET /wp-content/plugins/yewyjvwwxo/up.php HTTP/1.1" 404 91446 "https://alfouzantransport.com" "Mozilla/5.0 (Windows NT 10.0; Win64; x64; rv:79.0) Gecko/20100101 Firefox/79.0"
207.46.13.160 - - [25/Feb/2026:20:33:31 +0100] "GET /?l=91098290872404 HTTP/2.0" 301 - "-" "Mozilla/5.0 AppleWebKit/537.36 (KHTML, like Gecko; compatible; bingbot/2.0; +http://www.bing.com/bingbot.htm) Chrome/116.0.1938.76 Safari/537.36"
185.191.171.14 - - [25/Feb/2026:20:33:33 +0100] "GET /51205191961.htm HTTP/1.1" 404 87047 "-" "Mozilla/5.0 (compatible; SemrushBot/7~bl; +http://www.semrush.com/bot.html)"
104.28.204.81 - - [25/Feb/2026:20:33:39 +0100] "POST /wp-admin//update.php?action=upload-plugin HTTP/1.1" 500 2504 "https://alfouzantransport.com" "Mozilla/5.0 (Windows NT 10.0; Win64; x64; rv:79.0) Gecko/20100101 Firefox/79.0"
185.191.171.13 - - [25/Feb/2026:20:33:44 +0100] "GET /8023914894.htm HTTP/1.1" 404 87047 "-" "Mozilla/5.0 (compatible; SemrushBot/7~bl; +http://www.semrush.com/bot.html)"
185.191.171.14 - - [25/Feb/2026:20:33:47 +0100] "GET /51205229967.htm HTTP/1.1" 404 87047 "-" "Mozilla/5.0 (compatible; SemrushBot/7~bl; +http://www.semrush.com/bot.html)"
40.77.167.143 - - [25/Feb/2026:20:33:55 +0100] "GET /?l=60184191869600 HTTP/2.0" 301 - "-" "Mozilla/5.0 AppleWebKit/537.36 (KHTML, like Gecko; compatible; bingbot/2.0; +http://www.bing.com/bingbot.htm) Chrome/116.0.1938.76 Safari/537.36"
23.88.19.39 - - [25/Feb/2026:20:34:04 +0100] "POST /wp-cron.php?doing_wp_cron=1772048044.4198648929595947265625 HTTP/1.1" 404 87047 "-" "WordPress/6.9.1; https://alfouzantransport.com"
207.46.13.6 - - [25/Feb/2026:20:34:04 +0100] "GET /?l=9079819512600 HTTP/2.0" 200 192282 "-" "Mozilla/5.0 AppleWebKit/537.36 (KHTML, like Gecko; compatible; bingbot/2.0; +http://www.bing.com/bingbot.htm) Chrome/116.0.1938.76 Safari/537.36"
207.46.13.6 - - [25/Feb/2026:20:34:05 +0100] "GET /?l=61277217561802 HTTP/2.0" 200 192282 "-" "Mozilla/5.0 AppleWebKit/537.36 (KHTML, like Gecko; compatible; bingbot/2.0; +http://www.bing.com/bingbot.htm) Chrome/116.0.1938.76 Safari/537.36"
52.167.144.182 - - [25/Feb/2026:20:34:07 +0100] "GET /?l=31929207825001 HTTP/2.0" 301 - "-" "Mozilla/5.0 AppleWebKit/537.36 (KHTML, like Gecko; compatible; bingbot/2.0; +http://www.bing.com/bingbot.htm) Chrome/116.0.1938.76 Safari/537.36"
52.167.144.182 - - [25/Feb/2026:20:34:08 +0100] "GET /?l=39003244657800 HTTP/2.0" 301 - "-" "Mozilla/5.0 AppleWebKit/537.36 (KHTML, like Gecko; compatible; bingbot/2.0; +http://www.bing.com/bingbot.htm) Chrome/116.0.1938.76 Safari/537.36"
52.167.144.182 - - [25/Feb/2026:20:34:08 +0100] "GET /?l=71254237649802 HTTP/2.0" 301 - "-" "Mozilla/5.0 AppleWebKit/537.36 (KHTML, like Gecko; compatible; bingbot/2.0; +http://www.bing.com/bingbot.htm) Chrome/116.0.1938.76 Safari/537.36"
207.46.13.160 - - [25/Feb/2026:20:34:11 +0100] "GET /?l=94710300127204 HTTP/2.0" 301 - "-" "Mozilla/5.0 AppleWebKit/537.36 (KHTML, like Gecko; compatible; bingbot/2.0; +http://www.bing.com/bingbot.htm) Chrome/116.0.1938.76 Safari/537.36"
85.208.96.199 - - [25/Feb/2026:20:34:12 +0100] "GET /79338269560.htm HTTP/1.1" 404 87047 "-" "Mozilla/5.0 (compatible; SemrushBot/7~bl; +http://www.semrush.com/bot.html)"
85.208.96.201 - - [25/Feb/2026:20:34:15 +0100] "GET /79338277266.htm HTTP/1.1" 404 87047 "-" "Mozilla/5.0 (compatible; SemrushBot/7~bl; +http://www.semrush.com/bot.html)"
40.77.167.143 - - [25/Feb/2026:20:34:15 +0100] "GET /?l=61911181063205 HTTP/2.0" 301 - "-" "Mozilla/5.0 AppleWebKit/537.36 (KHTML, like Gecko; compatible; bingbot/2.0; +http://www.bing.com/bingbot.htm) Chrome/116.0.1938.76 Safari/537.36"
207.46.13.6 - - [25/Feb/2026:20:34:18 +0100] "GET /?l=39523106842900 HTTP/2.0" 200 192282 "-" "Mozilla/5.0 AppleWebKit/537.36 (KHTML, like Gecko; compatible; bingbot/2.0; +http://www.bing.com/bingbot.htm) Chrome/116.0.1938.76 Safari/537.36"
207.46.13.160 - - [25/Feb/2026:20:34:21 +0100] "GET /?l=22216113446002 HTTP/2.0" 301 - "-" "Mozilla/5.0 AppleWebKit/537.36 (KHTML, like Gecko; compatible; bingbot/2.0; +http://www.bing.com/bingbot.htm) Chrome/116.0.1938.76 Safari/537.36"
85.208.96.206 - - [25/Feb/2026:20:34:24 +0100] "GET /7933866329.htm HTTP/1.1" 404 87047 "-" "Mozilla/5.0 (compatible; SemrushBot/7~bl; +http://www.semrush.com/bot.html)"
85.208.96.209 - - [25/Feb/2026:20:34:32 +0100] "GET /11865155919.htm HTTP/1.1" 404 87047 "-" "Mozilla/5.0 (compatible; SemrushBot/7~bl; +http://www.semrush.com/bot.html)"
185.191.171.18 - - [25/Feb/2026:20:34:35 +0100] "GET /80239288337.htm HTTP/1.1" 404 87047 "-" "Mozilla/5.0 (compatible; SemrushBot/7~bl; +http://www.semrush.com/bot.html)"
52.167.144.140 - - [25/Feb/2026:20:34:37 +0100] "GET /?l=12287184283200 HTTP/2.0" 200 192282 "-" "Mozilla/5.0 AppleWebKit/537.36 (KHTML, like Gecko; compatible; bingbot/2.0; +http://www.bing.com/bingbot.htm) Chrome/116.0.1938.76 Safari/537.36"
52.167.144.140 - - [25/Feb/2026:20:34:38 +0100] "GET /?l=6800536877804 HTTP/2.0" 200 192282 "-" "Mozilla/5.0 AppleWebKit/537.36 (KHTML, like Gecko; compatible; bingbot/2.0; +http://www.bing.com/bingbot.htm) Chrome/116.0.1938.76 Safari/537.36"
52.167.144.182 - - [25/Feb/2026:20:34:39 +0100] "GET /?l=00471190048202 HTTP/2.0" 301 - "-" "Mozilla/5.0 AppleWebKit/537.36 (KHTML, like Gecko; compatible; bingbot/2.0; +http://www.bing.com/bingbot.htm) Chrome/116.0.1938.76 Safari/537.36"
52.167.144.182 - - [25/Feb/2026:20:34:39 +0100] "GET /?l=6601620003200 HTTP/2.0" 301 - "-" "Mozilla/5.0 AppleWebKit/537.36 (KHTML, like Gecko; compatible; bingbot/2.0; +http://www.bing.com/bingbot.htm) Chrome/116.0.1938.76 Safari/537.36"
52.167.144.182 - - [25/Feb/2026:20:34:40 +0100] "GET /?l=9860033776405 HTTP/2.0" 301 - "-" "Mozilla/5.0 AppleWebKit/537.36 (KHTML, like Gecko; compatible; bingbot/2.0; +http://www.bing.com/bingbot.htm) Chrome/116.0.1938.76 Safari/537.36"
52.167.144.182 - - [25/Feb/2026:20:34:41 +0100] "GET /?l=22117178012203 HTTP/2.0" 301 - "-" "Mozilla/5.0 AppleWebKit/537.36 (KHTML, like Gecko; compatible; bingbot/2.0; +http://www.bing.com/bingbot.htm) Chrome/116.0.1938.76 Safari/537.36"
207.46.13.160 - - [25/Feb/2026:20:34:54 +0100] "GET /?l=0039197137008 HTTP/2.0" 301 - "-" "Mozilla/5.0 AppleWebKit/537.36 (KHTML, like Gecko; compatible; bingbot/2.0; +http://www.bing.com/bingbot.htm) Chrome/116.0.1938.76 Safari/537.36"
207.46.13.160 - - [25/Feb/2026:20:34:55 +0100] "GET /?l=0667243834000 HTTP/2.0" 301 - "-" "Mozilla/5.0 AppleWebKit/537.36 (KHTML, like Gecko; compatible; bingbot/2.0; +http://www.bing.com/bingbot.htm) Chrome/116.0.1938.76 Safari/537.36"
207.46.13.160 - - [25/Feb/2026:20:34:56 +0100] "GET /?l=0802980905201 HTTP/2.0" 301 - "-" "Mozilla/5.0 AppleWebKit/537.36 (KHTML, like Gecko; compatible; bingbot/2.0; +http://www.bing.com/bingbot.htm) Chrome/116.0.1938.76 Safari/537.36"
85.208.96.210 - - [25/Feb/2026:20:34:57 +0100] "GET /51205253106.htm HTTP/1.1" 404 87047 "-" "Mozilla/5.0 (compatible; SemrushBot/7~bl; +http://www.semrush.com/bot.html)"
52.167.144.182 - - [25/Feb/2026:20:34:58 +0100] "GET /?l=8236343655402 HTTP/2.0" 301 - "-" "Mozilla/5.0 AppleWebKit/537.36 (KHTML, like Gecko; compatible; bingbot/2.0; +http://www.bing.com/bingbot.htm) Chrome/116.0.1938.76 Safari/537.36"
52.167.144.182 - - [25/Feb/2026:20:34:58 +0100] "GET /?l=97719119449000 HTTP/2.0" 301 - "-" "Mozilla/5.0 AppleWebKit/537.36 (KHTML, like Gecko; compatible; bingbot/2.0; +http://www.bing.com/bingbot.htm) Chrome/116.0.1938.76 Safari/537.36"
185.191.171.13 - - [25/Feb/2026:20:35:01 +0100] "GET /8023927348.htm HTTP/1.1" 404 87047 "-" "Mozilla/5.0 (compatible; SemrushBot/7~bl; +http://www.semrush.com/bot.html)"
23.88.19.39 - - [25/Feb/2026:20:35:07 +0100] "POST /wp-cron.php?doing_wp_cron=1772048107.2228100299835205078125 HTTP/1.1" 404 87047 "-" "WordPress/6.9.1; https://alfouzantransport.com"
85.208.96.205 - - [25/Feb/2026:20:35:06 +0100] "GET /7933842615.htm HTTP/1.1" 404 87047 "-" "Mozilla/5.0 (compatible; SemrushBot/7~bl; +http://www.semrush.com/bot.html)"
185.191.171.3 - - [25/Feb/2026:20:35:18 +0100] "GET /80239258367.htm HTTP/1.1" 404 87047 "-" "Mozilla/5.0 (compatible; SemrushBot/7~bl; +http://www.semrush.com/bot.html)"
40.77.167.136 - - [25/Feb/2026:20:35:27 +0100] "GET /?l=41228148810208 HTTP/2.0" 200 192282 "-" "Mozilla/5.0 AppleWebKit/537.36 (KHTML, like Gecko; compatible; bingbot/2.0; +http://www.bing.com/bingbot.htm) Chrome/116.0.1938.76 Safari/537.36"
40.77.167.136 - - [25/Feb/2026:20:35:28 +0100] "GET /?l=72746211277403 HTTP/2.0" 200 192282 "-" "Mozilla/5.0 AppleWebKit/537.36 (KHTML, like Gecko; compatible; bingbot/2.0; +http://www.bing.com/bingbot.htm) Chrome/116.0.1938.76 Safari/537.36"
85.208.96.204 - - [25/Feb/2026:20:35:28 +0100] "GET /79865135184.htm HTTP/1.1" 404 87047 "-" "Mozilla/5.0 (compatible; SemrushBot/7~bl; +http://www.semrush.com/bot.html)"
40.77.167.136 - - [25/Feb/2026:20:35:29 +0100] "GET /?l=64751111506408 HTTP/2.0" 200 192282 "-" "Mozilla/5.0 AppleWebKit/537.36 (KHTML, like Gecko; compatible; bingbot/2.0; +http://www.bing.com/bingbot.htm) Chrome/116.0.1938.76 Safari/537.36"
40.77.167.136 - - [25/Feb/2026:20:35:30 +0100] "GET /?l=57822260539800 HTTP/2.0" 200 192282 "-" "Mozilla/5.0 AppleWebKit/537.36 (KHTML, like Gecko; compatible; bingbot/2.0; +http://www.bing.com/bingbot.htm) Chrome/116.0.1938.76 Safari/537.36"
40.77.167.136 - - [25/Feb/2026:20:35:30 +0100] "GET /?l=9838741045500 HTTP/2.0" 200 192282 "-" "Mozilla/5.0 AppleWebKit/537.36 (KHTML, like Gecko; compatible; bingbot/2.0; +http://www.bing.com/bingbot.htm) Chrome/116.0.1938.76 Safari/537.36"
40.77.167.136 - - [25/Feb/2026:20:35:31 +0100] "GET /?l=3810136372000 HTTP/2.0" 200 192282 "-" "Mozilla/5.0 AppleWebKit/537.36 (KHTML, like Gecko; compatible; bingbot/2.0; +http://www.bing.com/bingbot.htm) Chrome/116.0.1938.76 Safari/537.36"
85.208.96.212 - - [25/Feb/2026:20:35:55 +0100] "GET /51205199715.htm HTTP/1.1" 404 87047 "-" "Mozilla/5.0 (compatible; SemrushBot/7~bl; +http://www.semrush.com/bot.html)"
85.208.96.212 - - [25/Feb/2026:20:35:59 +0100] "GET /5120527113.htm HTTP/1.1" 404 87047 "-" "Mozilla/5.0 (compatible; SemrushBot/7~bl; +http://www.semrush.com/bot.html)"
23.88.19.39 - - [25/Feb/2026:20:36:10 +0100] "POST /wp-cron.php?doing_wp_cron=1772048170.1965110301971435546875 HTTP/1.1" 404 87047 "-" "WordPress/6.9.1; https://alfouzantransport.com"
207.46.13.6 - - [25/Feb/2026:20:36:09 +0100] "GET /?l=32274204142408 HTTP/2.0" 200 192282 "-" "Mozilla/5.0 AppleWebKit/537.36 (KHTML, like Gecko; compatible; bingbot/2.0; +http://www.bing.com/bingbot.htm) Chrome/116.0.1938.76 Safari/537.36"
85.208.96.197 - - [25/Feb/2026:20:36:17 +0100] "GET /7933831467.htm HTTP/1.1" 404 87047 "-" "Mozilla/5.0 (compatible; SemrushBot/7~bl; +http://www.semrush.com/bot.html)"
52.167.144.140 - - [25/Feb/2026:20:36:23 +0100] "GET /?l=21267289722008 HTTP/2.0" 200 192282 "-" "Mozilla/5.0 AppleWebKit/537.36 (KHTML, like Gecko; compatible; bingbot/2.0; +http://www.bing.com/bingbot.htm) Chrome/116.0.1938.76 Safari/537.36"
185.191.171.18 - - [25/Feb/2026:20:36:41 +0100] "GET /79865324259.htm HTTP/1.1" 404 87047 "-" "Mozilla/5.0 (compatible; SemrushBot/7~bl; +http://www.semrush.com/bot.html)"
23.88.19.39 - - [25/Feb/2026:20:37:12 +0100] "POST /wp-cron.php?doing_wp_cron=1772048232.0128099918365478515625 HTTP/1.1" 404 87047 "-" "WordPress/6.9.1; https://alfouzantransport.com"
85.208.96.196 - - [25/Feb/2026:20:37:11 +0100] "GET /79865110480.htm HTTP/1.1" 404 87047 "-" "Mozilla/5.0 (compatible; SemrushBot/7~bl; +http://www.semrush.com/bot.html)"
185.191.171.18 - - [25/Feb/2026:20:37:17 +0100] "GET /79865276258.htm HTTP/1.1" 404 87047 "-" "Mozilla/5.0 (compatible; SemrushBot/7~bl; +http://www.semrush.com/bot.html)"
85.208.96.197 - - [25/Feb/2026:20:37:19 +0100] "GET /51205257834.htm HTTP/1.1" 404 87047 "-" "Mozilla/5.0 (compatible; SemrushBot/7~bl; +http://www.semrush.com/bot.html)"
52.167.144.182 - - [25/Feb/2026:20:37:24 +0100] "GET /?l=94184196292403 HTTP/2.0" 301 - "-" "Mozilla/5.0 AppleWebKit/537.36 (KHTML, like Gecko; compatible; bingbot/2.0; +http://www.bing.com/bingbot.htm) Chrome/116.0.1938.76 Safari/537.36"
66.249.72.7 - - [25/Feb/2026:20:37:33 +0100] "GET /?l=8299292579101 HTTP/1.1" 200 192282 "-" "Mozilla/5.0 (Linux; Android 6.0.1; Nexus 5X Build/MMB29P) AppleWebKit/537.36 (KHTML, like Gecko) Chrome/144.0.7559.132 Mobile Safari/537.36 (compatible; Googlebot/2.1; +http://www.google.com/bot.html)"
207.46.13.160 - - [25/Feb/2026:20:37:40 +0100] "GET /?l=7992982104006 HTTP/2.0" 301 - "-" "Mozilla/5.0 AppleWebKit/537.36 (KHTML, like Gecko; compatible; bingbot/2.0; +http://www.bing.com/bingbot.htm) Chrome/116.0.1938.76 Safari/537.36"
85.208.96.204 - - [25/Feb/2026:20:37:47 +0100] "GET /11865182905.htm HTTP/1.1" 404 87047 "-" "Mozilla/5.0 (compatible; SemrushBot/7~bl; +http://www.semrush.com/bot.html)"
185.191.171.15 - - [25/Feb/2026:20:37:51 +0100] "GET /7986560290.htm HTTP/1.1" 404 87047 "-" "Mozilla/5.0 (compatible; SemrushBot/7~bl; +http://www.semrush.com/bot.html)"
85.208.96.209 - - [25/Feb/2026:20:37:58 +0100] "GET /7933854441.htm HTTP/1.1" 404 87047 "-" "Mozilla/5.0 (compatible; SemrushBot/7~bl; +http://www.semrush.com/bot.html)"
52.167.144.140 - - [25/Feb/2026:20:38:04 +0100] "GET /?l=32169129229201 HTTP/2.0" 200 192282 "-" "Mozilla/5.0 AppleWebKit/537.36 (KHTML, like Gecko; compatible; bingbot/2.0; +http://www.bing.com/bingbot.htm) Chrome/116.0.1938.76 Safari/537.36"
185.191.171.16 - - [25/Feb/2026:20:38:08 +0100] "GET /80239290223.htm HTTP/1.1" 404 87047 "-" "Mozilla/5.0 (compatible; SemrushBot/7~bl; +http://www.semrush.com/bot.html)"
207.46.13.6 - - [25/Feb/2026:20:38:09 +0100] "GET /?l=35025133941506 HTTP/2.0" 200 192282 "-" "Mozilla/5.0 AppleWebKit/537.36 (KHTML, like Gecko; compatible; bingbot/2.0; +http://www.bing.com/bingbot.htm) Chrome/116.0.1938.76 Safari/537.36"
23.88.19.39 - - [25/Feb/2026:20:38:16 +0100] "POST /wp-cron.php?doing_wp_cron=1772048296.1979939937591552734375 HTTP/1.1" 404 87047 "-" "WordPress/6.9.1; https://alfouzantransport.com"
85.208.96.210 - - [25/Feb/2026:20:38:15 +0100] "GET /79865118703.htm HTTP/1.1" 404 87047 "-" "Mozilla/5.0 (compatible; SemrushBot/7~bl; +http://www.semrush.com/bot.html)"
185.191.171.3 - - [25/Feb/2026:20:38:25 +0100] "GET /7986585071.htm HTTP/1.1" 404 87047 "-" "Mozilla/5.0 (compatible; SemrushBot/7~bl; +http://www.semrush.com/bot.html)"
85.208.96.210 - - [25/Feb/2026:20:38:32 +0100] "GET /79865221007.htm HTTP/1.1" 404 87047 "-" "Mozilla/5.0 (compatible; SemrushBot/7~bl; +http://www.semrush.com/bot.html)"
52.167.144.140 - - [25/Feb/2026:20:38:33 +0100] "GET /?l=49393159412 HTTP/2.0" 200 192282 "-" "Mozilla/5.0 AppleWebKit/537.36 (KHTML, like Gecko; compatible; bingbot/2.0; +http://www.bing.com/bingbot.htm) Chrome/116.0.1938.76 Safari/537.36"
185.191.171.14 - - [25/Feb/2026:20:38:41 +0100] "GET /7986513354.htm HTTP/1.1" 404 87047 "-" "Mozilla/5.0 (compatible; SemrushBot/7~bl; +http://www.semrush.com/bot.html)"
85.208.96.204 - - [25/Feb/2026:20:38:48 +0100] "GET /5120521942.htm HTTP/1.1" 404 87047 "-" "Mozilla/5.0 (compatible; SemrushBot/7~bl; +http://www.semrush.com/bot.html)"
40.77.167.143 - - [25/Feb/2026:20:38:54 +0100] "GET /?l=98898287969803 HTTP/2.0" 301 - "-" "Mozilla/5.0 AppleWebKit/537.36 (KHTML, like Gecko; compatible; bingbot/2.0; +http://www.bing.com/bingbot.htm) Chrome/116.0.1938.76 Safari/537.36"
85.208.96.197 - - [25/Feb/2026:20:39:00 +0100] "GET /7986588839.htm HTTP/1.1" 404 87047 "-" "Mozilla/5.0 (compatible; SemrushBot/7~bl; +http://www.semrush.com/bot.html)"
85.208.96.197 - - [25/Feb/2026:20:39:03 +0100] "GET /11865220248.htm HTTP/1.1" 404 87047 "-" "Mozilla/5.0 (compatible; SemrushBot/7~bl; +http://www.semrush.com/bot.html)"
185.191.171.13 - - [25/Feb/2026:20:39:06 +0100] "GET /80239157832.htm HTTP/1.1" 404 87047 "-" "Mozilla/5.0 (compatible; SemrushBot/7~bl; +http://www.semrush.com/bot.html)"
52.167.144.140 - - [25/Feb/2026:20:39:12 +0100] "GET /?l=81809143100203 HTTP/2.0" 200 192282 "-" "Mozilla/5.0 AppleWebKit/537.36 (KHTML, like Gecko; compatible; bingbot/2.0; +http://www.bing.com/bingbot.htm) Chrome/116.0.1938.76 Safari/537.36"
185.191.171.19 - - [25/Feb/2026:20:39:13 +0100] "GET /79865302026.htm HTTP/1.1" 404 87047 "-" "Mozilla/5.0 (compatible; SemrushBot/7~bl; +http://www.semrush.com/bot.html)"
23.88.19.39 - - [25/Feb/2026:20:39:22 +0100] "POST /wp-cron.php?doing_wp_cron=1772048362.6428480148315429687500 HTTP/1.1" 404 87047 "-" "WordPress/6.9.1; https://alfouzantransport.com"
104.28.204.81 - - [25/Feb/2026:20:39:22 +0100] "GET /wp-login.php HTTP/1.1" 200 12273 "https://alfouzantransport.com" "Mozilla/5.0 (Macintosh; Intel Mac OS X 10_15_6) AppleWebKit/537.36 (KHTML, like Gecko) Chrome/84.0.4147.125 Safari/537.36"
104.28.204.81 - - [25/Feb/2026:20:39:23 +0100] "POST /wp-login.php HTTP/1.1" 200 12713 "https://alfouzantransport.com" "Mozilla/5.0 (Macintosh; Intel Mac OS X 10_15_6) AppleWebKit/537.36 (KHTML, like Gecko) Chrome/84.0.4147.125 Safari/537.36"
85.208.96.195 - - [25/Feb/2026:20:39:53 +0100] "GET /7933885674.htm HTTP/1.1" 404 87047 "-" "Mozilla/5.0 (compatible; SemrushBot/7~bl; +http://www.semrush.com/bot.html)"
185.191.171.19 - - [25/Feb/2026:20:40:02 +0100] "GET /88900216470.htm HTTP/1.1" 404 87047 "-" "Mozilla/5.0 (compatible; SemrushBot/7~bl; +http://www.semrush.com/bot.html)"
40.77.167.26 - - [25/Feb/2026:20:40:15 +0100] "GET /?l=0222072693414 HTTP/2.0" 200 192282 "-" "Mozilla/5.0 AppleWebKit/537.36 (KHTML, like Gecko; compatible; bingbot/2.0; +http://www.bing.com/bingbot.htm) Chrome/116.0.1938.76 Safari/537.36"
23.88.19.39 - - [25/Feb/2026:20:40:27 +0100] "POST /wp-cron.php?doing_wp_cron=1772048427.2753300666809082031250 HTTP/1.1" 404 87047 "-" "WordPress/6.9.1; https://alfouzantransport.com"
185.191.171.18 - - [25/Feb/2026:20:40:26 +0100] "GET /7986538110.htm HTTP/1.1" 404 87047 "-" "Mozilla/5.0 (compatible; SemrushBot/7~bl; +http://www.semrush.com/bot.html)"
207.46.13.6 - - [25/Feb/2026:20:40:30 +0100] "GET /?l=4390796636304 HTTP/2.0" 200 192282 "-" "Mozilla/5.0 AppleWebKit/537.36 (KHTML, like Gecko; compatible; bingbot/2.0; +http://www.bing.com/bingbot.htm) Chrome/116.0.1938.76 Safari/537.36"
207.46.13.9 - - [25/Feb/2026:20:41:00 +0100] "GET /?l=0039498671205 HTTP/2.0" 200 192282 "-" "Mozilla/5.0 AppleWebKit/537.36 (KHTML, like Gecko; compatible; bingbot/2.0; +http://www.bing.com/bingbot.htm) Chrome/116.0.1938.76 Safari/537.36"
185.191.171.8 - - [25/Feb/2026:20:41:11 +0100] "GET /7933887674.htm HTTP/1.1" 404 87047 "-" "Mozilla/5.0 (compatible; SemrushBot/7~bl; +http://www.semrush.com/bot.html)"
185.191.171.17 - - [25/Feb/2026:20:41:20 +0100] "GET /51205181525.htm HTTP/1.1" 404 87047 "-" "Mozilla/5.0 (compatible; SemrushBot/7~bl; +http://www.semrush.com/bot.html)"
23.88.19.39 - - [25/Feb/2026:20:41:32 +0100] "POST /wp-cron.php?doing_wp_cron=1772048492.0749039649963378906250 HTTP/1.1" 404 87047 "-" "WordPress/6.9.1; https://alfouzantransport.com"
185.191.171.13 - - [25/Feb/2026:20:41:31 +0100] "GET /7933851960.htm HTTP/1.1" 404 87047 "-" "Mozilla/5.0 (compatible; SemrushBot/7~bl; +http://www.semrush.com/bot.html)"
207.46.13.52 - - [25/Feb/2026:20:41:40 +0100] "GET /?l=7583732574002 HTTP/2.0" 301 - "-" "Mozilla/5.0 AppleWebKit/537.36 (KHTML, like Gecko; compatible; bingbot/2.0; +http://www.bing.com/bingbot.htm) Chrome/116.0.1938.76 Safari/537.36"
185.191.171.2 - - [25/Feb/2026:20:41:48 +0100] "GET /79865154023.htm HTTP/1.1" 404 87047 "-" "Mozilla/5.0 (compatible; SemrushBot/7~bl; +http://www.semrush.com/bot.html)"
85.208.96.196 - - [25/Feb/2026:20:41:50 +0100] "GET /79338287201.htm HTTP/1.1" 404 87047 "-" "Mozilla/5.0 (compatible; SemrushBot/7~bl; +http://www.semrush.com/bot.html)"
85.208.96.207 - - [25/Feb/2026:20:41:53 +0100] "GET /7986573143.htm HTTP/1.1" 404 87047 "-" "Mozilla/5.0 (compatible; SemrushBot/7~bl; +http://www.semrush.com/bot.html)"
185.191.171.5 - - [25/Feb/2026:20:41:55 +0100] "GET /80239108309.htm HTTP/1.1" 404 87047 "-" "Mozilla/5.0 (compatible; SemrushBot/7~bl; +http://www.semrush.com/bot.html)"
85.208.96.196 - - [25/Feb/2026:20:42:10 +0100] "GET /79338116428.htm HTTP/1.1" 404 87047 "-" "Mozilla/5.0 (compatible; SemrushBot/7~bl; +http://www.semrush.com/bot.html)"
85.208.96.203 - - [25/Feb/2026:20:42:13 +0100] "GET /80239175653.htm HTTP/1.1" 404 87047 "-" "Mozilla/5.0 (compatible; SemrushBot/7~bl; +http://www.semrush.com/bot.html)"
23.88.19.39 - - [25/Feb/2026:20:42:35 +0100] "POST /wp-cron.php?doing_wp_cron=1772048555.9379360675811767578125 HTTP/1.1" 404 87047 "-" "WordPress/6.9.1; https://alfouzantransport.com"
185.191.171.2 - - [25/Feb/2026:20:42:35 +0100] "GET /51205292788.htm HTTP/1.1" 404 87047 "-" "Mozilla/5.0 (compatible; SemrushBot/7~bl; +http://www.semrush.com/bot.html)"
185.191.171.17 - - [25/Feb/2026:20:42:37 +0100] "GET /7986555071.htm HTTP/1.1" 404 87047 "-" "Mozilla/5.0 (compatible; SemrushBot/7~bl; +http://www.semrush.com/bot.html)"
52.167.144.182 - - [25/Feb/2026:20:42:45 +0100] "GET /?l=39114160307202 HTTP/2.0" 301 - "-" "Mozilla/5.0 AppleWebKit/537.36 (KHTML, like Gecko; compatible; bingbot/2.0; +http://www.bing.com/bingbot.htm) Chrome/116.0.1938.76 Safari/537.36"
40.77.167.26 - - [25/Feb/2026:20:42:46 +0100] "GET /?l=33996263775001 HTTP/2.0" 200 192282 "-" "Mozilla/5.0 AppleWebKit/537.36 (KHTML, like Gecko; compatible; bingbot/2.0; +http://www.bing.com/bingbot.htm) Chrome/116.0.1938.76 Safari/537.36"
40.77.167.26 - - [25/Feb/2026:20:42:47 +0100] "GET /?l=1810384268804 HTTP/2.0" 200 192282 "-" "Mozilla/5.0 AppleWebKit/537.36 (KHTML, like Gecko; compatible; bingbot/2.0; +http://www.bing.com/bingbot.htm) Chrome/116.0.1938.76 Safari/537.36"
40.77.167.26 - - [25/Feb/2026:20:42:48 +0100] "GET /?l=91970195198601 HTTP/2.0" 200 192282 "-" "Mozilla/5.0 AppleWebKit/537.36 (KHTML, like Gecko; compatible; bingbot/2.0; +http://www.bing.com/bingbot.htm) Chrome/116.0.1938.76 Safari/537.36"
40.77.167.132 - - [25/Feb/2026:20:42:50 +0100] "GET /?l=16735227136000 HTTP/2.0" 301 - "-" "Mozilla/5.0 AppleWebKit/537.36 (KHTML, like Gecko; compatible; bingbot/2.0; +http://www.bing.com/bingbot.htm) Chrome/116.0.1938.76 Safari/537.36"
40.77.167.132 - - [25/Feb/2026:20:42:51 +0100] "GET /?l=70260226998801 HTTP/2.0" 301 - "-" "Mozilla/5.0 AppleWebKit/537.36 (KHTML, like Gecko; compatible; bingbot/2.0; +http://www.bing.com/bingbot.htm) Chrome/116.0.1938.76 Safari/537.36"
40.77.167.132 - - [25/Feb/2026:20:42:51 +0100] "GET /?l=20271166912503 HTTP/2.0" 301 - "-" "Mozilla/5.0 AppleWebKit/537.36 (KHTML, like Gecko; compatible; bingbot/2.0; +http://www.bing.com/bingbot.htm) Chrome/116.0.1938.76 Safari/537.36"
207.46.13.52 - - [25/Feb/2026:20:42:56 +0100] "GET /?l=05070193009008 HTTP/2.0" 301 - "-" "Mozilla/5.0 AppleWebKit/537.36 (KHTML, like Gecko; compatible; bingbot/2.0; +http://www.bing.com/bingbot.htm) Chrome/116.0.1938.76 Safari/537.36"
185.191.171.7 - - [25/Feb/2026:20:42:59 +0100] "GET /79865103918.htm HTTP/1.1" 404 87047 "-" "Mozilla/5.0 (compatible; SemrushBot/7~bl; +http://www.semrush.com/bot.html)"
185.191.171.17 - - [25/Feb/2026:20:43:02 +0100] "GET /793385987.htm HTTP/1.1" 404 87047 "-" "Mozilla/5.0 (compatible; SemrushBot/7~bl; +http://www.semrush.com/bot.html)"
85.208.96.212 - - [25/Feb/2026:20:43:06 +0100] "GET /51205171393.htm HTTP/1.1" 404 87047 "-" "Mozilla/5.0 (compatible; SemrushBot/7~bl; +http://www.semrush.com/bot.html)"
185.191.171.11 - - [25/Feb/2026:20:43:09 +0100] "GET /8023921622.htm HTTP/1.1" 404 87047 "-" "Mozilla/5.0 (compatible; SemrushBot/7~bl; +http://www.semrush.com/bot.html)"
207.46.13.52 - - [25/Feb/2026:20:43:14 +0100] "GET /?l=0021988167200 HTTP/2.0" 301 - "-" "Mozilla/5.0 AppleWebKit/537.36 (KHTML, like Gecko; compatible; bingbot/2.0; +http://www.bing.com/bingbot.htm) Chrome/116.0.1938.76 Safari/537.36"
85.208.96.210 - - [25/Feb/2026:20:43:15 +0100] "GET /7986529922.htm HTTP/1.1" 404 87047 "-" "Mozilla/5.0 (compatible; SemrushBot/7~bl; +http://www.semrush.com/bot.html)"
40.77.167.26 - - [25/Feb/2026:20:43:19 +0100] "GET /?l=08578244413001 HTTP/2.0" 200 192282 "-" "Mozilla/5.0 AppleWebKit/537.36 (KHTML, like Gecko; compatible; bingbot/2.0; +http://www.bing.com/bingbot.htm) Chrome/116.0.1938.76 Safari/537.36"
185.191.171.15 - - [25/Feb/2026:20:43:19 +0100] "GET /80239308011.htm HTTP/1.1" 404 87047 "-" "Mozilla/5.0 (compatible; SemrushBot/7~bl; +http://www.semrush.com/bot.html)"
40.77.167.26 - - [25/Feb/2026:20:43:20 +0100] "GET /?l=10018195727900 HTTP/2.0" 200 192282 "-" "Mozilla/5.0 AppleWebKit/537.36 (KHTML, like Gecko; compatible; bingbot/2.0; +http://www.bing.com/bingbot.htm) Chrome/116.0.1938.76 Safari/537.36"
40.77.167.132 - - [25/Feb/2026:20:43:20 +0100] "GET /?l=09388109033200 HTTP/2.0" 301 - "-" "Mozilla/5.0 AppleWebKit/537.36 (KHTML, like Gecko; compatible; bingbot/2.0; +http://www.bing.com/bingbot.htm) Chrome/116.0.1938.76 Safari/537.36"
52.167.144.140 - - [25/Feb/2026:20:43:23 +0100] "GET /?l=04922189516603 HTTP/2.0" 200 192282 "-" "Mozilla/5.0 AppleWebKit/537.36 (KHTML, like Gecko; compatible; bingbot/2.0; +http://www.bing.com/bingbot.htm) Chrome/116.0.1938.76 Safari/537.36"
111.67.102.119 - - [25/Feb/2026:20:43:27 +0100] "GET / HTTP/2.0" 200 192282 "-" "Mozilla/5.0 (Windows NT 10.0; Win64; x64; rv:122.0) Gecko/20100101 Firefox/122.0"
111.67.102.119 - - [25/Feb/2026:20:43:28 +0100] "GET /xmlrpc.php HTTP/2.0" 404 87047 "-" "Mozilla/5.0 (Windows NT 10.0; Win64; x64; rv:122.0) Gecko/20100101 Firefox/122.0"
111.67.102.119 - - [25/Feb/2026:20:43:30 +0100] "GET /wp-login.php HTTP/2.0" 200 12273 "-" "Mozilla/5.0 (Windows NT 10.0; Win64; x64; rv:122.0) Gecko/20100101 Firefox/122.0"
111.67.102.119 - - [25/Feb/2026:20:43:31 +0100] "GET /wp-json/wp/v2/users HTTP/2.0" 200 760 "-" "Mozilla/5.0 (Windows NT 10.0; Win64; x64; rv:122.0) Gecko/20100101 Firefox/122.0"
111.67.102.119 - - [25/Feb/2026:20:43:32 +0100] "GET /wp-login.php HTTP/2.0" 200 12273 "-" "Mozilla/5.0 (Windows NT 10.0; Win64; x64; rv:122.0) Gecko/20100101 Firefox/122.0"
111.67.102.119 - - [25/Feb/2026:20:43:32 +0100] "POST /wp-login.php HTTP/2.0" 200 12689 "https://alfouzantransport.com/wp-login.php" "Mozilla/5.0 (Windows NT 10.0; Win64; x64; rv:122.0) Gecko/20100101 Firefox/122.0"
111.67.102.119 - - [25/Feb/2026:20:43:33 +0100] "POST /wp-login.php HTTP/2.0" 200 12689 "https://alfouzantransport.com/wp-login.php" "Mozilla/5.0 (Windows NT 10.0; Win64; x64; rv:122.0) Gecko/20100101 Firefox/122.0"
