40.77.167.41 - - [25/Feb/2026:22:00:00 +0100] "GET /?l=1888053868601 HTTP/2.0" 200 192282 "-" "Mozilla/5.0 AppleWebKit/537.36 (KHTML, like Gecko; compatible; bingbot/2.0; +http://www.bing.com/bingbot.htm) Chrome/116.0.1938.76 Safari/537.36"
20.104.230.73 - - [25/Feb/2026:22:00:05 +0100] "GET /wp-content/plugins/hellopress/wp_filemanager.php HTTP/1.1" 404 91446 "-" "-"
85.208.96.210 - - [25/Feb/2026:22:00:05 +0100] "GET /8023937672.htm HTTP/1.1" 404 87047 "-" "Mozilla/5.0 (compatible; SemrushBot/7~bl; +http://www.semrush.com/bot.html)"
20.104.230.73 - - [25/Feb/2026:22:00:06 +0100] "GET /class3.php HTTP/1.1" 404 87047 "-" "-"
20.104.230.73 - - [25/Feb/2026:22:00:06 +0100] "GET /asc.php HTTP/1.1" 404 87047 "-" "-"
185.191.171.4 - - [25/Feb/2026:22:00:08 +0100] "GET /7933892703.htm HTTP/1.1" 404 87047 "-" "Mozilla/5.0 (compatible; SemrushBot/7~bl; +http://www.semrush.com/bot.html)"
85.208.96.201 - - [25/Feb/2026:22:00:24 +0100] "GET /51205184097.htm HTTP/1.1" 404 87047 "-" "Mozilla/5.0 (compatible; SemrushBot/7~bl; +http://www.semrush.com/bot.html)"
157.55.39.205 - - [25/Feb/2026:22:00:30 +0100] "GET /?l=2316841548104 HTTP/2.0" 301 - "-" "Mozilla/5.0 AppleWebKit/537.36 (KHTML, like Gecko; compatible; bingbot/2.0; +http://www.bing.com/bingbot.htm) Chrome/116.0.1938.76 Safari/537.36"
40.77.167.254 - - [25/Feb/2026:22:00:32 +0100] "GET /?l=98883295243200 HTTP/2.0" 301 - "-" "Mozilla/5.0 AppleWebKit/537.36 (KHTML, like Gecko; compatible; bingbot/2.0; +http://www.bing.com/bingbot.htm) Chrome/116.0.1938.76 Safari/537.36"
23.88.19.39 - - [25/Feb/2026:22:00:44 +0100] "POST /wp-cron.php?doing_wp_cron=1772053244.5207939147949218750000 HTTP/1.1" 404 87047 "-" "WordPress/6.9.1; https://alfouzantransport.com"
54.36.60.91 - - [25/Feb/2026:22:00:44 +0100] "GET /robots.txt HTTP/1.1" 200 122 "-" "Mozilla/5.0 (compatible; MJ12bot/v1.4.8; http://mj12bot.com/)"
54.36.60.91 - - [25/Feb/2026:22:00:47 +0100] "GET /products/free-people-movement-hot-shot-romper-in-magenta-disco-size-s/13814052/ HTTP/1.1" 404 91446 "-" "Mozilla/5.0 (compatible; MJ12bot/v1.4.8; http://mj12bot.com/)"
185.191.171.16 - - [25/Feb/2026:22:00:48 +0100] "GET /7933885491.htm HTTP/1.1" 404 87047 "-" "Mozilla/5.0 (compatible; SemrushBot/7~bl; +http://www.semrush.com/bot.html)"
85.208.96.208 - - [25/Feb/2026:22:00:50 +0100] "GET /1186516928.htm HTTP/1.1" 404 87047 "-" "Mozilla/5.0 (compatible; SemrushBot/7~bl; +http://www.semrush.com/bot.html)"
54.36.60.91 - - [25/Feb/2026:22:00:51 +0100] "GET /products/free-people-movement-inbound-onesie-jumpsuit-size-small/9554525/ HTTP/1.1" 404 91446 "-" "Mozilla/5.0 (compatible; MJ12bot/v1.4.8; http://mj12bot.com/)"
85.208.96.194 - - [25/Feb/2026:22:00:55 +0100] "GET /7933899756.htm HTTP/1.1" 404 87047 "-" "Mozilla/5.0 (compatible; SemrushBot/7~bl; +http://www.semrush.com/bot.html)"
52.167.144.219 - - [25/Feb/2026:22:00:56 +0100] "GET /?l=70477110526102 HTTP/2.0" 200 192282 "-" "Mozilla/5.0 AppleWebKit/537.36 (KHTML, like Gecko; compatible; bingbot/2.0; +http://www.bing.com/bingbot.htm) Chrome/116.0.1938.76 Safari/537.36"
54.36.60.91 - - [25/Feb/2026:22:01:04 +0100] "GET /products/hybe-insight-in-ear-earphones-purple-edition-brand-new/15712348/ HTTP/1.1" 404 91446 "-" "Mozilla/5.0 (compatible; MJ12bot/v1.4.8; http://mj12bot.com/)"
54.36.60.91 - - [25/Feb/2026:22:01:08 +0100] "GET /products/hyde-eek-kidsadult-target-shopping-basket-halloween-costume/13939688/ HTTP/1.1" 404 91446 "-" "Mozilla/5.0 (compatible; MJ12bot/v1.4.8; http://mj12bot.com/)"
54.36.60.91 - - [25/Feb/2026:22:01:19 +0100] "GET /products/icebreakerstratus-x-merinkabt/10577952/ HTTP/1.1" 404 91446 "-" "Mozilla/5.0 (compatible; MJ12bot/v1.4.8; http://mj12bot.com/)"
54.36.60.91 - - [25/Feb/2026:22:01:25 +0100] "GET /products/icecream-x-dippin-dots-limited-edition-hoodie-rare-size-larg/2196732/ HTTP/1.1" 404 91446 "-" "Mozilla/5.0 (compatible; MJ12bot/v1.4.8; http://mj12bot.com/)"
54.36.60.91 - - [25/Feb/2026:22:01:31 +0100] "GET /products/iced-925-plated-11mm-cuban-chain-18/13631698/ HTTP/1.1" 404 91446 "-" "Mozilla/5.0 (compatible; MJ12bot/v1.4.8; http://mj12bot.com/)"
54.36.60.91 - - [25/Feb/2026:22:01:36 +0100] "GET /products/iced-goat-pendant-11mm-18-cuban-chain/18474978/ HTTP/1.1" 404 91446 "-" "Mozilla/5.0 (compatible; MJ12bot/v1.4.8; http://mj12bot.com/)"
54.36.60.91 - - [25/Feb/2026:22:01:43 +0100] "GET /products/iced-miami-cuban-link-chain-20/16752629/ HTTP/1.1" 404 91446 "-" "Mozilla/5.0 (compatible; MJ12bot/v1.4.8; http://mj12bot.com/)"
23.88.19.39 - - [25/Feb/2026:22:01:49 +0100] "POST /wp-cron.php?doing_wp_cron=1772053309.2926819324493408203125 HTTP/1.1" 404 87047 "-" "WordPress/6.9.1; https://alfouzantransport.com"
157.55.39.205 - - [25/Feb/2026:22:01:49 +0100] "GET /?l=5048395654404 HTTP/2.0" 301 - "-" "Mozilla/5.0 AppleWebKit/537.36 (KHTML, like Gecko; compatible; bingbot/2.0; +http://www.bing.com/bingbot.htm) Chrome/116.0.1938.76 Safari/537.36"
54.36.60.91 - - [25/Feb/2026:22:01:50 +0100] "GET /products/iced-mocha-hydramatte-liquid-lipstick/202296015/ HTTP/1.1" 404 91446 "-" "Mozilla/5.0 (compatible; MJ12bot/v1.4.8; http://mj12bot.com/)"
157.55.39.205 - - [25/Feb/2026:22:01:50 +0100] "GET /?l=57816248242803 HTTP/2.0" 301 - "-" "Mozilla/5.0 AppleWebKit/537.36 (KHTML, like Gecko; compatible; bingbot/2.0; +http://www.bing.com/bingbot.htm) Chrome/116.0.1938.76 Safari/537.36"
54.36.60.91 - - [25/Feb/2026:22:01:53 +0100] "GET /products/iced-out-925-silver-custom-mens-bracelet-85/18082277/ HTTP/1.1" 404 91446 "-" "Mozilla/5.0 (compatible; MJ12bot/v1.4.8; http://mj12bot.com/)"
54.36.60.91 - - [25/Feb/2026:22:01:59 +0100] "GET /products/iced-out-gold-baguette-designer-watch/6802937/ HTTP/1.1" 404 91446 "-" "Mozilla/5.0 (compatible; MJ12bot/v1.4.8; http://mj12bot.com/)"
54.36.60.91 - - [25/Feb/2026:22:02:04 +0100] "GET /products/iced-out-jewelry/18757465/ HTTP/1.1" 404 91446 "-" "Mozilla/5.0 (compatible; MJ12bot/v1.4.8; http://mj12bot.com/)"
54.36.60.91 - - [25/Feb/2026:22:02:07 +0100] "GET /products/iced-out-two-tone-solitaire-pinky-ring-size-8/19496880/ HTTP/1.1" 404 91446 "-" "Mozilla/5.0 (compatible; MJ12bot/v1.4.8; http://mj12bot.com/)"
185.191.171.7 - - [25/Feb/2026:22:02:08 +0100] "GET /51205295038.htm HTTP/1.1" 404 87047 "-" "Mozilla/5.0 (compatible; SemrushBot/7~bl; +http://www.semrush.com/bot.html)"
185.191.171.6 - - [25/Feb/2026:22:02:11 +0100] "GET /80239277872.htm HTTP/1.1" 404 87047 "-" "Mozilla/5.0 (compatible; SemrushBot/7~bl; +http://www.semrush.com/bot.html)"
54.36.60.91 - - [25/Feb/2026:22:02:11 +0100] "GET /products/iced-star-ring-size-8-white-gold-plated-simulated-diamonds/16218730/ HTTP/1.1" 404 91446 "-" "Mozilla/5.0 (compatible; MJ12bot/v1.4.8; http://mj12bot.com/)"
185.191.171.15 - - [25/Feb/2026:22:02:14 +0100] "GET /7933883276.htm HTTP/1.1" 404 87047 "-" "Mozilla/5.0 (compatible; SemrushBot/7~bl; +http://www.semrush.com/bot.html)"
54.36.60.91 - - [25/Feb/2026:22:02:15 +0100] "GET /products/iced-turtleneck-sweater/6110182/ HTTP/1.1" 404 91446 "-" "Mozilla/5.0 (compatible; MJ12bot/v1.4.8; http://mj12bot.com/)"
54.36.60.91 - - [25/Feb/2026:22:02:18 +0100] "GET /products/icee-slushie-making-machine/13570501/ HTTP/1.1" 404 91446 "-" "Mozilla/5.0 (compatible; MJ12bot/v1.4.8; http://mj12bot.com/)"
54.36.60.91 - - [25/Feb/2026:22:02:23 +0100] "GET /products/icelandic-design-full-zip-long-sleeve-orange-floral-wool-jac/21859567/ HTTP/1.1" 404 91446 "-" "Mozilla/5.0 (compatible; MJ12bot/v1.4.8; http://mj12bot.com/)"
54.36.60.91 - - [25/Feb/2026:22:02:27 +0100] "GET /products/icelandic-designs-wool-vest-scandinavian-floral-design-blue/4802633/ HTTP/1.1" 404 91446 "-" "Mozilla/5.0 (compatible; MJ12bot/v1.4.8; http://mj12bot.com/)"
54.36.60.91 - - [25/Feb/2026:22:02:31 +0100] "GET /products/icepeak-dmsk-outdoorov-bunda/10386486/ HTTP/1.1" 404 91446 "-" "Mozilla/5.0 (compatible; MJ12bot/v1.4.8; http://mj12bot.com/)"
54.36.60.91 - - [25/Feb/2026:22:02:34 +0100] "GET /products/icepure-ctr-w1-cf-filter-replacement-cartridge-replacement-f/200995942/ HTTP/1.1" 404 91446 "-" "Mozilla/5.0 (compatible; MJ12bot/v1.4.8; http://mj12bot.com/)"
85.208.96.201 - - [25/Feb/2026:22:02:37 +0100] "GET /11865334.htm HTTP/1.1" 404 87047 "-" "Mozilla/5.0 (compatible; SemrushBot/7~bl; +http://www.semrush.com/bot.html)"
54.36.60.91 - - [25/Feb/2026:22:02:39 +0100] "GET /products/icepure-rwf1100a-replacement-refrigerator-water-filters-3-pa/8157466/ HTTP/1.1" 404 91446 "-" "Mozilla/5.0 (compatible; MJ12bot/v1.4.8; http://mj12bot.com/)"
85.208.96.194 - - [25/Feb/2026:22:02:41 +0100] "GET /88900172259.htm HTTP/1.1" 404 87047 "-" "Mozilla/5.0 (compatible; SemrushBot/7~bl; +http://www.semrush.com/bot.html)"
54.36.60.91 - - [25/Feb/2026:22:02:42 +0100] "GET /products/icepure-ukf8001-compatible-with-whirlpool-edr4rxd1-4396395-m/200903387/ HTTP/1.1" 404 91446 "-" "Mozilla/5.0 (compatible; MJ12bot/v1.4.8; http://mj12bot.com/)"
85.208.96.201 - - [25/Feb/2026:22:02:43 +0100] "GET /80239196084.htm HTTP/1.1" 404 87047 "-" "Mozilla/5.0 (compatible; SemrushBot/7~bl; +http://www.semrush.com/bot.html)"
54.36.60.91 - - [25/Feb/2026:22:02:47 +0100] "GET /products/icesword-privacy-screen-protector-for-iphone-12-mini-superio/201995302/ HTTP/1.1" 404 91446 "-" "Mozilla/5.0 (compatible; MJ12bot/v1.4.8; http://mj12bot.com/)"
23.88.19.39 - - [25/Feb/2026:22:02:49 +0100] "POST /wp-cron.php?doing_wp_cron=1772053369.6422059535980224609375 HTTP/1.1" 404 87047 "-" "WordPress/6.9.1; https://alfouzantransport.com"
85.208.96.194 - - [25/Feb/2026:22:02:49 +0100] "GET /51205229246.htm HTTP/1.1" 404 87047 "-" "Mozilla/5.0 (compatible; SemrushBot/7~bl; +http://www.semrush.com/bot.html)"
54.36.60.91 - - [25/Feb/2026:22:02:51 +0100] "GET /products/icewear-kids-sr-insulated-puffer-vest-pink-sz-146152-us-12/1090425/ HTTP/1.1" 404 91446 "-" "Mozilla/5.0 (compatible; MJ12bot/v1.4.8; http://mj12bot.com/)"
54.36.60.91 - - [25/Feb/2026:22:02:54 +0100] "GET /products/ichi-antquites-womens-dark-brown-ribbed-long-sleeve-turtlene/16744427/ HTTP/1.1" 404 91446 "-" "Mozilla/5.0 (compatible; MJ12bot/v1.4.8; http://mj12bot.com/)"
54.36.60.91 - - [25/Feb/2026:22:02:57 +0100] "GET /products/ichi-kate-jersey-single-breasted-blazer-cloud-dancer/200838756/ HTTP/1.1" 404 91446 "-" "Mozilla/5.0 (compatible; MJ12bot/v1.4.8; http://mj12bot.com/)"
54.36.60.91 - - [25/Feb/2026:22:03:01 +0100] "GET /products/ichi-nelly-straight-leg-shimmery-crepe-jumpsuit-black/200844526/ HTTP/1.1" 404 91446 "-" "Mozilla/5.0 (compatible; MJ12bot/v1.4.8; http://mj12bot.com/)"
54.36.60.91 - - [25/Feb/2026:22:03:04 +0100] "GET /products/ichi-the-killer-omnibus-vol-1/201594997/ HTTP/1.1" 404 91446 "-" "Mozilla/5.0 (compatible; MJ12bot/v1.4.8; http://mj12bot.com/)"
185.191.171.13 - - [25/Feb/2026:22:03:06 +0100] "GET /793389981.htm HTTP/1.1" 404 87047 "-" "Mozilla/5.0 (compatible; SemrushBot/7~bl; +http://www.semrush.com/bot.html)"
54.36.60.91 - - [25/Feb/2026:22:03:07 +0100] "GET /products/ichiban-kuji-naruto-shippuden-i-prize-canvas-board-kakashi-o/8602284/ HTTP/1.1" 404 91446 "-" "Mozilla/5.0 (compatible; MJ12bot/v1.4.8; http://mj12bot.com/)"
54.36.60.91 - - [25/Feb/2026:22:03:10 +0100] "GET /products/ichiban-kuji-sanrio-cinnamoroll-digital-clock/9035950/ HTTP/1.1" 404 91446 "-" "Mozilla/5.0 (compatible; MJ12bot/v1.4.8; http://mj12bot.com/)"
54.36.60.91 - - [25/Feb/2026:22:03:14 +0100] "GET /products/ichibansho-demon-slayer-tengen-uzui/201600689/ HTTP/1.1" 404 91446 "-" "Mozilla/5.0 (compatible; MJ12bot/v1.4.8; http://mj12bot.com/)"
54.36.60.91 - - [25/Feb/2026:22:03:17 +0100] "GET /products/ichibansho-snow-miku/202211212/ HTTP/1.1" 404 91446 "-" "Mozilla/5.0 (compatible; MJ12bot/v1.4.8; http://mj12bot.com/)"
54.36.60.91 - - [25/Feb/2026:22:03:20 +0100] "GET /products/ichibiki-kelpshiitake-mushroom-soy-sauce-27-ounces-pack-of-1/203410383/ HTTP/1.1" 404 91446 "-" "Mozilla/5.0 (compatible; MJ12bot/v1.4.8; http://mj12bot.com/)"
54.36.60.91 - - [25/Feb/2026:22:03:22 +0100] "GET /products/ichie-antiquits-striped-linen-tunic/17731785/ HTTP/1.1" 404 91446 "-" "Mozilla/5.0 (compatible; MJ12bot/v1.4.8; http://mj12bot.com/)"
54.36.60.91 - - [25/Feb/2026:22:03:25 +0100] "GET /products/ichigo-funko-pop-59-hot-topic-pre-release-with-barcode/4857994/ HTTP/1.1" 404 91446 "-" "Mozilla/5.0 (compatible; MJ12bot/v1.4.8; http://mj12bot.com/)"
54.36.60.91 - - [25/Feb/2026:22:03:27 +0100] "GET /products/ichigo-funko-pop/20255870/ HTTP/1.1" 404 91446 "-" "Mozilla/5.0 (compatible; MJ12bot/v1.4.8; http://mj12bot.com/)"
157.55.39.58 - - [25/Feb/2026:22:03:29 +0100] "GET /?l=0419814554700 HTTP/2.0" 200 192282 "-" "Mozilla/5.0 AppleWebKit/537.36 (KHTML, like Gecko; compatible; bingbot/2.0; +http://www.bing.com/bingbot.htm) Chrome/116.0.1938.76 Safari/537.36"
54.36.60.91 - - [25/Feb/2026:22:03:31 +0100] "GET /products/ichikami-the-premium-extra-damage-care-treatment-shiny-moist-480g-double-cherry-blossom-scent/202959096/ HTTP/1.1" 404 91446 "-" "Mozilla/5.0 (compatible; MJ12bot/v1.4.8; http://mj12bot.com/)"
40.77.167.59 - - [25/Feb/2026:22:03:31 +0100] "GET /?l=9200175772600 HTTP/2.0" 301 - "-" "Mozilla/5.0 AppleWebKit/537.36 (KHTML, like Gecko; compatible; bingbot/2.0; +http://www.bing.com/bingbot.htm) Chrome/116.0.1938.76 Safari/537.36"
54.36.60.91 - - [25/Feb/2026:22:03:34 +0100] "GET /products/ichimatsu-gofun-ningyo-kawaii-composition-toy-doll-vintage-d/13219935/ HTTP/1.1" 404 91446 "-" "Mozilla/5.0 (compatible; MJ12bot/v1.4.8; http://mj12bot.com/)"
185.191.171.14 - - [25/Feb/2026:22:03:36 +0100] "GET /80239261676.htm HTTP/1.1" 404 87047 "-" "Mozilla/5.0 (compatible; SemrushBot/7~bl; +http://www.semrush.com/bot.html)"
54.36.60.91 - - [25/Feb/2026:22:03:37 +0100] "GET /products/ichimatsu-osomastu-san-lot-2/1560349/ HTTP/1.1" 404 91446 "-" "Mozilla/5.0 (compatible; MJ12bot/v1.4.8; http://mj12bot.com/)"
54.36.60.91 - - [25/Feb/2026:22:03:40 +0100] "GET /products/ichiro-names-silver-psa-10-case-hit/19768935/ HTTP/1.1" 404 91446 "-" "Mozilla/5.0 (compatible; MJ12bot/v1.4.8; http://mj12bot.com/)"
54.36.60.91 - - [25/Feb/2026:22:03:43 +0100] "GET /products/icicles-polarized-sunglasses-rimless-rm-02p-blue-mirrored-le/293740/ HTTP/1.1" 404 91446 "-" "Mozilla/5.0 (compatible; MJ12bot/v1.4.8; http://mj12bot.com/)"
185.191.171.19 - - [25/Feb/2026:22:03:45 +0100] "GET /80239207115.htm HTTP/1.1" 404 87047 "-" "Mozilla/5.0 (compatible; SemrushBot/7~bl; +http://www.semrush.com/bot.html)"
54.36.60.91 - - [25/Feb/2026:22:03:46 +0100] "GET /products/icing-chocolate-fudge-ready-to-use1-50-pound/202402604/ HTTP/1.1" 404 91446 "-" "Mozilla/5.0 (compatible; MJ12bot/v1.4.8; http://mj12bot.com/)"
185.191.171.11 - - [25/Feb/2026:22:03:48 +0100] "GET /7986583859.htm HTTP/1.1" 404 87047 "-" "Mozilla/5.0 (compatible; SemrushBot/7~bl; +http://www.semrush.com/bot.html)"
23.88.19.39 - - [25/Feb/2026:22:03:49 +0100] "POST /wp-cron.php?doing_wp_cron=1772053429.8319230079650878906250 HTTP/1.1" 404 87047 "-" "WordPress/6.9.1; https://alfouzantransport.com"
54.36.60.91 - - [25/Feb/2026:22:03:49 +0100] "GET /products/icing-heat-n-ice-chocolate-shelf-stable1-12-pound/202402570/ HTTP/1.1" 404 91446 "-" "Mozilla/5.0 (compatible; MJ12bot/v1.4.8; http://mj12bot.com/)"
185.191.171.11 - - [25/Feb/2026:22:03:51 +0100] "GET /7986566830.htm HTTP/1.1" 404 87047 "-" "Mozilla/5.0 (compatible; SemrushBot/7~bl; +http://www.semrush.com/bot.html)"
54.36.60.91 - - [25/Feb/2026:22:03:51 +0100] "GET /products/icing-tote-by-hadia-ghaleb/17654645/ HTTP/1.1" 404 91446 "-" "Mozilla/5.0 (compatible; MJ12bot/v1.4.8; http://mj12bot.com/)"
54.36.60.91 - - [25/Feb/2026:22:03:55 +0100] "GET /products/icing-white-roll-ready-to-use-2-pound-each-12-per-case/202504261/ HTTP/1.1" 404 91446 "-" "Mozilla/5.0 (compatible; MJ12bot/v1.4.8; http://mj12bot.com/)"
54.36.60.91 - - [25/Feb/2026:22:03:58 +0100] "GET /products/ickey-ekwonu-carolina-helmet-font/201192636/ HTTP/1.1" 404 91446 "-" "Mozilla/5.0 (compatible; MJ12bot/v1.4.8; http://mj12bot.com/)"
54.36.60.91 - - [25/Feb/2026:22:04:01 +0100] "GET /products/icky-woods-bengals-signed-photo/1791210/ HTTP/1.1" 404 91446 "-" "Mozilla/5.0 (compatible; MJ12bot/v1.4.8; http://mj12bot.com/)"
54.36.60.91 - - [25/Feb/2026:22:04:03 +0100] "GET /products/iclever-hs19-kids-headphones-with-microphone-7485dba-volume/9413056/ HTTP/1.1" 404 91446 "-" "Mozilla/5.0 (compatible; MJ12bot/v1.4.8; http://mj12bot.com/)"
54.36.60.91 - - [25/Feb/2026:22:04:05 +0100] "GET /products/iclicker-2-student-classroom-response-remote-control-tested/6447515/ HTTP/1.1" 404 91446 "-" "Mozilla/5.0 (compatible; MJ12bot/v1.4.8; http://mj12bot.com/)"
185.191.171.8 - - [25/Feb/2026:22:04:07 +0100] "GET /7933843957.htm HTTP/1.1" 404 87047 "-" "Mozilla/5.0 (compatible; SemrushBot/7~bl; +http://www.semrush.com/bot.html)"
52.167.144.219 - - [25/Feb/2026:22:04:07 +0100] "GET /?l=09178289109105 HTTP/2.0" 200 192282 "-" "Mozilla/5.0 AppleWebKit/537.36 (KHTML, like Gecko; compatible; bingbot/2.0; +http://www.bing.com/bingbot.htm) Chrome/116.0.1938.76 Safari/537.36"
54.36.60.91 - - [25/Feb/2026:22:04:08 +0100] "GET /products/iclicker-2/12755393/ HTTP/1.1" 404 91446 "-" "Mozilla/5.0 (compatible; MJ12bot/v1.4.8; http://mj12bot.com/)"
85.208.96.210 - - [25/Feb/2026:22:04:09 +0100] "GET /7986573296.htm HTTP/1.1" 404 87047 "-" "Mozilla/5.0 (compatible; SemrushBot/7~bl; +http://www.semrush.com/bot.html)"
54.36.60.91 - - [25/Feb/2026:22:04:10 +0100] "GET /products/iclicker-2/21048884/ HTTP/1.1" 404 91446 "-" "Mozilla/5.0 (compatible; MJ12bot/v1.4.8; http://mj12bot.com/)"
85.208.96.206 - - [25/Feb/2026:22:04:12 +0100] "GET /80239119452.htm HTTP/1.1" 404 87047 "-" "Mozilla/5.0 (compatible; SemrushBot/7~bl; +http://www.semrush.com/bot.html)"
54.36.60.91 - - [25/Feb/2026:22:04:13 +0100] "GET /products/iclimb-ultralight-compact-camping-folding-table-with-carry-b/202087951/ HTTP/1.1" 404 91446 "-" "Mozilla/5.0 (compatible; MJ12bot/v1.4.8; http://mj12bot.com/)"
54.36.60.91 - - [25/Feb/2026:22:04:15 +0100] "GET /products/iclimb-ultralight-compact-sleeping-pad-with-built-in-pump-in/202109186/ HTTP/1.1" 404 91446 "-" "Mozilla/5.0 (compatible; MJ12bot/v1.4.8; http://mj12bot.com/)"
54.36.60.91 - - [25/Feb/2026:22:04:18 +0100] "GET /products/icloud-locked-ipad-mini-5th-generation/3782964/ HTTP/1.1" 404 91446 "-" "Mozilla/5.0 (compatible; MJ12bot/v1.4.8; http://mj12bot.com/)"
54.36.60.91 - - [25/Feb/2026:22:04:20 +0100] "GET /products/icollection-womens-brocade-corset-w-front-bust-closure/14231629/ HTTP/1.1" 404 91446 "-" "Mozilla/5.0 (compatible; MJ12bot/v1.4.8; http://mj12bot.com/)"
54.36.60.91 - - [25/Feb/2026:22:04:23 +0100] "GET /products/icon-9-in-long-nose-slip-joint-pliers-item-70612/21764101/ HTTP/1.1" 404 91446 "-" "Mozilla/5.0 (compatible; MJ12bot/v1.4.8; http://mj12bot.com/)"
85.208.96.194 - - [25/Feb/2026:22:04:24 +0100] "GET /11865215299.htm HTTP/1.1" 404 87047 "-" "Mozilla/5.0 (compatible; SemrushBot/7~bl; +http://www.semrush.com/bot.html)"
54.36.60.91 - - [25/Feb/2026:22:04:25 +0100] "GET /products/icon-beauty-led-mini-humidifier/14383691/ HTTP/1.1" 404 91446 "-" "Mozilla/5.0 (compatible; MJ12bot/v1.4.8; http://mj12bot.com/)"
185.191.171.2 - - [25/Feb/2026:22:04:26 +0100] "GET /80239241412.htm HTTP/1.1" 404 87047 "-" "Mozilla/5.0 (compatible; SemrushBot/7~bl; +http://www.semrush.com/bot.html)"
54.36.60.91 - - [25/Feb/2026:22:04:28 +0100] "GET /products/icon-blue-special-edition-ps5-playstation-5-dualsense-wirele/21429742/ HTTP/1.1" 404 91446 "-" "Mozilla/5.0 (compatible; MJ12bot/v1.4.8; http://mj12bot.com/)"
54.36.60.91 - - [25/Feb/2026:22:04:30 +0100] "GET /products/icon-compression-18x9-6x55-0mm-offset-5in-bs-1061mm-bore-dou/202659997/ HTTP/1.1" 404 91446 "-" "Mozilla/5.0 (compatible; MJ12bot/v1.4.8; http://mj12bot.com/)"
54.36.60.91 - - [25/Feb/2026:22:04:34 +0100] "GET /products/icon-contra-2-jacket-2xl/14741716/ HTTP/1.1" 404 91446 "-" "Mozilla/5.0 (compatible; MJ12bot/v1.4.8; http://mj12bot.com/)"
54.36.60.91 - - [25/Feb/2026:22:04:36 +0100] "GET /products/icon-eats-olive-you-so-much-trinket-tray/203425160/ HTTP/1.1" 404 91446 "-" "Mozilla/5.0 (compatible; MJ12bot/v1.4.8; http://mj12bot.com/)"
54.36.60.91 - - [25/Feb/2026:22:04:38 +0100] "GET /products/icon-icon-purple-pure-light-conditioner-1-l-one-size-est-nda/200739644/ HTTP/1.1" 404 91446 "-" "Mozilla/5.0 (compatible; MJ12bot/v1.4.8; http://mj12bot.com/)"
157.55.39.58 - - [25/Feb/2026:22:04:39 +0100] "GET /?l=72544184150000 HTTP/2.0" 200 192282 "-" "Mozilla/5.0 AppleWebKit/537.36 (KHTML, like Gecko; compatible; bingbot/2.0; +http://www.bing.com/bingbot.htm) Chrome/116.0.1938.76 Safari/537.36"
54.36.60.91 - - [25/Feb/2026:22:04:40 +0100] "GET /products/icon-laptop-case/4081227/ HTTP/1.1" 404 91446 "-" "Mozilla/5.0 (compatible; MJ12bot/v1.4.8; http://mj12bot.com/)"
157.55.39.58 - - [25/Feb/2026:22:04:40 +0100] "GET /?l=37090190119704 HTTP/2.0" 200 192282 "-" "Mozilla/5.0 AppleWebKit/537.36 (KHTML, like Gecko; compatible; bingbot/2.0; +http://www.bing.com/bingbot.htm) Chrome/116.0.1938.76 Safari/537.36"
54.36.60.91 - - [25/Feb/2026:22:04:43 +0100] "GET /products/icon-mens-single-breasted-blazer-navy-melange/200874350/ HTTP/1.1" 404 91446 "-" "Mozilla/5.0 (compatible; MJ12bot/v1.4.8; http://mj12bot.com/)"
54.36.60.91 - - [25/Feb/2026:22:04:45 +0100] "GET /products/icon-metric-tap-and-die-set-41-piece/9957788/ HTTP/1.1" 404 91446 "-" "Mozilla/5.0 (compatible; MJ12bot/v1.4.8; http://mj12bot.com/)"
85.208.96.205 - - [25/Feb/2026:22:04:46 +0100] "GET /79865333985.htm HTTP/1.1" 404 87047 "-" "Mozilla/5.0 (compatible; SemrushBot/7~bl; +http://www.semrush.com/bot.html)"
54.36.60.91 - - [25/Feb/2026:22:04:48 +0100] "GET /products/icon-moto-helmet/14084492/ HTTP/1.1" 404 91446 "-" "Mozilla/5.0 (compatible; MJ12bot/v1.4.8; http://mj12bot.com/)"
23.88.19.39 - - [25/Feb/2026:22:04:50 +0100] "POST /wp-cron.php?doing_wp_cron=1772053490.5699970722198486328125 HTTP/1.1" 404 87047 "-" "WordPress/6.9.1; https://alfouzantransport.com"
54.36.60.91 - - [25/Feb/2026:22:04:50 +0100] "GET /products/icon-motorcycle-jeans/14132112/ HTTP/1.1" 404 91446 "-" "Mozilla/5.0 (compatible; MJ12bot/v1.4.8; http://mj12bot.com/)"
54.36.60.91 - - [25/Feb/2026:22:04:52 +0100] "GET /products/icon-neo-daytona-jacket/3017215/ HTTP/1.1" 404 91446 "-" "Mozilla/5.0 (compatible; MJ12bot/v1.4.8; http://mj12bot.com/)"
54.36.60.91 - - [25/Feb/2026:22:04:54 +0100] "GET /products/icon-rebound-18x9-5x150-25mm-offset-6in-bs-1101mm-bore-bronz/202657817/ HTTP/1.1" 404 91446 "-" "Mozilla/5.0 (compatible; MJ12bot/v1.4.8; http://mj12bot.com/)"
54.36.60.91 - - [25/Feb/2026:22:04:56 +0100] "GET /products/icon-six-speed-17x85-6x55-0mm-offset-475in-bs-108mm-bore-satin-black-wheel/202661567/ HTTP/1.1" 404 91446 "-" "Mozilla/5.0 (compatible; MJ12bot/v1.4.8; http://mj12bot.com/)"
54.36.60.91 - - [25/Feb/2026:22:04:58 +0100] "GET /products/icon-swim-beaded-sequin-bikini/14459655/ HTTP/1.1" 404 91446 "-" "Mozilla/5.0 (compatible; MJ12bot/v1.4.8; http://mj12bot.com/)"
54.36.60.91 - - [25/Feb/2026:22:05:01 +0100] "GET /products/icon-wrdbfm-5-5pc-professional-double-box-flex-ratcheting-wr/18037560/ HTTP/1.1" 404 91446 "-" "Mozilla/5.0 (compatible; MJ12bot/v1.4.8; http://mj12bot.com/)"
54.36.60.91 - - [25/Feb/2026:22:05:03 +0100] "GET /products/icona-espresso-machine-red/11666303/ HTTP/1.1" 404 91446 "-" "Mozilla/5.0 (compatible; MJ12bot/v1.4.8; http://mj12bot.com/)"
66.249.77.38 - - [25/Feb/2026:22:05:06 +0100] "GET /cgi-sys/suspendedpage.cgi?l=47622221291800 HTTP/1.1" 200 7766 "-" "Mozilla/5.0 (Linux; Android 6.0.1; Nexus 5X Build/MMB29P) AppleWebKit/537.36 (KHTML, like Gecko) Chrome/144.0.7559.132 Mobile Safari/537.36 (compatible; Googlebot/2.1; +http://www.google.com/bot.html)"
54.36.60.91 - - [25/Feb/2026:22:05:05 +0100] "GET /products/icona-religiosa-da-parete-su-legno/10391945/ HTTP/1.1" 404 91446 "-" "Mozilla/5.0 (compatible; MJ12bot/v1.4.8; http://mj12bot.com/)"
54.36.60.91 - - [25/Feb/2026:22:05:08 +0100] "GET /products/iconex-clear-dual-deposit-bags-tamper-evident-plastic-11-x-1/202163003/ HTTP/1.1" 404 91446 "-" "Mozilla/5.0 (compatible; MJ12bot/v1.4.8; http://mj12bot.com/)"
66.249.72.7 - - [25/Feb/2026:22:05:09 +0100] "GET /cgi-sys/suspendedpage.cgi?l=2028981567600 HTTP/1.1" 200 7766 "-" "Mozilla/5.0 (Linux; Android 6.0.1; Nexus 5X Build/MMB29P) AppleWebKit/537.36 (KHTML, like Gecko) Chrome/144.0.7559.132 Mobile Safari/537.36 (compatible; Googlebot/2.1; +http://www.google.com/bot.html)"
54.36.60.91 - - [25/Feb/2026:22:05:10 +0100] "GET /products/iconex-direct-thermal-printing-thermal-paper-rolls-313-x-90/202339259/ HTTP/1.1" 404 91446 "-" "Mozilla/5.0 (compatible; MJ12bot/v1.4.8; http://mj12bot.com/)"
85.208.96.194 - - [25/Feb/2026:22:05:10 +0100] "GET /51205129043.htm HTTP/1.1" 404 87047 "-" "Mozilla/5.0 (compatible; SemrushBot/7~bl; +http://www.semrush.com/bot.html)"
54.36.60.91 - - [25/Feb/2026:22:05:12 +0100] "GET /products/iconex-impact-bond-paper-rolls-1-ply-325-x-243-ft-white-4pac/202339272/ HTTP/1.1" 404 91446 "-" "Mozilla/5.0 (compatible; MJ12bot/v1.4.8; http://mj12bot.com/)"
54.36.60.91 - - [25/Feb/2026:22:05:14 +0100] "GET /products/iconex-impact-printing-carbonless-paper-rolls-225-x-70-ft-wh/202472907/ HTTP/1.1" 404 91446 "-" "Mozilla/5.0 (compatible; MJ12bot/v1.4.8; http://mj12bot.com/)"
54.36.60.91 - - [25/Feb/2026:22:05:17 +0100] "GET /products/iconic-4-pro-24in-x-24in-cnc-router-iconic4/200959164/ HTTP/1.1" 404 91446 "-" "Mozilla/5.0 (compatible; MJ12bot/v1.4.8; http://mj12bot.com/)"
54.36.60.91 - - [25/Feb/2026:22:05:19 +0100] "GET /products/iconic-comfort-crocs-white-w8-m6/7533128/ HTTP/1.1" 404 91446 "-" "Mozilla/5.0 (compatible; MJ12bot/v1.4.8; http://mj12bot.com/)"
85.208.96.212 - - [25/Feb/2026:22:05:19 +0100] "GET /7986513107.htm HTTP/1.1" 404 87047 "-" "Mozilla/5.0 (compatible; SemrushBot/7~bl; +http://www.semrush.com/bot.html)"
54.36.60.91 - - [25/Feb/2026:22:05:21 +0100] "GET /products/iconic-cristiano-ronaldo-7-manchester-united-20072008-retro/22774493/ HTTP/1.1" 404 91446 "-" "Mozilla/5.0 (compatible; MJ12bot/v1.4.8; http://mj12bot.com/)"
54.36.60.91 - - [25/Feb/2026:22:05:23 +0100] "GET /products/iconic-london-super-smoother-blurring-skin-tint-warm-medium/201444524/ HTTP/1.1" 404 91446 "-" "Mozilla/5.0 (compatible; MJ12bot/v1.4.8; http://mj12bot.com/)"
54.36.60.91 - - [25/Feb/2026:22:05:25 +0100] "GET /products/iconic-london-super-smoother-skin-tint-foundation-cool-light/4478104/ HTTP/1.1" 404 91446 "-" "Mozilla/5.0 (compatible; MJ12bot/v1.4.8; http://mj12bot.com/)"
54.36.60.91 - - [25/Feb/2026:22:05:27 +0100] "GET /products/iconic-milano-down-jacket-in-shiny-nylon/11154795/ HTTP/1.1" 404 91446 "-" "Mozilla/5.0 (compatible; MJ12bot/v1.4.8; http://mj12bot.com/)"
54.36.60.91 - - [25/Feb/2026:22:05:29 +0100] "GET /products/iconic-polo-ralph-lauren-logo-stylish-and-casual-linen-and-c/15633661/ HTTP/1.1" 404 91446 "-" "Mozilla/5.0 (compatible; MJ12bot/v1.4.8; http://mj12bot.com/)"
66.249.77.37 - - [25/Feb/2026:22:05:29 +0100] "GET /cgi-sys/suspendedpage.cgi?l=3598078407003 HTTP/1.1" 200 7766 "-" "Mozilla/5.0 (Linux; Android 6.0.1; Nexus 5X Build/MMB29P) AppleWebKit/537.36 (KHTML, like Gecko) Chrome/144.0.7559.132 Mobile Safari/537.36 (compatible; Googlebot/2.1; +http://www.google.com/bot.html)"
54.36.60.91 - - [25/Feb/2026:22:05:31 +0100] "GET /products/iconic-yet-rare-classic-badgley-mishka-gown-in-blush-colored/3059430/ HTTP/1.1" 404 91446 "-" "Mozilla/5.0 (compatible; MJ12bot/v1.4.8; http://mj12bot.com/)"
52.167.144.211 - - [25/Feb/2026:22:05:31 +0100] "GET /?l=62922232356900 HTTP/2.0" 200 192282 "-" "Mozilla/5.0 AppleWebKit/537.36 (KHTML, like Gecko; compatible; bingbot/2.0; +http://www.bing.com/bingbot.htm) Chrome/116.0.1938.76 Safari/537.36"
54.36.60.91 - - [25/Feb/2026:22:05:34 +0100] "GET /products/icons-bonsai-tree-10281-building-set-for-adults/20408395/ HTTP/1.1" 404 91446 "-" "Mozilla/5.0 (compatible; MJ12bot/v1.4.8; http://mj12bot.com/)"
54.36.60.91 - - [25/Feb/2026:22:05:36 +0100] "GET /products/icp-hatchetman-5mm20-stainless-steel-cuban-chain/21097475/ HTTP/1.1" 404 91446 "-" "Mozilla/5.0 (compatible; MJ12bot/v1.4.8; http://mj12bot.com/)"
54.36.60.91 - - [25/Feb/2026:22:05:38 +0100] "GET /products/icradle-24-inch-60cm-realistic-handmade-reborn-baby-dolls-fu/16577045/ HTTP/1.1" 404 91446 "-" "Mozilla/5.0 (compatible; MJ12bot/v1.4.8; http://mj12bot.com/)"
54.36.60.91 - - [25/Feb/2026:22:05:40 +0100] "GET /products/icybreeze-platinum-pro-air-cool-blkblk-12v-10ah-battery-char/12292570/ HTTP/1.1" 404 91446 "-" "Mozilla/5.0 (compatible; MJ12bot/v1.4.8; http://mj12bot.com/)"
54.36.60.91 - - [25/Feb/2026:22:05:42 +0100] "GET /products/id-badge-holder-chain-metal-ball-chain-fastener-36-long-nickel-plated-100box/202421121/ HTTP/1.1" 404 91446 "-" "Mozilla/5.0 (compatible; MJ12bot/v1.4.8; http://mj12bot.com/)"
54.36.60.91 - - [25/Feb/2026:22:05:44 +0100] "GET /products/id-badge-plastic-strap-metal-alligator-swivel-clip-clear-per/1077731/ HTTP/1.1" 404 91446 "-" "Mozilla/5.0 (compatible; MJ12bot/v1.4.8; http://mj12bot.com/)"
66.249.72.5 - - [25/Feb/2026:22:05:44 +0100] "GET /cgi-sys/suspendedpage.cgi?l=8532111232002 HTTP/1.1" 200 7766 "-" "Mozilla/5.0 (Linux; Android 6.0.1; Nexus 5X Build/MMB29P) AppleWebKit/537.36 (KHTML, like Gecko) Chrome/144.0.7559.132 Mobile Safari/537.36 (compatible; Googlebot/2.1; +http://www.google.com/bot.html)"
54.36.60.91 - - [25/Feb/2026:22:05:46 +0100] "GET /products/id-card-slot-punch-works-with-all-pvc-cards-and-id-card-prin/8902524/ HTTP/1.1" 404 91446 "-" "Mozilla/5.0 (compatible; MJ12bot/v1.4.8; http://mj12bot.com/)"
66.249.72.6 - - [25/Feb/2026:22:05:48 +0100] "GET /cgi-sys/suspendedpage.cgi?l=31602296911802 HTTP/1.1" 200 7766 "-" "Mozilla/5.0 (Linux; Android 6.0.1; Nexus 5X Build/MMB29P) AppleWebKit/537.36 (KHTML, like Gecko) Chrome/144.0.7559.132 Mobile Safari/537.36 (compatible; Googlebot/2.1; +http://www.google.com/bot.html)"
54.36.60.91 - - [25/Feb/2026:22:05:48 +0100] "GET /products/id-ideology-women-s-essentials-sweat-set-tank-top-gray-size/7095234/ HTTP/1.1" 404 91446 "-" "Mozilla/5.0 (compatible; MJ12bot/v1.4.8; http://mj12bot.com/)"
23.88.19.39 - - [25/Feb/2026:22:05:50 +0100] "POST /wp-cron.php?doing_wp_cron=1772053550.8305010795593261718750 HTTP/1.1" 404 87047 "-" "WordPress/6.9.1; https://alfouzantransport.com"
54.36.60.91 - - [25/Feb/2026:22:05:50 +0100] "GET /products/id-wear-2004-china-games-sacramento-kings-black-heavy-denim/18043894/ HTTP/1.1" 404 91446 "-" "Mozilla/5.0 (compatible; MJ12bot/v1.4.8; http://mj12bot.com/)"
66.249.72.5 - - [25/Feb/2026:22:05:51 +0100] "GET /cgi-sys/suspendedpage.cgi?l=08105155205601 HTTP/1.1" 200 7766 "-" "Mozilla/5.0 (Linux; Android 6.0.1; Nexus 5X Build/MMB29P) AppleWebKit/537.36 (KHTML, like Gecko) Chrome/144.0.7559.132 Mobile Safari/537.36 (compatible; Googlebot/2.1; +http://www.google.com/bot.html)"
54.36.60.91 - - [25/Feb/2026:22:05:52 +0100] "GET /products/id3368-green-cubic-stepped-fluorite-with-white-and-clear-qua/8235169/ HTTP/1.1" 404 91446 "-" "Mozilla/5.0 (compatible; MJ12bot/v1.4.8; http://mj12bot.com/)"
66.249.72.5 - - [25/Feb/2026:22:05:54 +0100] "GET /cgi-sys/suspendedpage.cgi?l=61467206511304 HTTP/1.1" 200 7766 "-" "Mozilla/5.0 (Linux; Android 6.0.1; Nexus 5X Build/MMB29P) AppleWebKit/537.36 (KHTML, like Gecko) Chrome/144.0.7559.132 Mobile Safari/537.36 (compatible; Googlebot/2.1; +http://www.google.com/bot.html)"
54.36.60.91 - - [25/Feb/2026:22:05:54 +0100] "GET /products/idaho-opal-tie-pin-can-be-made-into-here-is-the-story-of-thi/16638180/ HTTP/1.1" 404 91446 "-" "Mozilla/5.0 (compatible; MJ12bot/v1.4.8; http://mj12bot.com/)"
54.36.60.91 - - [25/Feb/2026:22:05:57 +0100] "GET /products/idance-sing-cube-bc100-bluetooth-karaoke-system/10174707/ HTTP/1.1" 404 91446 "-" "Mozilla/5.0 (compatible; MJ12bot/v1.4.8; http://mj12bot.com/)"
66.249.77.36 - - [25/Feb/2026:22:05:57 +0100] "GET /cgi-sys/suspendedpage.cgi?l=4885382243002 HTTP/1.1" 200 7766 "-" "Mozilla/5.0 (Linux; Android 6.0.1; Nexus 5X Build/MMB29P) AppleWebKit/537.36 (KHTML, like Gecko) Chrome/144.0.7559.132 Mobile Safari/537.36 (compatible; Googlebot/2.1; +http://www.google.com/bot.html)"
54.36.60.91 - - [25/Feb/2026:22:05:59 +0100] "GET /products/idavosicly-5-tier-large-plant-stand-indoor-10-inch-wide-tall/201818460/ HTTP/1.1" 404 91446 "-" "Mozilla/5.0 (compatible; MJ12bot/v1.4.8; http://mj12bot.com/)"
66.249.72.7 - - [25/Feb/2026:22:06:00 +0100] "GET /cgi-sys/suspendedpage.cgi?l=0928926173807 HTTP/1.1" 200 7766 "-" "Mozilla/5.0 (Linux; Android 6.0.1; Nexus 5X Build/MMB29P) AppleWebKit/537.36 (KHTML, like Gecko) Chrome/144.0.7559.132 Mobile Safari/537.36 (compatible; Googlebot/2.1; +http://www.google.com/bot.html)"
54.36.60.91 - - [25/Feb/2026:22:06:01 +0100] "GET /products/idavosicly-5-tier-large-plant-stand-indoor-with-10-inch-wide-drainage-tray-tiered-corner-metal-outdoor-flower-display-holder-shelf-folding-tall-rack-for-patio-porch-balcony-black-iron-carving/201818458/ HTTP/1.1" 404 91446 "-" "Mozilla/5.0 (compatible; MJ12bot/v1.4.8; http://mj12bot.com/)"
54.36.60.91 - - [25/Feb/2026:22:06:03 +0100] "GET /products/idavosicly-7-tier-large-plant-stand-indoor-10-inch-wide-tall/202369650/ HTTP/1.1" 404 91446 "-" "Mozilla/5.0 (compatible; MJ12bot/v1.4.8; http://mj12bot.com/)"
66.249.72.5 - - [25/Feb/2026:22:06:04 +0100] "GET /cgi-sys/suspendedpage.cgi?l=6981718323803 HTTP/1.1" 200 7766 "-" "Mozilla/5.0 (Linux; Android 6.0.1; Nexus 5X Build/MMB29P) AppleWebKit/537.36 (KHTML, like Gecko) Chrome/144.0.7559.132 Mobile Safari/537.36 (compatible; Googlebot/2.1; +http://www.google.com/bot.html)"
54.36.60.91 - - [25/Feb/2026:22:06:05 +0100] "GET /products/idd-replicas-187-scale-arrow-stage-lines-1524/18814127/ HTTP/1.1" 404 91446 "-" "Mozilla/5.0 (compatible; MJ12bot/v1.4.8; http://mj12bot.com/)"
54.36.60.91 - - [25/Feb/2026:22:06:07 +0100] "GET /products/idea-nuova-frozen-2-kids-nylon-bean-bag-chair-with-piping-to/200975952/ HTTP/1.1" 404 91446 "-" "Mozilla/5.0 (compatible; MJ12bot/v1.4.8; http://mj12bot.com/)"
54.36.60.91 - - [25/Feb/2026:22:06:09 +0100] "GET /products/idea-rem-beauty-wicked-tulip-field-totally-cosmopolitan-new/4488118/ HTTP/1.1" 404 91446 "-" "Mozilla/5.0 (compatible; MJ12bot/v1.4.8; http://mj12bot.com/)"
54.36.60.91 - - [25/Feb/2026:22:06:11 +0100] "GET /products/idea4wall-framed-canvas-print-wall-art-cover-for-love-master/200253573/ HTTP/1.1" 404 91446 "-" "Mozilla/5.0 (compatible; MJ12bot/v1.4.8; http://mj12bot.com/)"
54.36.60.91 - - [25/Feb/2026:22:06:13 +0100] "GET /products/idea4wall-framed-canvas-print-wall-art-self-portrait-with-br/200253492/ HTTP/1.1" 404 91446 "-" "Mozilla/5.0 (compatible; MJ12bot/v1.4.8; http://mj12bot.com/)"
185.191.171.17 - - [25/Feb/2026:22:06:13 +0100] "GET /80239277719.htm HTTP/1.1" 404 87047 "-" "Mozilla/5.0 (compatible; SemrushBot/7~bl; +http://www.semrush.com/bot.html)"
54.36.60.91 - - [25/Feb/2026:22:06:15 +0100] "GET /products/idea4wall-framed-canvas-wall-art-for-living-room-bedroom-col/200258135/ HTTP/1.1" 404 91446 "-" "Mozilla/5.0 (compatible; MJ12bot/v1.4.8; http://mj12bot.com/)"
85.208.96.199 - - [25/Feb/2026:22:06:16 +0100] "GET /80239156353.htm HTTP/1.1" 404 87047 "-" "Mozilla/5.0 (compatible; SemrushBot/7~bl; +http://www.semrush.com/bot.html)"
66.249.72.6 - - [25/Feb/2026:22:06:17 +0100] "GET /cgi-sys/suspendedpage.cgi?l=3777598532300 HTTP/1.1" 200 7766 "-" "Mozilla/5.0 (Linux; Android 6.0.1; Nexus 5X Build/MMB29P) AppleWebKit/537.36 (KHTML, like Gecko) Chrome/144.0.7559.132 Mobile Safari/537.36 (compatible; Googlebot/2.1; +http://www.google.com/bot.html)"
54.36.60.91 - - [25/Feb/2026:22:06:17 +0100] "GET /products/idea4wall-framed-wall-art-print-set-black-white-paint-stroke/200255858/ HTTP/1.1" 404 91446 "-" "Mozilla/5.0 (compatible; MJ12bot/v1.4.8; http://mj12bot.com/)"
185.191.171.18 - - [25/Feb/2026:22:06:18 +0100] "GET /51205211352.htm HTTP/1.1" 404 87047 "-" "Mozilla/5.0 (compatible; SemrushBot/7~bl; +http://www.semrush.com/bot.html)"
54.36.60.91 - - [25/Feb/2026:22:06:19 +0100] "GET /products/idea4wall-framed-wall-art-print-set-geometric-crescent-moon/200252364/ HTTP/1.1" 404 91446 "-" "Mozilla/5.0 (compatible; MJ12bot/v1.4.8; http://mj12bot.com/)"
66.249.77.37 - - [25/Feb/2026:22:06:20 +0100] "GET /cgi-sys/suspendedpage.cgi?l=9037093858201 HTTP/1.1" 200 7766 "-" "Mozilla/5.0 (Linux; Android 6.0.1; Nexus 5X Build/MMB29P) AppleWebKit/537.36 (KHTML, like Gecko) Chrome/144.0.7559.132 Mobile Safari/537.36 (compatible; Googlebot/2.1; +http://www.google.com/bot.html)"
54.36.60.91 - - [25/Feb/2026:22:06:21 +0100] "GET /products/idea4wall-framed-wall-art-print-set-multi-pattern-circle-var/200255539/ HTTP/1.1" 404 91446 "-" "Mozilla/5.0 (compatible; MJ12bot/v1.4.8; http://mj12bot.com/)"
54.36.60.91 - - [25/Feb/2026:22:06:23 +0100] "GET /products/ideal-1-34-in-2-34-in-36-hose-clamp-stainless-steel-turn-key-pack-of-10/200571628/ HTTP/1.1" 404 91446 "-" "Mozilla/5.0 (compatible; MJ12bot/v1.4.8; http://mj12bot.com/)"
66.249.72.5 - - [25/Feb/2026:22:06:24 +0100] "GET /cgi-sys/suspendedpage.cgi?l=1760828866305 HTTP/1.1" 200 7766 "-" "Mozilla/5.0 (Linux; Android 6.0.1; Nexus 5X Build/MMB29P) AppleWebKit/537.36 (KHTML, like Gecko) Chrome/144.0.7559.132 Mobile Safari/537.36 (compatible; Googlebot/2.1; +http://www.google.com/bot.html)"
54.36.60.91 - - [25/Feb/2026:22:06:25 +0100] "GET /products/ideal-31-152-replacement-s-class-fiberglass-fish-tape-with-l/201073886/ HTTP/1.1" 404 91446 "-" "Mozilla/5.0 (compatible; MJ12bot/v1.4.8; http://mj12bot.com/)"
54.36.60.91 - - [25/Feb/2026:22:06:27 +0100] "GET /products/ideal-31-466-foam-carrier-12-in-5-pack-bag/201751349/ HTTP/1.1" 404 91446 "-" "Mozilla/5.0 (compatible; MJ12bot/v1.4.8; http://mj12bot.com/)"
54.36.60.91 - - [25/Feb/2026:22:06:29 +0100] "GET /products/ideal-35-260-hacksaw-frame/12282246/ HTTP/1.1" 404 91446 "-" "Mozilla/5.0 (compatible; MJ12bot/v1.4.8; http://mj12bot.com/)"
66.249.77.36 - - [25/Feb/2026:22:06:29 +0100] "GET /cgi-sys/suspendedpage.cgi?l=79902266866201 HTTP/1.1" 200 7766 "-" "Mozilla/5.0 (Linux; Android 6.0.1; Nexus 5X Build/MMB29P) AppleWebKit/537.36 (KHTML, like Gecko) Chrome/144.0.7559.132 Mobile Safari/537.36 (compatible; Googlebot/2.1; +http://www.google.com/bot.html)"
54.36.60.91 - - [25/Feb/2026:22:06:31 +0100] "GET /products/ideal-40-led-overbed-wall-light-brushed-nickel-finish/202595693/ HTTP/1.1" 404 91446 "-" "Mozilla/5.0 (compatible; MJ12bot/v1.4.8; http://mj12bot.com/)"
54.36.60.91 - - [25/Feb/2026:22:06:33 +0100] "GET /products/ideal-45-1513-custom-stripmaster-wire-stripper/201073164/ HTTP/1.1" 404 91446 "-" "Mozilla/5.0 (compatible; MJ12bot/v1.4.8; http://mj12bot.com/)"
54.36.60.91 - - [25/Feb/2026:22:06:35 +0100] "GET /products/ideal-45-1609-custom-stripmaster-wire-stripper-10-14-awg-wir/201073024/ HTTP/1.1" 404 91446 "-" "Mozilla/5.0 (compatible; MJ12bot/v1.4.8; http://mj12bot.com/)"
54.36.60.91 - - [25/Feb/2026:22:06:37 +0100] "GET /products/ideal-45-1633-1-16-26-awg-blade-set/201754572/ HTTP/1.1" 404 91446 "-" "Mozilla/5.0 (compatible; MJ12bot/v1.4.8; http://mj12bot.com/)"
54.36.60.91 - - [25/Feb/2026:22:06:39 +0100] "GET /products/ideal-45-1633-1-custom-stripmaster-blade-set-for-45-1633/201073152/ HTTP/1.1" 404 91446 "-" "Mozilla/5.0 (compatible; MJ12bot/v1.4.8; http://mj12bot.com/)"
54.36.60.91 - - [25/Feb/2026:22:06:40 +0100] "GET /products/ideal-45-2131-16-24-awg-custom-lite-wire-stripper/201754871/ HTTP/1.1" 404 91446 "-" "Mozilla/5.0 (compatible; MJ12bot/v1.4.8; http://mj12bot.com/)"
54.36.60.91 - - [25/Feb/2026:22:06:42 +0100] "GET /products/ideal-45-249-122-nm-cable-t-stripper-wire-stripper/201754829/ HTTP/1.1" 404 91446 "-" "Mozilla/5.0 (compatible; MJ12bot/v1.4.8; http://mj12bot.com/)"
185.191.171.8 - - [25/Feb/2026:22:06:44 +0100] "GET /148179284.htm HTTP/1.1" 404 87047 "-" "Mozilla/5.0 (compatible; SemrushBot/7~bl; +http://www.semrush.com/bot.html)"
54.36.60.91 - - [25/Feb/2026:22:06:44 +0100] "GET /products/ideal-45-2693-16-22-awg-custom-lite-wire-stripper/201754782/ HTTP/1.1" 404 91446 "-" "Mozilla/5.0 (compatible; MJ12bot/v1.4.8; http://mj12bot.com/)"
54.36.60.91 - - [25/Feb/2026:22:06:46 +0100] "GET /products/ideal-45-2825-5-10-14-awg-wire-stop-plate/201754732/ HTTP/1.1" 404 91446 "-" "Mozilla/5.0 (compatible; MJ12bot/v1.4.8; http://mj12bot.com/)"
54.36.60.91 - - [25/Feb/2026:22:06:48 +0100] "GET /products/ideal-45-2887-1-16-26-awg-die-type-blade-set/201754723/ HTTP/1.1" 404 91446 "-" "Mozilla/5.0 (compatible; MJ12bot/v1.4.8; http://mj12bot.com/)"
54.36.60.91 - - [25/Feb/2026:22:06:50 +0100] "GET /products/ideal-45-376-custom-stripmaster-wire-stripper-10-14-awg-file-pad/201073108/ HTTP/1.1" 404 91446 "-" "Mozilla/5.0 (compatible; MJ12bot/v1.4.8; http://mj12bot.com/)"
66.249.72.5 - - [25/Feb/2026:22:06:51 +0100] "GET /cgi-sys/suspendedpage.cgi?l=04499264841806 HTTP/1.1" 200 7766 "-" "Mozilla/5.0 (Linux; Android 6.0.1; Nexus 5X Build/MMB29P) AppleWebKit/537.36 (KHTML, like Gecko) Chrome/144.0.7559.132 Mobile Safari/537.36 (compatible; Googlebot/2.1; +http://www.google.com/bot.html)"
23.88.19.39 - - [25/Feb/2026:22:06:52 +0100] "POST /wp-cron.php?doing_wp_cron=1772053612.4766750335693359375000 HTTP/1.1" 404 87047 "-" "WordPress/6.9.1; https://alfouzantransport.com"
54.36.60.91 - - [25/Feb/2026:22:06:52 +0100] "GET /products/ideal-45-473-10-14-awg-custom-parallel-gripper/201754679/ HTTP/1.1" 404 91446 "-" "Mozilla/5.0 (compatible; MJ12bot/v1.4.8; http://mj12bot.com/)"
66.249.72.5 - - [25/Feb/2026:22:06:54 +0100] "GET /cgi-sys/suspendedpage.cgi?l=2207818066602 HTTP/1.1" 200 7766 "-" "Mozilla/5.0 (Linux; Android 6.0.1; Nexus 5X Build/MMB29P) AppleWebKit/537.36 (KHTML, like Gecko) Chrome/144.0.7559.132 Mobile Safari/537.36 (compatible; Googlebot/2.1; +http://www.google.com/bot.html)"
54.36.60.91 - - [25/Feb/2026:22:06:54 +0100] "GET /products/ideal-46-344-thermo-shrink-heavy-wall-heat-shrink-9-length-12-6-awg/201750122/ HTTP/1.1" 404 91446 "-" "Mozilla/5.0 (compatible; MJ12bot/v1.4.8; http://mj12bot.com/)"
54.36.60.91 - - [25/Feb/2026:22:06:56 +0100] "GET /products/ideal-adjustable-coax-stripper/9184661/ HTTP/1.1" 404 91446 "-" "Mozilla/5.0 (compatible; MJ12bot/v1.4.8; http://mj12bot.com/)"
66.249.72.5 - - [25/Feb/2026:22:06:57 +0100] "GET /cgi-sys/suspendedpage.cgi?l=83604190215307 HTTP/1.1" 200 7766 "-" "Mozilla/5.0 (Linux; Android 6.0.1; Nexus 5X Build/MMB29P) AppleWebKit/537.36 (KHTML, like Gecko) Chrome/144.0.7559.132 Mobile Safari/537.36 (compatible; Googlebot/2.1; +http://www.google.com/bot.html)"
54.36.60.91 - - [25/Feb/2026:22:06:57 +0100] "GET /products/ideal-b-11-50-9-d-cable-tie-11-50lb-natural-500pack/201750338/ HTTP/1.1" 404 91446 "-" "Mozilla/5.0 (compatible; MJ12bot/v1.4.8; http://mj12bot.com/)"
157.55.39.205 - - [25/Feb/2026:22:06:58 +0100] "GET /?l=94273244706600 HTTP/2.0" 301 - "-" "Mozilla/5.0 AppleWebKit/537.36 (KHTML, like Gecko; compatible; bingbot/2.0; +http://www.bing.com/bingbot.htm) Chrome/116.0.1938.76 Safari/537.36"
54.36.60.91 - - [25/Feb/2026:22:06:59 +0100] "GET /products/ideal-industries-35-035-ratcheting-cable-cutter/8890210/ HTTP/1.1" 404 91446 "-" "Mozilla/5.0 (compatible; MJ12bot/v1.4.8; http://mj12bot.com/)"
185.191.171.17 - - [25/Feb/2026:22:07:01 +0100] "GET /11865241074.htm HTTP/1.1" 404 87047 "-" "Mozilla/5.0 (compatible; SemrushBot/7~bl; +http://www.semrush.com/bot.html)"
54.36.60.91 - - [25/Feb/2026:22:07:01 +0100] "GET /products/ideal-it2smh-m-cable-tie-mounting-head-8-50-lb-natural-1000b/201750301/ HTTP/1.1" 404 91446 "-" "Mozilla/5.0 (compatible; MJ12bot/v1.4.8; http://mj12bot.com/)"
66.249.77.36 - - [25/Feb/2026:22:07:02 +0100] "GET /cgi-sys/suspendedpage.cgi?l=7127892016601 HTTP/1.1" 200 7766 "-" "Mozilla/5.0 (Linux; Android 6.0.1; Nexus 5X Build/MMB29P) AppleWebKit/537.36 (KHTML, like Gecko) Chrome/144.0.7559.132 Mobile Safari/537.36 (compatible; Googlebot/2.1; +http://www.google.com/bot.html)"
54.36.60.91 - - [25/Feb/2026:22:07:03 +0100] "GET /products/ideal-meter/285026/ HTTP/1.1" 404 91446 "-" "Mozilla/5.0 (compatible; MJ12bot/v1.4.8; http://mj12bot.com/)"
85.208.96.194 - - [25/Feb/2026:22:07:04 +0100] "GET /11865234596.htm HTTP/1.1" 404 87047 "-" "Mozilla/5.0 (compatible; SemrushBot/7~bl; +http://www.semrush.com/bot.html)"
54.36.60.91 - - [25/Feb/2026:22:07:05 +0100] "GET /products/ideal-multimeter/1569880/ HTTP/1.1" 404 91446 "-" "Mozilla/5.0 (compatible; MJ12bot/v1.4.8; http://mj12bot.com/)"
40.77.167.17 - - [25/Feb/2026:22:07:06 +0100] "GET /?l=87723107763600 HTTP/2.0" 301 - "-" "Mozilla/5.0 AppleWebKit/537.36 (KHTML, like Gecko; compatible; bingbot/2.0; +http://www.bing.com/bingbot.htm) Chrome/116.0.1938.76 Safari/537.36"
54.36.60.91 - - [25/Feb/2026:22:07:07 +0100] "GET /products/ideal-original-peter-playpal-in-original-outfit/18373549/ HTTP/1.1" 404 91446 "-" "Mozilla/5.0 (compatible; MJ12bot/v1.4.8; http://mj12bot.com/)"
85.208.96.206 - - [25/Feb/2026:22:07:07 +0100] "GET /80239232354.htm HTTP/1.1" 404 87047 "-" "Mozilla/5.0 (compatible; SemrushBot/7~bl; +http://www.semrush.com/bot.html)"
54.36.60.91 - - [25/Feb/2026:22:07:09 +0100] "GET /products/ideal-pet-products-designer-series-pet-door-medium-white-212/203206160/ HTTP/1.1" 404 91446 "-" "Mozilla/5.0 (compatible; MJ12bot/v1.4.8; http://mj12bot.com/)"
157.55.39.58 - - [25/Feb/2026:22:07:09 +0100] "GET /?l=94273244706600 HTTP/2.0" 200 192282 "-" "Mozilla/5.0 AppleWebKit/537.36 (KHTML, like Gecko; compatible; bingbot/2.0; +http://www.bing.com/bingbot.htm) Chrome/116.0.1938.76 Safari/537.36"
54.36.60.91 - - [25/Feb/2026:22:07:11 +0100] "GET /products/ideal-pet-products-lockable-cat-flap-door-small-white-1625-x-818-x-794/203210046/ HTTP/1.1" 404 91446 "-" "Mozilla/5.0 (compatible; MJ12bot/v1.4.8; http://mj12bot.com/)"
54.36.60.91 - - [25/Feb/2026:22:07:13 +0100] "GET /products/ideal-slk-disconnect-in-line-breakaway-set-screw-non-fused-3/200373455/ HTTP/1.1" 404 91446 "-" "Mozilla/5.0 (compatible; MJ12bot/v1.4.8; http://mj12bot.com/)"
54.36.60.91 - - [25/Feb/2026:22:07:14 +0100] "GET /products/ideal-slk-y-tap-dual-set-screw-2-line1-load-30-s2212d/200373487/ HTTP/1.1" 404 91446 "-" "Mozilla/5.0 (compatible; MJ12bot/v1.4.8; http://mj12bot.com/)"
54.36.60.91 - - [25/Feb/2026:22:07:16 +0100] "GET /products/ideal-tiny-kissy-mint-vintage-rare-outfit/18255201/ HTTP/1.1" 404 91446 "-" "Mozilla/5.0 (compatible; MJ12bot/v1.4.8; http://mj12bot.com/)"
54.36.60.91 - - [25/Feb/2026:22:07:18 +0100] "GET /products/idealhouse-corner-bookshelf-728in-farmhouse-bookcase-large-b/200516774/ HTTP/1.1" 404 91446 "-" "Mozilla/5.0 (compatible; MJ12bot/v1.4.8; http://mj12bot.com/)"
185.191.171.16 - - [25/Feb/2026:22:07:19 +0100] "GET /51205234018.htm HTTP/1.1" 404 87047 "-" "Mozilla/5.0 (compatible; SemrushBot/7~bl; +http://www.semrush.com/bot.html)"
54.36.60.91 - - [25/Feb/2026:22:07:20 +0100] "GET /products/idealhouse-litter-box-enclosure-with-top-opening-with-cushion-cat-litter-box-furniture-hidden-litter-box-hidden-cat-house-privacy-cat-litter-box-cabinet-white/200514541/ HTTP/1.1" 404 91446 "-" "Mozilla/5.0 (compatible; MJ12bot/v1.4.8; http://mj12bot.com/)"
54.36.60.91 - - [25/Feb/2026:22:07:22 +0100] "GET /products/idealhouse-pink-upholstered-twin-bed-frame-with-lights-styli/200491056/ HTTP/1.1" 404 91446 "-" "Mozilla/5.0 (compatible; MJ12bot/v1.4.8; http://mj12bot.com/)"
54.36.60.91 - - [25/Feb/2026:22:07:24 +0100] "GET /products/idealhouse-vintage-industrial-freestanding-wine-bar-cabinet/200530041/ HTTP/1.1" 404 91446 "-" "Mozilla/5.0 (compatible; MJ12bot/v1.4.8; http://mj12bot.com/)"
66.249.72.7 - - [25/Feb/2026:22:07:26 +0100] "GET /cgi-sys/suspendedpage.cgi?l=11148152006701 HTTP/1.1" 200 7766 "-" "Mozilla/5.0 (Linux; Android 6.0.1; Nexus 5X Build/MMB29P) AppleWebKit/537.36 (KHTML, like Gecko) Chrome/144.0.7559.132 Mobile Safari/537.36 (compatible; Googlebot/2.1; +http://www.google.com/bot.html)"
54.36.60.91 - - [25/Feb/2026:22:07:26 +0100] "GET /products/idealknee-advanced-knee-extension-pain-relief-device/15704396/ HTTP/1.1" 404 91446 "-" "Mozilla/5.0 (compatible; MJ12bot/v1.4.8; http://mj12bot.com/)"
54.36.60.91 - - [25/Feb/2026:22:07:28 +0100] "GET /products/ideaworks-umbrella-table-screen/202369651/ HTTP/1.1" 404 91446 "-" "Mozilla/5.0 (compatible; MJ12bot/v1.4.8; http://mj12bot.com/)"
66.249.72.6 - - [25/Feb/2026:22:07:29 +0100] "GET /cgi-sys/suspendedpage.cgi?l=7981841119505 HTTP/1.1" 200 7766 "-" "Mozilla/5.0 (Linux; Android 6.0.1; Nexus 5X Build/MMB29P) AppleWebKit/537.36 (KHTML, like Gecko) Chrome/144.0.7559.132 Mobile Safari/537.36 (compatible; Googlebot/2.1; +http://www.google.com/bot.html)"
54.36.60.91 - - [25/Feb/2026:22:07:30 +0100] "GET /products/idee-home-bathroom-floating-shelves-for-wall-wood-farmhouse/201168313/ HTTP/1.1" 404 91446 "-" "Mozilla/5.0 (compatible; MJ12bot/v1.4.8; http://mj12bot.com/)"
52.167.144.211 - - [25/Feb/2026:22:07:30 +0100] "GET /?l=5706322603501 HTTP/2.0" 200 192282 "-" "Mozilla/5.0 AppleWebKit/537.36 (KHTML, like Gecko; compatible; bingbot/2.0; +http://www.bing.com/bingbot.htm) Chrome/116.0.1938.76 Safari/537.36"
54.36.60.91 - - [25/Feb/2026:22:07:32 +0100] "GET /products/idem-ditto-shorts/9429193/ HTTP/1.1" 404 91446 "-" "Mozilla/5.0 (compatible; MJ12bot/v1.4.8; http://mj12bot.com/)"
54.36.60.91 - - [25/Feb/2026:22:07:33 +0100] "GET /products/identification-portable-terminal-ipt500-with-cradle-by-iris/9954117/ HTTP/1.1" 404 91446 "-" "Mozilla/5.0 (compatible; MJ12bot/v1.4.8; http://mj12bot.com/)"
85.208.96.198 - - [25/Feb/2026:22:07:34 +0100] "GET /79338272167.htm HTTP/1.1" 404 87047 "-" "Mozilla/5.0 (compatible; SemrushBot/7~bl; +http://www.semrush.com/bot.html)"
54.36.60.91 - - [25/Feb/2026:22:07:35 +0100] "GET /products/identity-v-lockcore-set/18329312/ HTTP/1.1" 404 91446 "-" "Mozilla/5.0 (compatible; MJ12bot/v1.4.8; http://mj12bot.com/)"
85.208.96.211 - - [25/Feb/2026:22:07:37 +0100] "GET /7986511561.htm HTTP/1.1" 404 87047 "-" "Mozilla/5.0 (compatible; SemrushBot/7~bl; +http://www.semrush.com/bot.html)"
54.36.60.91 - - [25/Feb/2026:22:07:37 +0100] "GET /products/identity-v-truth-inference-crimson-complete-figure/22063747/ HTTP/1.1" 404 91446 "-" "Mozilla/5.0 (compatible; MJ12bot/v1.4.8; http://mj12bot.com/)"
54.36.60.91 - - [25/Feb/2026:22:07:39 +0100] "GET /products/identitypollution-ladyg-collaboration-adam-gatcha-orginal-dc/5377984/ HTTP/1.1" 404 91446 "-" "Mozilla/5.0 (compatible; MJ12bot/v1.4.8; http://mj12bot.com/)"
