111.67.102.119 - - [25/Feb/2026:20:43:34 +0100] "POST /wp-login.php HTTP/2.0" 200 12689 "https://alfouzantransport.com/wp-login.php" "Mozilla/5.0 (Windows NT 10.0; Win64; x64; rv:122.0) Gecko/20100101 Firefox/122.0"
111.67.102.119 - - [25/Feb/2026:20:43:35 +0100] "POST /wp-login.php HTTP/2.0" 200 12689 "https://alfouzantransport.com/wp-login.php" "Mozilla/5.0 (Windows NT 10.0; Win64; x64; rv:122.0) Gecko/20100101 Firefox/122.0"
23.88.19.39 - - [25/Feb/2026:20:43:36 +0100] "POST /wp-cron.php?doing_wp_cron=1772048616.6805539131164550781250 HTTP/1.1" 404 87047 "-" "WordPress/6.9.1; https://alfouzantransport.com"
111.67.102.119 - - [25/Feb/2026:20:43:36 +0100] "POST /wp-login.php HTTP/2.0" 200 12689 "https://alfouzantransport.com/wp-login.php" "Mozilla/5.0 (Windows NT 10.0; Win64; x64; rv:122.0) Gecko/20100101 Firefox/122.0"
111.67.102.119 - - [25/Feb/2026:20:43:37 +0100] "POST /wp-login.php HTTP/2.0" 200 12689 "https://alfouzantransport.com/wp-login.php" "Mozilla/5.0 (Windows NT 10.0; Win64; x64; rv:122.0) Gecko/20100101 Firefox/122.0"
111.67.102.119 - - [25/Feb/2026:20:43:37 +0100] "POST /wp-login.php HTTP/2.0" 200 12689 "https://alfouzantransport.com/wp-login.php" "Mozilla/5.0 (Windows NT 10.0; Win64; x64; rv:122.0) Gecko/20100101 Firefox/122.0"
111.67.102.119 - - [25/Feb/2026:20:43:38 +0100] "POST /wp-login.php HTTP/2.0" 200 12689 "https://alfouzantransport.com/wp-login.php" "Mozilla/5.0 (Windows NT 10.0; Win64; x64; rv:122.0) Gecko/20100101 Firefox/122.0"
40.77.167.132 - - [25/Feb/2026:20:43:39 +0100] "GET /?l=79959191855000 HTTP/2.0" 301 - "-" "Mozilla/5.0 AppleWebKit/537.36 (KHTML, like Gecko; compatible; bingbot/2.0; +http://www.bing.com/bingbot.htm) Chrome/116.0.1938.76 Safari/537.36"
111.67.102.119 - - [25/Feb/2026:20:43:39 +0100] "POST /wp-login.php HTTP/2.0" 200 12689 "https://alfouzantransport.com/wp-login.php" "Mozilla/5.0 (Windows NT 10.0; Win64; x64; rv:122.0) Gecko/20100101 Firefox/122.0"
111.67.102.119 - - [25/Feb/2026:20:43:40 +0100] "POST /wp-login.php HTTP/2.0" 200 12689 "https://alfouzantransport.com/wp-login.php" "Mozilla/5.0 (Windows NT 10.0; Win64; x64; rv:122.0) Gecko/20100101 Firefox/122.0"
40.77.167.26 - - [25/Feb/2026:20:43:40 +0100] "GET /?l=92650235374604 HTTP/2.0" 200 192282 "-" "Mozilla/5.0 AppleWebKit/537.36 (KHTML, like Gecko; compatible; bingbot/2.0; +http://www.bing.com/bingbot.htm) Chrome/116.0.1938.76 Safari/537.36"
111.67.102.119 - - [25/Feb/2026:20:43:41 +0100] "POST /wp-login.php HTTP/2.0" 200 12689 "https://alfouzantransport.com/wp-login.php" "Mozilla/5.0 (Windows NT 10.0; Win64; x64; rv:122.0) Gecko/20100101 Firefox/122.0"
207.46.13.9 - - [25/Feb/2026:20:43:38 +0100] "GET /?l=20552151660805 HTTP/2.0" 200 192282 "-" "Mozilla/5.0 AppleWebKit/537.36 (KHTML, like Gecko; compatible; bingbot/2.0; +http://www.bing.com/bingbot.htm) Chrome/116.0.1938.76 Safari/537.36"
111.67.102.119 - - [25/Feb/2026:20:43:42 +0100] "POST /wp-login.php HTTP/2.0" 200 12689 "https://alfouzantransport.com/wp-login.php" "Mozilla/5.0 (Windows NT 10.0; Win64; x64; rv:122.0) Gecko/20100101 Firefox/122.0"
111.67.102.119 - - [25/Feb/2026:20:43:43 +0100] "POST /wp-login.php HTTP/2.0" 200 12689 "https://alfouzantransport.com/wp-login.php" "Mozilla/5.0 (Windows NT 10.0; Win64; x64; rv:122.0) Gecko/20100101 Firefox/122.0"
207.46.13.9 - - [25/Feb/2026:20:43:42 +0100] "GET /?l=176808387003 HTTP/2.0" 200 192282 "-" "Mozilla/5.0 AppleWebKit/537.36 (KHTML, like Gecko; compatible; bingbot/2.0; +http://www.bing.com/bingbot.htm) Chrome/116.0.1938.76 Safari/537.36"
207.46.13.52 - - [25/Feb/2026:20:43:46 +0100] "GET /?l=651977400403 HTTP/2.0" 301 - "-" "Mozilla/5.0 AppleWebKit/537.36 (KHTML, like Gecko; compatible; bingbot/2.0; +http://www.bing.com/bingbot.htm) Chrome/116.0.1938.76 Safari/537.36"
52.167.144.140 - - [25/Feb/2026:20:43:46 +0100] "GET /?l=91359129085600 HTTP/2.0" 200 192282 "-" "Mozilla/5.0 AppleWebKit/537.36 (KHTML, like Gecko; compatible; bingbot/2.0; +http://www.bing.com/bingbot.htm) Chrome/116.0.1938.76 Safari/537.36"
52.167.144.140 - - [25/Feb/2026:20:43:47 +0100] "GET /?l=0632468578202 HTTP/2.0" 200 192282 "-" "Mozilla/5.0 AppleWebKit/537.36 (KHTML, like Gecko; compatible; bingbot/2.0; +http://www.bing.com/bingbot.htm) Chrome/116.0.1938.76 Safari/537.36"
52.167.144.140 - - [25/Feb/2026:20:43:48 +0100] "GET /?l=81724177271803 HTTP/2.0" 200 192282 "-" "Mozilla/5.0 AppleWebKit/537.36 (KHTML, like Gecko; compatible; bingbot/2.0; +http://www.bing.com/bingbot.htm) Chrome/116.0.1938.76 Safari/537.36"
52.167.144.190 - - [25/Feb/2026:20:43:49 +0100] "GET /?l=75025237645600 HTTP/2.0" 301 - "-" "Mozilla/5.0 AppleWebKit/537.36 (KHTML, like Gecko; compatible; bingbot/2.0; +http://www.bing.com/bingbot.htm) Chrome/116.0.1938.76 Safari/537.36"
52.167.144.190 - - [25/Feb/2026:20:43:50 +0100] "GET /?l=72747273432403 HTTP/2.0" 301 - "-" "Mozilla/5.0 AppleWebKit/537.36 (KHTML, like Gecko; compatible; bingbot/2.0; +http://www.bing.com/bingbot.htm) Chrome/116.0.1938.76 Safari/537.36"
85.208.96.196 - - [25/Feb/2026:20:44:03 +0100] "GET /8023944974.htm HTTP/1.1" 404 87047 "-" "Mozilla/5.0 (compatible; SemrushBot/7~bl; +http://www.semrush.com/bot.html)"
207.46.13.9 - - [25/Feb/2026:20:44:01 +0100] "GET /?l=9098222417400 HTTP/2.0" 200 192282 "-" "Mozilla/5.0 AppleWebKit/537.36 (KHTML, like Gecko; compatible; bingbot/2.0; +http://www.bing.com/bingbot.htm) Chrome/116.0.1938.76 Safari/537.36"
207.46.13.52 - - [25/Feb/2026:20:44:06 +0100] "GET /?l=10841297082002 HTTP/2.0" 301 - "-" "Mozilla/5.0 AppleWebKit/537.36 (KHTML, like Gecko; compatible; bingbot/2.0; +http://www.bing.com/bingbot.htm) Chrome/116.0.1938.76 Safari/537.36"
52.167.144.140 - - [25/Feb/2026:20:44:07 +0100] "GET /?l=92949272404 HTTP/2.0" 200 192282 "-" "Mozilla/5.0 AppleWebKit/537.36 (KHTML, like Gecko; compatible; bingbot/2.0; +http://www.bing.com/bingbot.htm) Chrome/116.0.1938.76 Safari/537.36"
185.191.171.4 - - [25/Feb/2026:20:44:08 +0100] "GET /1186522123.htm HTTP/1.1" 404 87047 "-" "Mozilla/5.0 (compatible; SemrushBot/7~bl; +http://www.semrush.com/bot.html)"
52.167.144.190 - - [25/Feb/2026:20:44:15 +0100] "GET /?l=7830082606800 HTTP/2.0" 301 - "-" "Mozilla/5.0 AppleWebKit/537.36 (KHTML, like Gecko; compatible; bingbot/2.0; +http://www.bing.com/bingbot.htm) Chrome/116.0.1938.76 Safari/537.36"
52.167.144.190 - - [25/Feb/2026:20:44:16 +0100] "GET /?l=8825914796005 HTTP/2.0" 301 - "-" "Mozilla/5.0 AppleWebKit/537.36 (KHTML, like Gecko; compatible; bingbot/2.0; +http://www.bing.com/bingbot.htm) Chrome/116.0.1938.76 Safari/537.36"
52.167.144.190 - - [25/Feb/2026:20:44:17 +0100] "GET /?l=99220176090801 HTTP/2.0" 301 - "-" "Mozilla/5.0 AppleWebKit/537.36 (KHTML, like Gecko; compatible; bingbot/2.0; +http://www.bing.com/bingbot.htm) Chrome/116.0.1938.76 Safari/537.36"
40.77.167.26 - - [25/Feb/2026:20:44:18 +0100] "GET /?l=99869256164605 HTTP/2.0" 200 192282 "-" "Mozilla/5.0 AppleWebKit/537.36 (KHTML, like Gecko; compatible; bingbot/2.0; +http://www.bing.com/bingbot.htm) Chrome/116.0.1938.76 Safari/537.36"
207.46.13.52 - - [25/Feb/2026:20:44:25 +0100] "GET /?l=08022158420000 HTTP/2.0" 301 - "-" "Mozilla/5.0 AppleWebKit/537.36 (KHTML, like Gecko; compatible; bingbot/2.0; +http://www.bing.com/bingbot.htm) Chrome/116.0.1938.76 Safari/537.36"
52.167.144.190 - - [25/Feb/2026:20:44:27 +0100] "GET /?l=1626431332205 HTTP/2.0" 301 - "-" "Mozilla/5.0 AppleWebKit/537.36 (KHTML, like Gecko; compatible; bingbot/2.0; +http://www.bing.com/bingbot.htm) Chrome/116.0.1938.76 Safari/537.36"
40.77.167.132 - - [25/Feb/2026:20:44:27 +0100] "GET /?l=0667797751804 HTTP/2.0" 301 - "-" "Mozilla/5.0 AppleWebKit/537.36 (KHTML, like Gecko; compatible; bingbot/2.0; +http://www.bing.com/bingbot.htm) Chrome/116.0.1938.76 Safari/537.36"
40.77.167.132 - - [25/Feb/2026:20:44:27 +0100] "GET /?l=45848248099603 HTTP/2.0" 301 - "-" "Mozilla/5.0 AppleWebKit/537.36 (KHTML, like Gecko; compatible; bingbot/2.0; +http://www.bing.com/bingbot.htm) Chrome/116.0.1938.76 Safari/537.36"
207.46.13.9 - - [25/Feb/2026:20:44:24 +0100] "GET /?l=89279143527606 HTTP/2.0" 200 192282 "-" "Mozilla/5.0 AppleWebKit/537.36 (KHTML, like Gecko; compatible; bingbot/2.0; +http://www.bing.com/bingbot.htm) Chrome/116.0.1938.76 Safari/537.36"
85.208.96.207 - - [25/Feb/2026:20:44:28 +0100] "GET /79338250774.htm HTTP/1.1" 404 87047 "-" "Mozilla/5.0 (compatible; SemrushBot/7~bl; +http://www.semrush.com/bot.html)"
40.77.167.26 - - [25/Feb/2026:20:44:28 +0100] "GET /?l=019224887703 HTTP/2.0" 200 192282 "-" "Mozilla/5.0 AppleWebKit/537.36 (KHTML, like Gecko; compatible; bingbot/2.0; +http://www.bing.com/bingbot.htm) Chrome/116.0.1938.76 Safari/537.36"
23.88.19.39 - - [25/Feb/2026:20:44:53 +0100] "POST /wp-cron.php?doing_wp_cron=1772048693.0132470130920410156250 HTTP/1.1" 404 87047 "-" "WordPress/6.9.1; https://alfouzantransport.com"
111.67.102.119 - - [25/Feb/2026:20:44:52 +0100] "POST /wp-login.php HTTP/2.0" 200 12689 "https://alfouzantransport.com/wp-login.php" "Mozilla/5.0 (Windows NT 10.0; Win64; x64; rv:122.0) Gecko/20100101 Firefox/122.0"
23.88.19.39 - - [25/Feb/2026:20:44:53 +0100] "POST /wp-cron.php?doing_wp_cron=1772048693.1878480911254882812500 HTTP/1.1" 404 87047 "-" "WordPress/6.9.1; https://alfouzantransport.com"
47.131.74.121 - - [25/Feb/2026:20:44:52 +0100] "POST /wp-login.php HTTP/1.1" 200 12641 "-" "Mozilla/5.0 (Windows NT 10.0) AppleWebKit/537.36 (KHTML, like Gecko) Chrome/138.0.0.0 Safari/537.36"
52.167.144.190 - - [25/Feb/2026:20:44:53 +0100] "GET /?l=08639208567600 HTTP/2.0" 301 - "-" "Mozilla/5.0 AppleWebKit/537.36 (KHTML, like Gecko; compatible; bingbot/2.0; +http://www.bing.com/bingbot.htm) Chrome/116.0.1938.76 Safari/537.36"
111.67.102.119 - - [25/Feb/2026:20:44:53 +0100] "POST /wp-login.php HTTP/2.0" 200 12689 "https://alfouzantransport.com/wp-login.php" "Mozilla/5.0 (Windows NT 10.0; Win64; x64; rv:122.0) Gecko/20100101 Firefox/122.0"
111.67.102.119 - - [25/Feb/2026:20:44:54 +0100] "POST /wp-login.php HTTP/2.0" 200 12689 "https://alfouzantransport.com/wp-login.php" "Mozilla/5.0 (Windows NT 10.0; Win64; x64; rv:122.0) Gecko/20100101 Firefox/122.0"
111.67.102.119 - - [25/Feb/2026:20:44:55 +0100] "POST /wp-login.php HTTP/2.0" 200 12689 "https://alfouzantransport.com/wp-login.php" "Mozilla/5.0 (Windows NT 10.0; Win64; x64; rv:122.0) Gecko/20100101 Firefox/122.0"
111.67.102.119 - - [25/Feb/2026:20:44:56 +0100] "POST /wp-login.php HTTP/2.0" 200 12689 "https://alfouzantransport.com/wp-login.php" "Mozilla/5.0 (Windows NT 10.0; Win64; x64; rv:122.0) Gecko/20100101 Firefox/122.0"
111.67.102.119 - - [25/Feb/2026:20:44:57 +0100] "POST /wp-login.php HTTP/2.0" 200 12689 "https://alfouzantransport.com/wp-login.php" "Mozilla/5.0 (Windows NT 10.0; Win64; x64; rv:122.0) Gecko/20100101 Firefox/122.0"
111.67.102.119 - - [25/Feb/2026:20:44:58 +0100] "POST /wp-login.php HTTP/2.0" 200 12689 "https://alfouzantransport.com/wp-login.php" "Mozilla/5.0 (Windows NT 10.0; Win64; x64; rv:122.0) Gecko/20100101 Firefox/122.0"
111.67.102.119 - - [25/Feb/2026:20:44:59 +0100] "POST /wp-login.php HTTP/2.0" 200 12689 "https://alfouzantransport.com/wp-login.php" "Mozilla/5.0 (Windows NT 10.0; Win64; x64; rv:122.0) Gecko/20100101 Firefox/122.0"
111.67.102.119 - - [25/Feb/2026:20:45:00 +0100] "POST /wp-login.php HTTP/2.0" 200 12689 "https://alfouzantransport.com/wp-login.php" "Mozilla/5.0 (Windows NT 10.0; Win64; x64; rv:122.0) Gecko/20100101 Firefox/122.0"
111.67.102.119 - - [25/Feb/2026:20:45:00 +0100] "POST /wp-login.php HTTP/2.0" 200 12689 "https://alfouzantransport.com/wp-login.php" "Mozilla/5.0 (Windows NT 10.0; Win64; x64; rv:122.0) Gecko/20100101 Firefox/122.0"
111.67.102.119 - - [25/Feb/2026:20:45:01 +0100] "POST /wp-login.php HTTP/2.0" 200 12689 "https://alfouzantransport.com/wp-login.php" "Mozilla/5.0 (Windows NT 10.0; Win64; x64; rv:122.0) Gecko/20100101 Firefox/122.0"
40.77.167.74 - - [25/Feb/2026:20:45:02 +0100] "GET /?l=08639208567600 HTTP/2.0" 200 192282 "-" "Mozilla/5.0 AppleWebKit/537.36 (KHTML, like Gecko; compatible; bingbot/2.0; +http://www.bing.com/bingbot.htm) Chrome/116.0.1938.76 Safari/537.36"
111.67.102.119 - - [25/Feb/2026:20:45:02 +0100] "POST /wp-login.php HTTP/2.0" 200 12689 "https://alfouzantransport.com/wp-login.php" "Mozilla/5.0 (Windows NT 10.0; Win64; x64; rv:122.0) Gecko/20100101 Firefox/122.0"
111.67.102.119 - - [25/Feb/2026:20:45:03 +0100] "POST /wp-login.php HTTP/2.0" 200 12689 "https://alfouzantransport.com/wp-login.php" "Mozilla/5.0 (Windows NT 10.0; Win64; x64; rv:122.0) Gecko/20100101 Firefox/122.0"
111.67.102.119 - - [25/Feb/2026:20:45:04 +0100] "POST /wp-login.php HTTP/2.0" 200 12689 "https://alfouzantransport.com/wp-login.php" "Mozilla/5.0 (Windows NT 10.0; Win64; x64; rv:122.0) Gecko/20100101 Firefox/122.0"
111.67.102.119 - - [25/Feb/2026:20:45:06 +0100] "POST /wp-login.php HTTP/2.0" 200 12689 "https://alfouzantransport.com/wp-login.php" "Mozilla/5.0 (Windows NT 10.0; Win64; x64; rv:122.0) Gecko/20100101 Firefox/122.0"
111.67.102.119 - - [25/Feb/2026:20:45:06 +0100] "POST /wp-login.php HTTP/2.0" 200 12689 "https://alfouzantransport.com/wp-login.php" "Mozilla/5.0 (Windows NT 10.0; Win64; x64; rv:122.0) Gecko/20100101 Firefox/122.0"
111.67.102.119 - - [25/Feb/2026:20:45:07 +0100] "POST /wp-login.php HTTP/2.0" 200 12689 "https://alfouzantransport.com/wp-login.php" "Mozilla/5.0 (Windows NT 10.0; Win64; x64; rv:122.0) Gecko/20100101 Firefox/122.0"
111.67.102.119 - - [25/Feb/2026:20:45:08 +0100] "POST /wp-login.php HTTP/2.0" 200 12689 "https://alfouzantransport.com/wp-login.php" "Mozilla/5.0 (Windows NT 10.0; Win64; x64; rv:122.0) Gecko/20100101 Firefox/122.0"
207.46.13.9 - - [25/Feb/2026:20:45:04 +0100] "GET /?l=31617143089803 HTTP/2.0" 200 192282 "-" "Mozilla/5.0 AppleWebKit/537.36 (KHTML, like Gecko; compatible; bingbot/2.0; +http://www.bing.com/bingbot.htm) Chrome/116.0.1938.76 Safari/537.36"
185.191.171.1 - - [25/Feb/2026:20:45:15 +0100] "GET /79338284041.htm HTTP/1.1" 404 87047 "-" "Mozilla/5.0 (compatible; SemrushBot/7~bl; +http://www.semrush.com/bot.html)"
40.77.167.132 - - [25/Feb/2026:20:45:15 +0100] "GET /?l=9271249075803 HTTP/2.0" 301 - "-" "Mozilla/5.0 AppleWebKit/537.36 (KHTML, like Gecko; compatible; bingbot/2.0; +http://www.bing.com/bingbot.htm) Chrome/116.0.1938.76 Safari/537.36"
40.77.167.26 - - [25/Feb/2026:20:45:15 +0100] "GET /?l=06774228531904 HTTP/2.0" 200 192282 "-" "Mozilla/5.0 AppleWebKit/537.36 (KHTML, like Gecko; compatible; bingbot/2.0; +http://www.bing.com/bingbot.htm) Chrome/116.0.1938.76 Safari/537.36"
85.208.96.211 - - [25/Feb/2026:20:45:29 +0100] "GET /365589379.htm HTTP/1.1" 404 87047 "-" "Mozilla/5.0 (compatible; SemrushBot/7~bl; +http://www.semrush.com/bot.html)"
85.208.96.212 - - [25/Feb/2026:20:45:39 +0100] "GET /80239196545.htm HTTP/1.1" 404 87047 "-" "Mozilla/5.0 (compatible; SemrushBot/7~bl; +http://www.semrush.com/bot.html)"
185.191.171.19 - - [25/Feb/2026:20:45:42 +0100] "GET /79865150123.htm HTTP/1.1" 404 87047 "-" "Mozilla/5.0 (compatible; SemrushBot/7~bl; +http://www.semrush.com/bot.html)"
40.77.167.132 - - [25/Feb/2026:20:45:46 +0100] "GET /?l=74901141182801 HTTP/2.0" 301 - "-" "Mozilla/5.0 AppleWebKit/537.36 (KHTML, like Gecko; compatible; bingbot/2.0; +http://www.bing.com/bingbot.htm) Chrome/116.0.1938.76 Safari/537.36"
185.191.171.7 - - [25/Feb/2026:20:45:52 +0100] "GET /79338106754.htm HTTP/1.1" 404 87047 "-" "Mozilla/5.0 (compatible; SemrushBot/7~bl; +http://www.semrush.com/bot.html)"
23.88.19.39 - - [25/Feb/2026:20:45:57 +0100] "POST /wp-cron.php?doing_wp_cron=1772048756.9905419349670410156250 HTTP/1.1" 404 87047 "-" "WordPress/6.9.1; https://alfouzantransport.com"
185.191.171.9 - - [25/Feb/2026:20:45:56 +0100] "GET /80239100832.htm HTTP/1.1" 404 87047 "-" "Mozilla/5.0 (compatible; SemrushBot/7~bl; +http://www.semrush.com/bot.html)"
85.208.96.199 - - [25/Feb/2026:20:46:00 +0100] "GET /7933888371.htm HTTP/1.1" 404 87047 "-" "Mozilla/5.0 (compatible; SemrushBot/7~bl; +http://www.semrush.com/bot.html)"
111.67.102.119 - - [25/Feb/2026:20:46:13 +0100] "POST /wp-login.php HTTP/2.0" 200 12689 "https://alfozan-tic.com/wp-login.php" "Mozilla/5.0 (Windows NT 10.0; Win64; x64; rv:122.0) Gecko/20100101 Firefox/122.0"
111.67.102.119 - - [25/Feb/2026:20:46:13 +0100] "POST /wp-login.php HTTP/2.0" 200 12689 "https://alfozan-tic.com/wp-login.php" "Mozilla/5.0 (Windows NT 10.0; Win64; x64; rv:122.0) Gecko/20100101 Firefox/122.0"
111.67.102.119 - - [25/Feb/2026:20:46:14 +0100] "POST /wp-login.php HTTP/2.0" 200 12689 "https://alfozan-tic.com/wp-login.php" "Mozilla/5.0 (Windows NT 10.0; Win64; x64; rv:122.0) Gecko/20100101 Firefox/122.0"
111.67.102.119 - - [25/Feb/2026:20:46:15 +0100] "POST /wp-login.php HTTP/2.0" 200 12689 "https://alfozan-tic.com/wp-login.php" "Mozilla/5.0 (Windows NT 10.0; Win64; x64; rv:122.0) Gecko/20100101 Firefox/122.0"
40.77.167.26 - - [25/Feb/2026:20:46:15 +0100] "GET /?l=9013545181200 HTTP/2.0" 200 192282 "-" "Mozilla/5.0 AppleWebKit/537.36 (KHTML, like Gecko; compatible; bingbot/2.0; +http://www.bing.com/bingbot.htm) Chrome/116.0.1938.76 Safari/537.36"
111.67.102.119 - - [25/Feb/2026:20:46:16 +0100] "POST /wp-login.php HTTP/2.0" 200 12689 "https://alfozan-tic.com/wp-login.php" "Mozilla/5.0 (Windows NT 10.0; Win64; x64; rv:122.0) Gecko/20100101 Firefox/122.0"
111.67.102.119 - - [25/Feb/2026:20:46:17 +0100] "POST /wp-login.php HTTP/2.0" 200 12689 "https://alfozan-tic.com/wp-login.php" "Mozilla/5.0 (Windows NT 10.0; Win64; x64; rv:122.0) Gecko/20100101 Firefox/122.0"
111.67.102.119 - - [25/Feb/2026:20:46:18 +0100] "POST /wp-login.php HTTP/2.0" 200 12689 "https://alfozan-tic.com/wp-login.php" "Mozilla/5.0 (Windows NT 10.0; Win64; x64; rv:122.0) Gecko/20100101 Firefox/122.0"
85.208.96.211 - - [25/Feb/2026:20:46:18 +0100] "GET /5813073307.htm HTTP/1.1" 404 87047 "-" "Mozilla/5.0 (compatible; SemrushBot/7~bl; +http://www.semrush.com/bot.html)"
111.67.102.119 - - [25/Feb/2026:20:46:19 +0100] "POST /wp-login.php HTTP/2.0" 200 12689 "https://alfozan-tic.com/wp-login.php" "Mozilla/5.0 (Windows NT 10.0; Win64; x64; rv:122.0) Gecko/20100101 Firefox/122.0"
52.167.144.190 - - [25/Feb/2026:20:46:33 +0100] "GET /?l=48410168503407 HTTP/2.0" 301 - "-" "Mozilla/5.0 AppleWebKit/537.36 (KHTML, like Gecko; compatible; bingbot/2.0; +http://www.bing.com/bingbot.htm) Chrome/116.0.1938.76 Safari/537.36"
52.167.144.190 - - [25/Feb/2026:20:46:34 +0100] "GET /?l=20271144345005 HTTP/2.0" 301 - "-" "Mozilla/5.0 AppleWebKit/537.36 (KHTML, like Gecko; compatible; bingbot/2.0; +http://www.bing.com/bingbot.htm) Chrome/116.0.1938.76 Safari/537.36"
40.77.167.132 - - [25/Feb/2026:20:46:38 +0100] "GET /?l=1079789081200 HTTP/2.0" 301 - "-" "Mozilla/5.0 AppleWebKit/537.36 (KHTML, like Gecko; compatible; bingbot/2.0; +http://www.bing.com/bingbot.htm) Chrome/116.0.1938.76 Safari/537.36"
85.208.96.199 - - [25/Feb/2026:20:46:38 +0100] "GET /7986510890.htm HTTP/1.1" 404 87047 "-" "Mozilla/5.0 (compatible; SemrushBot/7~bl; +http://www.semrush.com/bot.html)"
185.191.171.16 - - [25/Feb/2026:20:46:40 +0100] "GET /79865116072.htm HTTP/1.1" 404 87047 "-" "Mozilla/5.0 (compatible; SemrushBot/7~bl; +http://www.semrush.com/bot.html)"
185.191.171.4 - - [25/Feb/2026:20:46:42 +0100] "GET /80239328518.htm HTTP/1.1" 404 87047 "-" "Mozilla/5.0 (compatible; SemrushBot/7~bl; +http://www.semrush.com/bot.html)"
52.167.144.190 - - [25/Feb/2026:20:46:44 +0100] "GET /?l=18256251249601 HTTP/2.0" 301 - "-" "Mozilla/5.0 AppleWebKit/537.36 (KHTML, like Gecko; compatible; bingbot/2.0; +http://www.bing.com/bingbot.htm) Chrome/116.0.1938.76 Safari/537.36"
23.88.19.39 - - [25/Feb/2026:20:47:06 +0100] "POST /wp-cron.php?doing_wp_cron=1772048826.2292919158935546875000 HTTP/1.1" 404 87047 "-" "WordPress/6.9.1; https://alfouzantransport.com"
185.191.171.11 - - [25/Feb/2026:20:47:05 +0100] "GET /11865167802.htm HTTP/1.1" 404 87047 "-" "Mozilla/5.0 (compatible; SemrushBot/7~bl; +http://www.semrush.com/bot.html)"
85.208.96.201 - - [25/Feb/2026:20:47:14 +0100] "GET /79865297477.htm HTTP/1.1" 404 87047 "-" "Mozilla/5.0 (compatible; SemrushBot/7~bl; +http://www.semrush.com/bot.html)"
85.208.96.199 - - [25/Feb/2026:20:47:18 +0100] "GET /79865118593.htm HTTP/1.1" 404 87047 "-" "Mozilla/5.0 (compatible; SemrushBot/7~bl; +http://www.semrush.com/bot.html)"
85.208.96.194 - - [25/Feb/2026:20:47:19 +0100] "GET /robots.txt HTTP/1.1" 200 122 "-" "Mozilla/5.0 (compatible; SemrushBot/7~bl; +http://www.semrush.com/bot.html)"
207.46.13.52 - - [25/Feb/2026:20:47:20 +0100] "GET /?l=03609298996200 HTTP/2.0" 301 - "-" "Mozilla/5.0 AppleWebKit/537.36 (KHTML, like Gecko; compatible; bingbot/2.0; +http://www.bing.com/bingbot.htm) Chrome/116.0.1938.76 Safari/537.36"
85.208.96.211 - - [25/Feb/2026:20:47:20 +0100] "GET /80239133692.htm HTTP/1.1" 404 87047 "-" "Mozilla/5.0 (compatible; SemrushBot/7~bl; +http://www.semrush.com/bot.html)"
111.67.102.119 - - [25/Feb/2026:20:47:22 +0100] "POST /wp-login.php HTTP/2.0" 200 12689 "https://alfozan-tic.com/wp-login.php" "Mozilla/5.0 (Windows NT 10.0; Win64; x64; rv:122.0) Gecko/20100101 Firefox/122.0"
185.191.171.2 - - [25/Feb/2026:20:47:22 +0100] "GET /7986517990.htm HTTP/1.1" 404 87047 "-" "Mozilla/5.0 (compatible; SemrushBot/7~bl; +http://www.semrush.com/bot.html)"
111.67.102.119 - - [25/Feb/2026:20:47:22 +0100] "POST /wp-login.php HTTP/2.0" 200 12689 "https://alfozan-tic.com/wp-login.php" "Mozilla/5.0 (Windows NT 10.0; Win64; x64; rv:122.0) Gecko/20100101 Firefox/122.0"
111.67.102.119 - - [25/Feb/2026:20:47:23 +0100] "POST /wp-login.php HTTP/2.0" 200 12689 "https://alfozan-tic.com/wp-login.php" "Mozilla/5.0 (Windows NT 10.0; Win64; x64; rv:122.0) Gecko/20100101 Firefox/122.0"
111.67.102.119 - - [25/Feb/2026:20:47:24 +0100] "POST /wp-login.php HTTP/2.0" 200 12689 "https://alfozan-tic.com/wp-login.php" "Mozilla/5.0 (Windows NT 10.0; Win64; x64; rv:122.0) Gecko/20100101 Firefox/122.0"
111.67.102.119 - - [25/Feb/2026:20:47:25 +0100] "POST /wp-login.php HTTP/2.0" 200 12689 "https://alfozan-tic.com/wp-login.php" "Mozilla/5.0 (Windows NT 10.0; Win64; x64; rv:122.0) Gecko/20100101 Firefox/122.0"
111.67.102.119 - - [25/Feb/2026:20:47:26 +0100] "POST /wp-login.php HTTP/2.0" 200 12689 "https://alfozan-tic.com/wp-login.php" "Mozilla/5.0 (Windows NT 10.0; Win64; x64; rv:122.0) Gecko/20100101 Firefox/122.0"
111.67.102.119 - - [25/Feb/2026:20:47:27 +0100] "POST /wp-login.php HTTP/2.0" 200 12689 "https://alfozan-tic.com/wp-login.php" "Mozilla/5.0 (Windows NT 10.0; Win64; x64; rv:122.0) Gecko/20100101 Firefox/122.0"
111.67.102.119 - - [25/Feb/2026:20:47:27 +0100] "POST /wp-login.php HTTP/2.0" 200 12689 "https://alfozan-tic.com/wp-login.php" "Mozilla/5.0 (Windows NT 10.0; Win64; x64; rv:122.0) Gecko/20100101 Firefox/122.0"
111.67.102.119 - - [25/Feb/2026:20:47:28 +0100] "POST /wp-login.php HTTP/2.0" 200 12689 "https://alfozan-tic.com/wp-login.php" "Mozilla/5.0 (Windows NT 10.0; Win64; x64; rv:122.0) Gecko/20100101 Firefox/122.0"
111.67.102.119 - - [25/Feb/2026:20:47:29 +0100] "POST /wp-login.php HTTP/2.0" 200 12689 "https://alfozan-tic.com/wp-login.php" "Mozilla/5.0 (Windows NT 10.0; Win64; x64; rv:122.0) Gecko/20100101 Firefox/122.0"
111.67.102.119 - - [25/Feb/2026:20:47:30 +0100] "POST /wp-login.php HTTP/2.0" 200 12689 "https://alfozan-tic.com/wp-login.php" "Mozilla/5.0 (Windows NT 10.0; Win64; x64; rv:122.0) Gecko/20100101 Firefox/122.0"
207.46.13.9 - - [25/Feb/2026:20:47:30 +0100] "GET /?l=03609298996200 HTTP/2.0" 200 192282 "-" "Mozilla/5.0 AppleWebKit/537.36 (KHTML, like Gecko; compatible; bingbot/2.0; +http://www.bing.com/bingbot.htm) Chrome/116.0.1938.76 Safari/537.36"
111.67.102.119 - - [25/Feb/2026:20:47:31 +0100] "POST /wp-login.php HTTP/2.0" 200 12689 "https://alfozan-tic.com/wp-login.php" "Mozilla/5.0 (Windows NT 10.0; Win64; x64; rv:122.0) Gecko/20100101 Firefox/122.0"
111.67.102.119 - - [25/Feb/2026:20:47:32 +0100] "POST /wp-login.php HTTP/2.0" 200 12689 "https://alfozan-tic.com/wp-login.php" "Mozilla/5.0 (Windows NT 10.0; Win64; x64; rv:122.0) Gecko/20100101 Firefox/122.0"
111.67.102.119 - - [25/Feb/2026:20:47:32 +0100] "POST /wp-login.php HTTP/2.0" 200 12689 "https://alfozan-tic.com/wp-login.php" "Mozilla/5.0 (Windows NT 10.0; Win64; x64; rv:122.0) Gecko/20100101 Firefox/122.0"
111.67.102.119 - - [25/Feb/2026:20:47:33 +0100] "POST /wp-login.php HTTP/2.0" 200 12689 "https://alfozan-tic.com/wp-login.php" "Mozilla/5.0 (Windows NT 10.0; Win64; x64; rv:122.0) Gecko/20100101 Firefox/122.0"
40.77.167.74 - - [25/Feb/2026:20:47:34 +0100] "GET /?l=9808755691401 HTTP/2.0" 200 192282 "-" "Mozilla/5.0 AppleWebKit/537.36 (KHTML, like Gecko; compatible; bingbot/2.0; +http://www.bing.com/bingbot.htm) Chrome/116.0.1938.76 Safari/537.36"
111.67.102.119 - - [25/Feb/2026:20:47:34 +0100] "POST /wp-login.php HTTP/2.0" 200 12689 "https://alfozan-tic.com/wp-login.php" "Mozilla/5.0 (Windows NT 10.0; Win64; x64; rv:122.0) Gecko/20100101 Firefox/122.0"
111.67.102.119 - - [25/Feb/2026:20:47:35 +0100] "POST /wp-login.php HTTP/2.0" 200 12689 "https://alfozan-tic.com/wp-login.php" "Mozilla/5.0 (Windows NT 10.0; Win64; x64; rv:122.0) Gecko/20100101 Firefox/122.0"
40.77.167.74 - - [25/Feb/2026:20:47:35 +0100] "GET /?l=78795281330700 HTTP/2.0" 200 192282 "-" "Mozilla/5.0 AppleWebKit/537.36 (KHTML, like Gecko; compatible; bingbot/2.0; +http://www.bing.com/bingbot.htm) Chrome/116.0.1938.76 Safari/537.36"
111.67.102.119 - - [25/Feb/2026:20:47:36 +0100] "POST /wp-login.php HTTP/2.0" 200 12689 "https://alfozan-tic.com/wp-login.php" "Mozilla/5.0 (Windows NT 10.0; Win64; x64; rv:122.0) Gecko/20100101 Firefox/122.0"
111.67.102.119 - - [25/Feb/2026:20:47:37 +0100] "POST /wp-login.php HTTP/2.0" 200 12689 "https://alfozan-tic.com/wp-login.php" "Mozilla/5.0 (Windows NT 10.0; Win64; x64; rv:122.0) Gecko/20100101 Firefox/122.0"
111.67.102.119 - - [25/Feb/2026:20:47:38 +0100] "POST /wp-login.php HTTP/2.0" 200 12689 "https://alfozan-tic.com/wp-login.php" "Mozilla/5.0 (Windows NT 10.0; Win64; x64; rv:122.0) Gecko/20100101 Firefox/122.0"
111.67.102.119 - - [25/Feb/2026:20:47:39 +0100] "POST /wp-login.php HTTP/2.0" 200 12689 "https://alfozan-tic.com/wp-login.php" "Mozilla/5.0 (Windows NT 10.0; Win64; x64; rv:122.0) Gecko/20100101 Firefox/122.0"
111.67.102.119 - - [25/Feb/2026:20:47:40 +0100] "POST /wp-login.php HTTP/2.0" 200 12689 "https://alfozan-tic.com/wp-login.php" "Mozilla/5.0 (Windows NT 10.0; Win64; x64; rv:122.0) Gecko/20100101 Firefox/122.0"
111.67.102.119 - - [25/Feb/2026:20:47:41 +0100] "POST /wp-login.php HTTP/2.0" 200 12689 "https://alfozan-tic.com/wp-login.php" "Mozilla/5.0 (Windows NT 10.0; Win64; x64; rv:122.0) Gecko/20100101 Firefox/122.0"
85.208.96.198 - - [25/Feb/2026:20:47:44 +0100] "GET /79338244512.htm HTTP/1.1" 404 87047 "-" "Mozilla/5.0 (compatible; SemrushBot/7~bl; +http://www.semrush.com/bot.html)"
23.88.19.39 - - [25/Feb/2026:20:48:11 +0100] "POST /wp-cron.php?doing_wp_cron=1772048891.2582859992980957031250 HTTP/1.1" 404 87047 "-" "WordPress/6.9.1; https://alfouzantransport.com"
207.46.13.52 - - [25/Feb/2026:20:48:10 +0100] "GET /?l=61999298939800 HTTP/2.0" 301 - "-" "Mozilla/5.0 AppleWebKit/537.36 (KHTML, like Gecko; compatible; bingbot/2.0; +http://www.bing.com/bingbot.htm) Chrome/116.0.1938.76 Safari/537.36"
85.208.96.208 - - [25/Feb/2026:20:48:13 +0100] "GET /79338108991.htm HTTP/1.1" 404 87047 "-" "Mozilla/5.0 (compatible; SemrushBot/7~bl; +http://www.semrush.com/bot.html)"
207.46.13.9 - - [25/Feb/2026:20:48:20 +0100] "GET /?l=61999298939800 HTTP/2.0" 200 192282 "-" "Mozilla/5.0 AppleWebKit/537.36 (KHTML, like Gecko; compatible; bingbot/2.0; +http://www.bing.com/bingbot.htm) Chrome/116.0.1938.76 Safari/537.36"
207.46.13.9 - - [25/Feb/2026:20:48:21 +0100] "GET /?l=4276674018405 HTTP/2.0" 200 192282 "-" "Mozilla/5.0 AppleWebKit/537.36 (KHTML, like Gecko; compatible; bingbot/2.0; +http://www.bing.com/bingbot.htm) Chrome/116.0.1938.76 Safari/537.36"
40.77.167.132 - - [25/Feb/2026:20:48:25 +0100] "GET /?l=05961113431600 HTTP/2.0" 301 - "-" "Mozilla/5.0 AppleWebKit/537.36 (KHTML, like Gecko; compatible; bingbot/2.0; +http://www.bing.com/bingbot.htm) Chrome/116.0.1938.76 Safari/537.36"
185.191.171.3 - - [25/Feb/2026:20:48:30 +0100] "GET /8890099426.htm HTTP/1.1" 404 87047 "-" "Mozilla/5.0 (compatible; SemrushBot/7~bl; +http://www.semrush.com/bot.html)"
85.208.96.207 - - [25/Feb/2026:20:48:37 +0100] "GET /7986537545.htm HTTP/1.1" 404 87047 "-" "Mozilla/5.0 (compatible; SemrushBot/7~bl; +http://www.semrush.com/bot.html)"
66.249.77.37 - - [25/Feb/2026:20:48:44 +0100] "GET /robots.txt HTTP/1.1" 301 - "-" "Mozilla/5.0 (compatible; Googlebot/2.1; +http://www.google.com/bot.html)"
111.67.102.119 - - [25/Feb/2026:20:48:45 +0100] "POST /wp-login.php HTTP/2.0" 200 12689 "https://www.alfrabi.com/wp-login.php" "Mozilla/5.0 (Windows NT 10.0; Win64; x64; rv:122.0) Gecko/20100101 Firefox/122.0"
66.249.77.38 - - [25/Feb/2026:20:48:45 +0100] "GET /?l=3699940171602 HTTP/1.1" 301 - "-" "Mozilla/5.0 (Linux; Android 6.0.1; Nexus 5X Build/MMB29P) AppleWebKit/537.36 (KHTML, like Gecko) Chrome/144.0.7559.132 Mobile Safari/537.36 (compatible; Googlebot/2.1; +http://www.google.com/bot.html)"
111.67.102.119 - - [25/Feb/2026:20:48:45 +0100] "POST /wp-login.php HTTP/2.0" 200 12689 "https://www.alfrabi.com/wp-login.php" "Mozilla/5.0 (Windows NT 10.0; Win64; x64; rv:122.0) Gecko/20100101 Firefox/122.0"
66.249.72.5 - - [25/Feb/2026:20:48:46 +0100] "GET /?l=3699940171602 HTTP/1.1" 200 192282 "-" "Mozilla/5.0 (Linux; Android 6.0.1; Nexus 5X Build/MMB29P) AppleWebKit/537.36 (KHTML, like Gecko) Chrome/144.0.7559.132 Mobile Safari/537.36 (compatible; Googlebot/2.1; +http://www.google.com/bot.html)"
111.67.102.119 - - [25/Feb/2026:20:48:46 +0100] "POST /wp-login.php HTTP/2.0" 200 12689 "https://www.alfrabi.com/wp-login.php" "Mozilla/5.0 (Windows NT 10.0; Win64; x64; rv:122.0) Gecko/20100101 Firefox/122.0"
111.67.102.119 - - [25/Feb/2026:20:48:47 +0100] "POST /wp-login.php HTTP/2.0" 200 12689 "https://www.alfrabi.com/wp-login.php" "Mozilla/5.0 (Windows NT 10.0; Win64; x64; rv:122.0) Gecko/20100101 Firefox/122.0"
111.67.102.119 - - [25/Feb/2026:20:48:48 +0100] "POST /wp-login.php HTTP/2.0" 200 12689 "https://www.alfrabi.com/wp-login.php" "Mozilla/5.0 (Windows NT 10.0; Win64; x64; rv:122.0) Gecko/20100101 Firefox/122.0"
52.167.144.190 - - [25/Feb/2026:20:48:55 +0100] "GET /?l=327863481006 HTTP/2.0" 301 - "-" "Mozilla/5.0 AppleWebKit/537.36 (KHTML, like Gecko; compatible; bingbot/2.0; +http://www.bing.com/bingbot.htm) Chrome/116.0.1938.76 Safari/537.36"
40.77.167.132 - - [25/Feb/2026:20:49:06 +0100] "GET /?l=86287176960403 HTTP/2.0" 301 - "-" "Mozilla/5.0 AppleWebKit/537.36 (KHTML, like Gecko; compatible; bingbot/2.0; +http://www.bing.com/bingbot.htm) Chrome/116.0.1938.76 Safari/537.36"
23.88.19.39 - - [25/Feb/2026:20:49:22 +0100] "POST /wp-cron.php?doing_wp_cron=1772048962.4784419536590576171875 HTTP/1.1" 404 87047 "-" "WordPress/6.9.1; https://alfouzantransport.com"
207.46.13.52 - - [25/Feb/2026:20:49:22 +0100] "GET /?l=8296378757805 HTTP/2.0" 301 - "-" "Mozilla/5.0 AppleWebKit/537.36 (KHTML, like Gecko; compatible; bingbot/2.0; +http://www.bing.com/bingbot.htm) Chrome/116.0.1938.76 Safari/537.36"
207.46.13.52 - - [25/Feb/2026:20:49:23 +0100] "GET /?l=03864163439800 HTTP/2.0" 301 - "-" "Mozilla/5.0 AppleWebKit/537.36 (KHTML, like Gecko; compatible; bingbot/2.0; +http://www.bing.com/bingbot.htm) Chrome/116.0.1938.76 Safari/537.36"
40.77.167.132 - - [25/Feb/2026:20:49:26 +0100] "GET /?l=12970101806605 HTTP/2.0" 301 - "-" "Mozilla/5.0 AppleWebKit/537.36 (KHTML, like Gecko; compatible; bingbot/2.0; +http://www.bing.com/bingbot.htm) Chrome/116.0.1938.76 Safari/537.36"
85.208.96.194 - - [25/Feb/2026:20:49:27 +0100] "GET /79865127686.htm HTTP/1.1" 404 87047 "-" "Mozilla/5.0 (compatible; SemrushBot/7~bl; +http://www.semrush.com/bot.html)"
207.46.13.9 - - [25/Feb/2026:20:49:31 +0100] "GET /?l=8288975278402 HTTP/2.0" 200 192282 "-" "Mozilla/5.0 AppleWebKit/537.36 (KHTML, like Gecko; compatible; bingbot/2.0; +http://www.bing.com/bingbot.htm) Chrome/116.0.1938.76 Safari/537.36"
185.191.171.9 - - [25/Feb/2026:20:49:35 +0100] "GET /7986568988.htm HTTP/1.1" 404 87047 "-" "Mozilla/5.0 (compatible; SemrushBot/7~bl; +http://www.semrush.com/bot.html)"
40.77.167.74 - - [25/Feb/2026:20:49:35 +0100] "GET /?l=57672248853600 HTTP/2.0" 200 192282 "-" "Mozilla/5.0 AppleWebKit/537.36 (KHTML, like Gecko; compatible; bingbot/2.0; +http://www.bing.com/bingbot.htm) Chrome/116.0.1938.76 Safari/537.36"
52.167.144.190 - - [25/Feb/2026:20:49:36 +0100] "GET /?l=20979242822605 HTTP/2.0" 301 - "-" "Mozilla/5.0 AppleWebKit/537.36 (KHTML, like Gecko; compatible; bingbot/2.0; +http://www.bing.com/bingbot.htm) Chrome/116.0.1938.76 Safari/537.36"
185.191.171.16 - - [25/Feb/2026:20:49:39 +0100] "GET /11865146574.htm HTTP/1.1" 404 87047 "-" "Mozilla/5.0 (compatible; SemrushBot/7~bl; +http://www.semrush.com/bot.html)"
207.46.13.9 - - [25/Feb/2026:20:49:43 +0100] "GET /?l=69481104703600 HTTP/2.0" 200 192282 "-" "Mozilla/5.0 AppleWebKit/537.36 (KHTML, like Gecko; compatible; bingbot/2.0; +http://www.bing.com/bingbot.htm) Chrome/116.0.1938.76 Safari/537.36"
207.46.13.9 - - [25/Feb/2026:20:49:45 +0100] "GET /?l=0194276018801 HTTP/2.0" 200 192282 "-" "Mozilla/5.0 AppleWebKit/537.36 (KHTML, like Gecko; compatible; bingbot/2.0; +http://www.bing.com/bingbot.htm) Chrome/116.0.1938.76 Safari/537.36"
40.77.167.132 - - [25/Feb/2026:20:49:46 +0100] "GET /?l=37119220095000 HTTP/2.0" 301 - "-" "Mozilla/5.0 AppleWebKit/537.36 (KHTML, like Gecko; compatible; bingbot/2.0; +http://www.bing.com/bingbot.htm) Chrome/116.0.1938.76 Safari/537.36"
40.77.167.132 - - [25/Feb/2026:20:49:47 +0100] "GET /?l=744004369800 HTTP/2.0" 301 - "-" "Mozilla/5.0 AppleWebKit/537.36 (KHTML, like Gecko; compatible; bingbot/2.0; +http://www.bing.com/bingbot.htm) Chrome/116.0.1938.76 Safari/537.36"
185.191.171.14 - - [25/Feb/2026:20:49:51 +0100] "GET /79865131486.htm HTTP/1.1" 404 87047 "-" "Mozilla/5.0 (compatible; SemrushBot/7~bl; +http://www.semrush.com/bot.html)"
52.167.144.190 - - [25/Feb/2026:20:49:56 +0100] "GET /?l=82822157842601 HTTP/2.0" 301 - "-" "Mozilla/5.0 AppleWebKit/537.36 (KHTML, like Gecko; compatible; bingbot/2.0; +http://www.bing.com/bingbot.htm) Chrome/116.0.1938.76 Safari/537.36"
52.167.144.190 - - [25/Feb/2026:20:49:56 +0100] "GET /?l=10795187149601 HTTP/2.0" 301 - "-" "Mozilla/5.0 AppleWebKit/537.36 (KHTML, like Gecko; compatible; bingbot/2.0; +http://www.bing.com/bingbot.htm) Chrome/116.0.1938.76 Safari/537.36"
85.208.96.212 - - [25/Feb/2026:20:50:05 +0100] "GET /79338213427.htm HTTP/1.1" 404 87047 "-" "Mozilla/5.0 (compatible; SemrushBot/7~bl; +http://www.semrush.com/bot.html)"
40.77.167.132 - - [25/Feb/2026:20:50:08 +0100] "GET /?l=30770120384000 HTTP/2.0" 301 - "-" "Mozilla/5.0 AppleWebKit/537.36 (KHTML, like Gecko; compatible; bingbot/2.0; +http://www.bing.com/bingbot.htm) Chrome/116.0.1938.76 Safari/537.36"
40.77.167.49 - - [25/Feb/2026:20:50:09 +0100] "GET /?l=23170136813203 HTTP/2.0" 200 192282 "-" "Mozilla/5.0 AppleWebKit/537.36 (KHTML, like Gecko; compatible; bingbot/2.0; +http://www.bing.com/bingbot.htm) Chrome/116.0.1938.76 Safari/537.36"
40.77.167.49 - - [25/Feb/2026:20:50:11 +0100] "GET /?l=2829741625205 HTTP/2.0" 200 192282 "-" "Mozilla/5.0 AppleWebKit/537.36 (KHTML, like Gecko; compatible; bingbot/2.0; +http://www.bing.com/bingbot.htm) Chrome/116.0.1938.76 Safari/537.36"
40.77.167.49 - - [25/Feb/2026:20:50:12 +0100] "GET /?l=89629297230705 HTTP/2.0" 200 192282 "-" "Mozilla/5.0 AppleWebKit/537.36 (KHTML, like Gecko; compatible; bingbot/2.0; +http://www.bing.com/bingbot.htm) Chrome/116.0.1938.76 Safari/537.36"
85.208.96.210 - - [25/Feb/2026:20:50:18 +0100] "GET /80239273118.htm HTTP/1.1" 404 87047 "-" "Mozilla/5.0 (compatible; SemrushBot/7~bl; +http://www.semrush.com/bot.html)"
23.88.19.39 - - [25/Feb/2026:20:50:28 +0100] "POST /wp-cron.php?doing_wp_cron=1772049028.3733999729156494140625 HTTP/1.1" 404 87047 "-" "WordPress/6.9.1; https://alfouzantransport.com"
40.77.167.74 - - [25/Feb/2026:20:50:28 +0100] "GET /?l=01963103711203 HTTP/2.0" 200 192282 "-" "Mozilla/5.0 AppleWebKit/537.36 (KHTML, like Gecko; compatible; bingbot/2.0; +http://www.bing.com/bingbot.htm) Chrome/116.0.1938.76 Safari/537.36"
40.77.167.74 - - [25/Feb/2026:20:50:28 +0100] "GET /?l=87719114530400 HTTP/2.0" 200 192282 "-" "Mozilla/5.0 AppleWebKit/537.36 (KHTML, like Gecko; compatible; bingbot/2.0; +http://www.bing.com/bingbot.htm) Chrome/116.0.1938.76 Safari/537.36"
40.77.167.132 - - [25/Feb/2026:20:50:29 +0100] "GET /?l=2026053253400 HTTP/2.0" 301 - "-" "Mozilla/5.0 AppleWebKit/537.36 (KHTML, like Gecko; compatible; bingbot/2.0; +http://www.bing.com/bingbot.htm) Chrome/116.0.1938.76 Safari/537.36"
40.77.167.74 - - [25/Feb/2026:20:50:30 +0100] "GET /?l=14760143403004 HTTP/2.0" 200 192282 "-" "Mozilla/5.0 AppleWebKit/537.36 (KHTML, like Gecko; compatible; bingbot/2.0; +http://www.bing.com/bingbot.htm) Chrome/116.0.1938.76 Safari/537.36"
85.208.96.198 - - [25/Feb/2026:20:50:36 +0100] "GET /79865101225.htm HTTP/1.1" 404 87047 "-" "Mozilla/5.0 (compatible; SemrushBot/7~bl; +http://www.semrush.com/bot.html)"
85.208.96.197 - - [25/Feb/2026:20:50:42 +0100] "GET /80239239587.htm HTTP/1.1" 404 87047 "-" "Mozilla/5.0 (compatible; SemrushBot/7~bl; +http://www.semrush.com/bot.html)"
185.191.171.8 - - [25/Feb/2026:20:50:44 +0100] "GET /5120556837.htm HTTP/1.1" 404 87047 "-" "Mozilla/5.0 (compatible; SemrushBot/7~bl; +http://www.semrush.com/bot.html)"
185.191.171.10 - - [25/Feb/2026:20:50:54 +0100] "GET /79865135156.htm HTTP/1.1" 404 87047 "-" "Mozilla/5.0 (compatible; SemrushBot/7~bl; +http://www.semrush.com/bot.html)"
207.46.13.9 - - [25/Feb/2026:20:50:54 +0100] "GET /?l=6960926084403 HTTP/2.0" 200 192282 "-" "Mozilla/5.0 AppleWebKit/537.36 (KHTML, like Gecko; compatible; bingbot/2.0; +http://www.bing.com/bingbot.htm) Chrome/116.0.1938.76 Safari/537.36"
185.191.171.6 - - [25/Feb/2026:20:50:57 +0100] "GET /80239315247.htm HTTP/1.1" 404 87047 "-" "Mozilla/5.0 (compatible; SemrushBot/7~bl; +http://www.semrush.com/bot.html)"
40.77.167.49 - - [25/Feb/2026:20:51:01 +0100] "GET /?l=36778293714700 HTTP/2.0" 200 192282 "-" "Mozilla/5.0 AppleWebKit/537.36 (KHTML, like Gecko; compatible; bingbot/2.0; +http://www.bing.com/bingbot.htm) Chrome/116.0.1938.76 Safari/537.36"
85.208.96.195 - - [25/Feb/2026:20:51:05 +0100] "GET /51205198952.htm HTTP/1.1" 404 87047 "-" "Mozilla/5.0 (compatible; SemrushBot/7~bl; +http://www.semrush.com/bot.html)"
52.167.144.190 - - [25/Feb/2026:20:51:09 +0100] "GET /?l=29832101915405 HTTP/2.0" 301 - "-" "Mozilla/5.0 AppleWebKit/537.36 (KHTML, like Gecko; compatible; bingbot/2.0; +http://www.bing.com/bingbot.htm) Chrome/116.0.1938.76 Safari/537.36"
52.167.144.190 - - [25/Feb/2026:20:51:09 +0100] "GET /?l=92807160021201 HTTP/2.0" 301 - "-" "Mozilla/5.0 AppleWebKit/537.36 (KHTML, like Gecko; compatible; bingbot/2.0; +http://www.bing.com/bingbot.htm) Chrome/116.0.1938.76 Safari/537.36"
40.77.167.74 - - [25/Feb/2026:20:51:10 +0100] "GET /?l=7799328216607 HTTP/2.0" 200 192282 "-" "Mozilla/5.0 AppleWebKit/537.36 (KHTML, like Gecko; compatible; bingbot/2.0; +http://www.bing.com/bingbot.htm) Chrome/116.0.1938.76 Safari/537.36"
40.77.167.74 - - [25/Feb/2026:20:51:10 +0100] "GET /?l=61882248184600 HTTP/2.0" 200 192282 "-" "Mozilla/5.0 AppleWebKit/537.36 (KHTML, like Gecko; compatible; bingbot/2.0; +http://www.bing.com/bingbot.htm) Chrome/116.0.1938.76 Safari/537.36"
66.249.77.36 - - [25/Feb/2026:20:51:11 +0100] "GET /?l=74890181813805 HTTP/1.1" 301 - "-" "Mozilla/5.0 (Linux; Android 6.0.1; Nexus 5X Build/MMB29P) AppleWebKit/537.36 (KHTML, like Gecko) Chrome/144.0.7559.132 Mobile Safari/537.36 (compatible; Googlebot/2.1; +http://www.google.com/bot.html)"
66.249.72.5 - - [25/Feb/2026:20:51:11 +0100] "GET /?l=74890181813805 HTTP/1.1" 200 192282 "-" "Mozilla/5.0 (Linux; Android 6.0.1; Nexus 5X Build/MMB29P) AppleWebKit/537.36 (KHTML, like Gecko) Chrome/144.0.7559.132 Mobile Safari/537.36 (compatible; Googlebot/2.1; +http://www.google.com/bot.html)"
66.249.72.5 - - [25/Feb/2026:20:51:14 +0100] "GET /wp-content/plugins/stackable-ultimate-gutenberg-blocks/dist/frontend_blocks.css?ver=3.19.6 HTTP/1.1" 200 92512 "https://alfouzantransport.com/?l=74890181813805" "Mozilla/5.0 (Linux; Android 6.0.1; Nexus 5X Build/MMB29P) AppleWebKit/537.36 (KHTML, like Gecko) Chrome/144.0.7559.132 Mobile Safari/537.36 (compatible; Googlebot/2.1; +http://www.google.com/bot.html)"
66.249.72.6 - - [25/Feb/2026:20:51:14 +0100] "GET /wp-includes/css/dist/components/style.min.css?ver=6.9.1 HTTP/1.1" 200 100222 "https://alfouzantransport.com/?l=74890181813805" "Mozilla/5.0 (Linux; Android 6.0.1; Nexus 5X Build/MMB29P) AppleWebKit/537.36 (KHTML, like Gecko) Chrome/144.0.7559.132 Mobile Safari/537.36 (compatible; Googlebot/2.1; +http://www.google.com/bot.html)"
66.249.72.6 - - [25/Feb/2026:20:51:14 +0100] "GET /wp-includes/blocks/navigation/style.min.css?ver=6.9.1 HTTP/1.1" 200 16879 "https://alfouzantransport.com/?l=74890181813805" "Mozilla/5.0 (Linux; Android 6.0.1; Nexus 5X Build/MMB29P) AppleWebKit/537.36 (KHTML, like Gecko) Chrome/144.0.7559.132 Mobile Safari/537.36 (compatible; Googlebot/2.1; +http://www.google.com/bot.html)"
85.208.96.209 - - [25/Feb/2026:20:51:14 +0100] "GET /79865120105.htm HTTP/1.1" 404 87047 "-" "Mozilla/5.0 (compatible; SemrushBot/7~bl; +http://www.semrush.com/bot.html)"
157.55.39.63 - - [25/Feb/2026:20:51:14 +0100] "GET /?l=25700289761801 HTTP/2.0" 301 - "-" "Mozilla/5.0 AppleWebKit/537.36 (KHTML, like Gecko; compatible; bingbot/2.0; +http://www.bing.com/bingbot.htm) Chrome/116.0.1938.76 Safari/537.36"
66.249.72.6 - - [25/Feb/2026:20:51:14 +0100] "GET /wp-content/plugins/stackable-ultimate-gutenberg-blocks/dist/frontend_blocks_responsive.css?ver=3.19.6 HTTP/1.1" 200 13214 "https://alfouzantransport.com/?l=74890181813805" "Mozilla/5.0 (Linux; Android 6.0.1; Nexus 5X Build/MMB29P) AppleWebKit/537.36 (KHTML, like Gecko) Chrome/144.0.7559.132 Mobile Safari/537.36 (compatible; Googlebot/2.1; +http://www.google.com/bot.html)"
66.249.72.5 - - [25/Feb/2026:20:51:15 +0100] "GET /wp-content/plugins/ibtana-visual-editor/dist/js/map.js?ver=1.2.5.6 HTTP/1.1" 200 3958 "https://alfouzantransport.com/?l=74890181813805" "Mozilla/5.0 (Linux; Android 6.0.1; Nexus 5X Build/MMB29P) AppleWebKit/537.36 (KHTML, like Gecko) Chrome/144.0.7559.132 Mobile Safari/537.36 (compatible; Googlebot/2.1; +http://www.google.com/bot.html)"
66.249.72.7 - - [25/Feb/2026:20:51:15 +0100] "GET /wp-content/themes/production-factory/assets/js/wow.js?ver=6.9.1 HTTP/1.1" 200 15597 "https://alfouzantransport.com/?l=74890181813805" "Mozilla/5.0 (Linux; Android 6.0.1; Nexus 5X Build/MMB29P) AppleWebKit/537.36 (KHTML, like Gecko) Chrome/144.0.7559.132 Mobile Safari/537.36 (compatible; Googlebot/2.1; +http://www.google.com/bot.html)"
66.249.72.6 - - [25/Feb/2026:20:51:15 +0100] "GET /wp-content/plugins/ibtana-visual-editor/dist/css/ive-custom-css.css?ver=6.9.1 HTTP/1.1" 200 30013 "https://alfouzantransport.com/?l=74890181813805" "Mozilla/5.0 (Linux; Android 6.0.1; Nexus 5X Build/MMB29P) AppleWebKit/537.36 (KHTML, like Gecko) Chrome/144.0.7559.132 Mobile Safari/537.36 (compatible; Googlebot/2.1; +http://www.google.com/bot.html)"
40.77.167.49 - - [25/Feb/2026:20:51:14 +0100] "GET /?l=19279289586300 HTTP/2.0" 200 192282 "-" "Mozilla/5.0 AppleWebKit/537.36 (KHTML, like Gecko; compatible; bingbot/2.0; +http://www.bing.com/bingbot.htm) Chrome/116.0.1938.76 Safari/537.36"
157.55.39.63 - - [25/Feb/2026:20:51:15 +0100] "GET /?l=17374252008400 HTTP/2.0" 301 - "-" "Mozilla/5.0 AppleWebKit/537.36 (KHTML, like Gecko; compatible; bingbot/2.0; +http://www.bing.com/bingbot.htm) Chrome/116.0.1938.76 Safari/537.36"
66.249.72.6 - - [25/Feb/2026:20:51:15 +0100] "GET /wp-includes/css/dashicons.min.css?ver=6.9.1 HTTP/1.1" 200 59004 "https://alfouzantransport.com/?l=74890181813805" "Mozilla/5.0 (Linux; Android 6.0.1; Nexus 5X Build/MMB29P) AppleWebKit/537.36 (KHTML, like Gecko) Chrome/144.0.7559.132 Mobile Safari/537.36 (compatible; Googlebot/2.1; +http://www.google.com/bot.html)"
185.191.171.8 - - [25/Feb/2026:20:51:16 +0100] "GET /5120542508.htm HTTP/1.1" 404 87047 "-" "Mozilla/5.0 (compatible; SemrushBot/7~bl; +http://www.semrush.com/bot.html)"
40.77.167.49 - - [25/Feb/2026:20:51:17 +0100] "GET /?l=11879229040400 HTTP/2.0" 200 192282 "-" "Mozilla/5.0 AppleWebKit/537.36 (KHTML, like Gecko; compatible; bingbot/2.0; +http://www.bing.com/bingbot.htm) Chrome/116.0.1938.76 Safari/537.36"
185.191.171.8 - - [25/Feb/2026:20:51:25 +0100] "GET /80239272126.htm HTTP/1.1" 404 87047 "-" "Mozilla/5.0 (compatible; SemrushBot/7~bl; +http://www.semrush.com/bot.html)"
52.167.144.190 - - [25/Feb/2026:20:51:27 +0100] "GET /?l=0984138849800 HTTP/2.0" 301 - "-" "Mozilla/5.0 AppleWebKit/537.36 (KHTML, like Gecko; compatible; bingbot/2.0; +http://www.bing.com/bingbot.htm) Chrome/116.0.1938.76 Safari/537.36"
23.88.19.39 - - [25/Feb/2026:20:51:30 +0100] "POST /wp-cron.php?doing_wp_cron=1772049090.6672890186309814453125 HTTP/1.1" 404 87047 "-" "WordPress/6.9.1; https://alfouzantransport.com"
85.208.96.198 - - [25/Feb/2026:20:51:30 +0100] "GET /7986572492.htm HTTP/1.1" 404 87047 "-" "Mozilla/5.0 (compatible; SemrushBot/7~bl; +http://www.semrush.com/bot.html)"
207.46.13.9 - - [25/Feb/2026:20:51:34 +0100] "GET /?l=5892052307300 HTTP/2.0" 200 192282 "-" "Mozilla/5.0 AppleWebKit/537.36 (KHTML, like Gecko; compatible; bingbot/2.0; +http://www.bing.com/bingbot.htm) Chrome/116.0.1938.76 Safari/537.36"
185.191.171.13 - - [25/Feb/2026:20:51:39 +0100] "GET /80239235073.htm HTTP/1.1" 404 87047 "-" "Mozilla/5.0 (compatible; SemrushBot/7~bl; +http://www.semrush.com/bot.html)"
157.55.39.63 - - [25/Feb/2026:20:51:42 +0100] "GET /?l=9068260013006 HTTP/2.0" 301 - "-" "Mozilla/5.0 AppleWebKit/537.36 (KHTML, like Gecko; compatible; bingbot/2.0; +http://www.bing.com/bingbot.htm) Chrome/116.0.1938.76 Safari/537.36"
157.55.39.63 - - [25/Feb/2026:20:51:42 +0100] "GET /?l=3607281336810 HTTP/2.0" 301 - "-" "Mozilla/5.0 AppleWebKit/537.36 (KHTML, like Gecko; compatible; bingbot/2.0; +http://www.bing.com/bingbot.htm) Chrome/116.0.1938.76 Safari/537.36"
52.167.144.190 - - [25/Feb/2026:20:51:55 +0100] "GET /?l=16859143595005 HTTP/2.0" 301 - "-" "Mozilla/5.0 AppleWebKit/537.36 (KHTML, like Gecko; compatible; bingbot/2.0; +http://www.bing.com/bingbot.htm) Chrome/116.0.1938.76 Safari/537.36"
52.167.144.190 - - [25/Feb/2026:20:51:56 +0100] "GET /?l=30083153927604 HTTP/2.0" 301 - "-" "Mozilla/5.0 AppleWebKit/537.36 (KHTML, like Gecko; compatible; bingbot/2.0; +http://www.bing.com/bingbot.htm) Chrome/116.0.1938.76 Safari/537.36"
185.191.171.16 - - [25/Feb/2026:20:52:13 +0100] "GET /79865139327.htm HTTP/1.1" 404 87047 "-" "Mozilla/5.0 (compatible; SemrushBot/7~bl; +http://www.semrush.com/bot.html)"
23.88.19.39 - - [25/Feb/2026:20:52:41 +0100] "POST /wp-cron.php?doing_wp_cron=1772049161.7561550140380859375000 HTTP/1.1" 404 87047 "-" "WordPress/6.9.1; https://alfouzantransport.com"
185.191.171.13 - - [25/Feb/2026:20:52:41 +0100] "GET /51205187576.htm HTTP/1.1" 404 87047 "-" "Mozilla/5.0 (compatible; SemrushBot/7~bl; +http://www.semrush.com/bot.html)"
185.191.171.18 - - [25/Feb/2026:20:52:49 +0100] "GET /3655892163.htm HTTP/1.1" 404 87047 "-" "Mozilla/5.0 (compatible; SemrushBot/7~bl; +http://www.semrush.com/bot.html)"
52.167.144.231 - - [25/Feb/2026:20:53:06 +0100] "GET /?l=67026130407601 HTTP/2.0" 301 - "-" "Mozilla/5.0 AppleWebKit/537.36 (KHTML, like Gecko; compatible; bingbot/2.0; +http://www.bing.com/bingbot.htm) Chrome/116.0.1938.76 Safari/537.36"
52.167.144.231 - - [25/Feb/2026:20:53:25 +0100] "GET /?l=76818103136401 HTTP/2.0" 301 - "-" "Mozilla/5.0 AppleWebKit/537.36 (KHTML, like Gecko; compatible; bingbot/2.0; +http://www.bing.com/bingbot.htm) Chrome/116.0.1938.76 Safari/537.36"
85.208.96.209 - - [25/Feb/2026:20:53:29 +0100] "GET /51205288821.htm HTTP/1.1" 404 87047 "-" "Mozilla/5.0 (compatible; SemrushBot/7~bl; +http://www.semrush.com/bot.html)"
185.191.171.6 - - [25/Feb/2026:20:53:36 +0100] "GET /7933853906.htm HTTP/1.1" 404 87047 "-" "Mozilla/5.0 (compatible; SemrushBot/7~bl; +http://www.semrush.com/bot.html)"
85.208.96.199 - - [25/Feb/2026:20:53:40 +0100] "GET /51205254838.htm HTTP/1.1" 404 87047 "-" "Mozilla/5.0 (compatible; SemrushBot/7~bl; +http://www.semrush.com/bot.html)"
23.88.19.39 - - [25/Feb/2026:20:53:56 +0100] "POST /wp-cron.php?doing_wp_cron=1772049236.0015261173248291015625 HTTP/1.1" 404 87047 "-" "WordPress/6.9.1; https://alfouzantransport.com"
40.77.167.74 - - [25/Feb/2026:20:53:55 +0100] "GET /?l=1836480196901 HTTP/2.0" 200 192282 "-" "Mozilla/5.0 AppleWebKit/537.36 (KHTML, like Gecko; compatible; bingbot/2.0; +http://www.bing.com/bingbot.htm) Chrome/116.0.1938.76 Safari/537.36"
185.191.171.17 - - [25/Feb/2026:20:54:10 +0100] "GET /7986514312.htm HTTP/1.1" 404 87047 "-" "Mozilla/5.0 (compatible; SemrushBot/7~bl; +http://www.semrush.com/bot.html)"
85.208.96.206 - - [25/Feb/2026:20:54:13 +0100] "GET /58130242778.htm HTTP/1.1" 404 87047 "-" "Mozilla/5.0 (compatible; SemrushBot/7~bl; +http://www.semrush.com/bot.html)"
85.208.96.211 - - [25/Feb/2026:20:54:19 +0100] "GET /79338248613.htm HTTP/1.1" 404 87047 "-" "Mozilla/5.0 (compatible; SemrushBot/7~bl; +http://www.semrush.com/bot.html)"
85.208.96.195 - - [25/Feb/2026:20:54:22 +0100] "GET /7933890007.htm HTTP/1.1" 404 87047 "-" "Mozilla/5.0 (compatible; SemrushBot/7~bl; +http://www.semrush.com/bot.html)"
85.208.96.209 - - [25/Feb/2026:20:54:32 +0100] "GET /8023929388.htm HTTP/1.1" 404 87047 "-" "Mozilla/5.0 (compatible; SemrushBot/7~bl; +http://www.semrush.com/bot.html)"
85.208.96.204 - - [25/Feb/2026:20:54:46 +0100] "GET /80239303540.htm HTTP/1.1" 404 87047 "-" "Mozilla/5.0 (compatible; SemrushBot/7~bl; +http://www.semrush.com/bot.html)"
185.191.171.10 - - [25/Feb/2026:20:54:51 +0100] "GET /51205288966.htm HTTP/1.1" 404 87047 "-" "Mozilla/5.0 (compatible; SemrushBot/7~bl; +http://www.semrush.com/bot.html)"
157.55.39.194 - - [25/Feb/2026:20:54:53 +0100] "GET /?l=67900235453203 HTTP/2.0" 200 192282 "-" "Mozilla/5.0 AppleWebKit/537.36 (KHTML, like Gecko; compatible; bingbot/2.0; +http://www.bing.com/bingbot.htm) Chrome/116.0.1938.76 Safari/537.36"
