23.88.19.39 - - [25/Feb/2026:13:28:51 +0100] "POST /wp-cron.php?doing_wp_cron=1772022531.4013140201568603515625 HTTP/1.1" 404 87047 "-" "WordPress/6.9.1; https://alfouzantransport.com"
207.46.13.151 - - [25/Feb/2026:13:28:50 +0100] "GET /?l=99595197909400 HTTP/2.0" 200 192282 "-" "Mozilla/5.0 AppleWebKit/537.36 (KHTML, like Gecko; compatible; bingbot/2.0; +http://www.bing.com/bingbot.htm) Chrome/116.0.1938.76 Safari/537.36"
52.167.144.140 - - [25/Feb/2026:13:28:51 +0100] "GET /?l=95072219237803 HTTP/2.0" 301 - "-" "Mozilla/5.0 AppleWebKit/537.36 (KHTML, like Gecko; compatible; bingbot/2.0; +http://www.bing.com/bingbot.htm) Chrome/116.0.1938.76 Safari/537.36"
85.208.96.201 - - [25/Feb/2026:13:28:56 +0100] "GET /7933891393.htm HTTP/1.1" 404 87047 "-" "Mozilla/5.0 (compatible; SemrushBot/7~bl; +http://www.semrush.com/bot.html)"
40.77.167.27 - - [25/Feb/2026:13:29:05 +0100] "GET /?l=14693266161504 HTTP/2.0" 200 192282 "-" "Mozilla/5.0 AppleWebKit/537.36 (KHTML, like Gecko; compatible; bingbot/2.0; +http://www.bing.com/bingbot.htm) Chrome/116.0.1938.76 Safari/537.36"
85.208.96.203 - - [25/Feb/2026:13:29:10 +0100] "GET /5813089042.htm HTTP/1.1" 404 87047 "-" "Mozilla/5.0 (compatible; SemrushBot/7~bl; +http://www.semrush.com/bot.html)"
40.77.167.27 - - [25/Feb/2026:13:29:18 +0100] "GET /?l=22788275535002 HTTP/2.0" 200 192282 "-" "Mozilla/5.0 AppleWebKit/537.36 (KHTML, like Gecko; compatible; bingbot/2.0; +http://www.bing.com/bingbot.htm) Chrome/116.0.1938.76 Safari/537.36"
185.191.171.11 - - [25/Feb/2026:13:29:27 +0100] "GET /5120533621.htm HTTP/1.1" 404 87047 "-" "Mozilla/5.0 (compatible; SemrushBot/7~bl; +http://www.semrush.com/bot.html)"
85.208.96.205 - - [25/Feb/2026:13:29:36 +0100] "GET /51205238410.htm HTTP/1.1" 404 87047 "-" "Mozilla/5.0 (compatible; SemrushBot/7~bl; +http://www.semrush.com/bot.html)"
85.208.96.195 - - [25/Feb/2026:13:29:38 +0100] "GET /80239153244.htm HTTP/1.1" 404 87047 "-" "Mozilla/5.0 (compatible; SemrushBot/7~bl; +http://www.semrush.com/bot.html)"
23.88.19.39 - - [25/Feb/2026:13:29:54 +0100] "POST /wp-cron.php?doing_wp_cron=1772022594.1359589099884033203125 HTTP/1.1" 404 87047 "-" "WordPress/6.9.1; https://alfouzantransport.com"
85.208.96.193 - - [25/Feb/2026:13:29:53 +0100] "GET /79865158111.htm HTTP/1.1" 404 87047 "-" "Mozilla/5.0 (compatible; SemrushBot/7~bl; +http://www.semrush.com/bot.html)"
207.46.13.151 - - [25/Feb/2026:13:29:58 +0100] "GET /?l=07105189868602 HTTP/2.0" 301 - "-" "Mozilla/5.0 AppleWebKit/537.36 (KHTML, like Gecko; compatible; bingbot/2.0; +http://www.bing.com/bingbot.htm) Chrome/116.0.1938.76 Safari/537.36"
52.167.144.140 - - [25/Feb/2026:13:30:01 +0100] "GET /?l=8501594737401 HTTP/2.0" 301 - "-" "Mozilla/5.0 AppleWebKit/537.36 (KHTML, like Gecko; compatible; bingbot/2.0; +http://www.bing.com/bingbot.htm) Chrome/116.0.1938.76 Safari/537.36"
52.167.144.140 - - [25/Feb/2026:13:30:02 +0100] "GET /?l=79784294242000 HTTP/2.0" 301 - "-" "Mozilla/5.0 AppleWebKit/537.36 (KHTML, like Gecko; compatible; bingbot/2.0; +http://www.bing.com/bingbot.htm) Chrome/116.0.1938.76 Safari/537.36"
52.167.144.140 - - [25/Feb/2026:13:30:02 +0100] "GET /?l=08107166391808 HTTP/2.0" 301 - "-" "Mozilla/5.0 AppleWebKit/537.36 (KHTML, like Gecko; compatible; bingbot/2.0; +http://www.bing.com/bingbot.htm) Chrome/116.0.1938.76 Safari/537.36"
52.167.144.211 - - [25/Feb/2026:13:30:02 +0100] "GET /?l=9805755166205 HTTP/2.0" 200 192282 "-" "Mozilla/5.0 AppleWebKit/537.36 (KHTML, like Gecko; compatible; bingbot/2.0; +http://www.bing.com/bingbot.htm) Chrome/116.0.1938.76 Safari/537.36"
52.167.144.140 - - [25/Feb/2026:13:30:03 +0100] "GET /?l=20906169050201 HTTP/2.0" 301 - "-" "Mozilla/5.0 AppleWebKit/537.36 (KHTML, like Gecko; compatible; bingbot/2.0; +http://www.bing.com/bingbot.htm) Chrome/116.0.1938.76 Safari/537.36"
52.167.144.211 - - [25/Feb/2026:13:30:03 +0100] "GET /?l=29196285903600 HTTP/2.0" 200 192282 "-" "Mozilla/5.0 AppleWebKit/537.36 (KHTML, like Gecko; compatible; bingbot/2.0; +http://www.bing.com/bingbot.htm) Chrome/116.0.1938.76 Safari/537.36"
52.167.144.211 - - [25/Feb/2026:13:30:04 +0100] "GET /?l=1157521168401 HTTP/2.0" 200 192282 "-" "Mozilla/5.0 AppleWebKit/537.36 (KHTML, like Gecko; compatible; bingbot/2.0; +http://www.bing.com/bingbot.htm) Chrome/116.0.1938.76 Safari/537.36"
207.46.13.151 - - [25/Feb/2026:13:30:08 +0100] "GET /?l=07105189868602 HTTP/2.0" 200 192282 "-" "Mozilla/5.0 AppleWebKit/537.36 (KHTML, like Gecko; compatible; bingbot/2.0; +http://www.bing.com/bingbot.htm) Chrome/116.0.1938.76 Safari/537.36"
207.46.13.151 - - [25/Feb/2026:13:30:11 +0100] "GET /?l=45155251766700 HTTP/2.0" 200 192282 "-" "Mozilla/5.0 AppleWebKit/537.36 (KHTML, like Gecko; compatible; bingbot/2.0; +http://www.bing.com/bingbot.htm) Chrome/116.0.1938.76 Safari/537.36"
216.73.216.35 - - [25/Feb/2026:13:30:27 +0100] "GET /robots.txt HTTP/2.0" 200 122 "-" "Mozilla/5.0 AppleWebKit/537.36 (KHTML, like Gecko; compatible; ClaudeBot/1.0; +claudebot@anthropic.com)"
216.73.216.35 - - [25/Feb/2026:13:30:28 +0100] "GET /wp-sitemap.xml HTTP/2.0" 200 567 "-" "Mozilla/5.0 AppleWebKit/537.36 (KHTML, like Gecko; compatible; ClaudeBot/1.0; +claudebot@anthropic.com)"
185.191.171.3 - - [25/Feb/2026:13:30:36 +0100] "GET /58130155670.htm HTTP/1.1" 404 87047 "-" "Mozilla/5.0 (compatible; SemrushBot/7~bl; +http://www.semrush.com/bot.html)"
185.191.171.4 - - [25/Feb/2026:13:30:44 +0100] "GET /7986567974.htm HTTP/1.1" 404 87047 "-" "Mozilla/5.0 (compatible; SemrushBot/7~bl; +http://www.semrush.com/bot.html)"
185.191.171.11 - - [25/Feb/2026:13:30:48 +0100] "GET /1186516125.htm HTTP/1.1" 404 87047 "-" "Mozilla/5.0 (compatible; SemrushBot/7~bl; +http://www.semrush.com/bot.html)"
23.88.19.39 - - [25/Feb/2026:13:31:00 +0100] "POST /wp-cron.php?doing_wp_cron=1772022660.6060531139373779296875 HTTP/1.1" 404 87047 "-" "WordPress/6.9.1; https://alfouzantransport.com"
85.208.96.210 - - [25/Feb/2026:13:31:00 +0100] "GET /51205257983.htm HTTP/1.1" 404 87047 "-" "Mozilla/5.0 (compatible; SemrushBot/7~bl; +http://www.semrush.com/bot.html)"
85.208.96.201 - - [25/Feb/2026:13:31:13 +0100] "GET /8890097184.htm HTTP/1.1" 404 87047 "-" "Mozilla/5.0 (compatible; SemrushBot/7~bl; +http://www.semrush.com/bot.html)"
85.208.96.195 - - [25/Feb/2026:13:31:24 +0100] "GET /7933889555.htm HTTP/1.1" 404 87047 "-" "Mozilla/5.0 (compatible; SemrushBot/7~bl; +http://www.semrush.com/bot.html)"
185.191.171.15 - - [25/Feb/2026:13:31:48 +0100] "GET /802394427.htm HTTP/1.1" 404 87047 "-" "Mozilla/5.0 (compatible; SemrushBot/7~bl; +http://www.semrush.com/bot.html)"
85.208.96.204 - - [25/Feb/2026:13:31:54 +0100] "GET /7986553598.htm HTTP/1.1" 404 87047 "-" "Mozilla/5.0 (compatible; SemrushBot/7~bl; +http://www.semrush.com/bot.html)"
118.99.84.64 - - [25/Feb/2026:13:31:55 +0100] "GET /wp-login.php HTTP/1.1" 200 12273 "-" "Mozilla/5.0 (X11; Linux x86_64; rv:121.0) Gecko/20100101 Firefox/121.0"
118.99.84.64 - - [25/Feb/2026:13:31:56 +0100] "POST /wp-login.php HTTP/1.1" 200 12705 "-" "Mozilla/5.0 (X11; Linux x86_64; rv:121.0) Gecko/20100101 Firefox/121.0"
118.99.84.64 - - [25/Feb/2026:13:31:56 +0100] "GET /wp-admin/theme-install.php?browse=popular HTTP/1.1" 302 - "-" "Mozilla/5.0 (X11; Linux x86_64; rv:121.0) Gecko/20100101 Firefox/121.0"
85.208.96.201 - - [25/Feb/2026:13:31:56 +0100] "GET /51205197623.htm HTTP/1.1" 404 87047 "-" "Mozilla/5.0 (compatible; SemrushBot/7~bl; +http://www.semrush.com/bot.html)"
118.99.84.64 - - [25/Feb/2026:13:31:57 +0100] "GET /wp-login.php?redirect_to=https%3A%2F%2Falfouzantransport.com%2Fwp-admin%2Ftheme-install.php%3Fbrowse%3Dpopular&reauth=1 HTTP/1.1" 200 12305 "-" "Mozilla/5.0 (X11; Linux x86_64; rv:121.0) Gecko/20100101 Firefox/121.0"
118.99.84.64 - - [25/Feb/2026:13:31:57 +0100] "GET /wp-admin/plugin-install.php HTTP/1.1" 302 - "-" "Mozilla/5.0 (X11; Linux x86_64; rv:121.0) Gecko/20100101 Firefox/121.0"
118.99.84.64 - - [25/Feb/2026:13:31:58 +0100] "GET /wp-login.php?redirect_to=https%3A%2F%2Falfouzantransport.com%2Fwp-admin%2Fplugin-install.php&reauth=1 HTTP/1.1" 200 12291 "-" "Mozilla/5.0 (X11; Linux x86_64; rv:121.0) Gecko/20100101 Firefox/121.0"
207.46.13.151 - - [25/Feb/2026:13:31:58 +0100] "GET /48984710222.htm HTTP/2.0" 404 87047 "-" "Mozilla/5.0 AppleWebKit/537.36 (KHTML, like Gecko; compatible; bingbot/2.0; +http://www.bing.com/bingbot.htm) Chrome/116.0.1938.76 Safari/537.36"
118.99.84.64 - - [25/Feb/2026:13:31:58 +0100] "GET /wp-admin/plugin-install.php?s=file%2520manager&tab=search&type=term HTTP/1.1" 302 - "-" "Mozilla/5.0 (X11; Linux x86_64; rv:121.0) Gecko/20100101 Firefox/121.0"
207.46.13.153 - - [25/Feb/2026:13:31:59 +0100] "GET /?l=22778234945603 HTTP/2.0" 301 - "-" "Mozilla/5.0 AppleWebKit/537.36 (KHTML, like Gecko; compatible; bingbot/2.0; +http://www.bing.com/bingbot.htm) Chrome/116.0.1938.76 Safari/537.36"
118.99.84.64 - - [25/Feb/2026:13:31:59 +0100] "GET /wp-login.php?redirect_to=https%3A%2F%2Falfouzantransport.com%2Fwp-admin%2Fplugin-install.php%3Fs%3Dfile%252520manager%26tab%3Dsearch%26type%3Dterm&reauth=1 HTTP/1.1" 200 12339 "-" "Mozilla/5.0 (X11; Linux x86_64; rv:121.0) Gecko/20100101 Firefox/121.0"
85.208.96.209 - - [25/Feb/2026:13:31:59 +0100] "GET /5120527493.htm HTTP/1.1" 404 87047 "-" "Mozilla/5.0 (compatible; SemrushBot/7~bl; +http://www.semrush.com/bot.html)"
23.88.19.39 - - [25/Feb/2026:13:32:04 +0100] "POST /wp-cron.php?doing_wp_cron=1772022724.1244540214538574218750 HTTP/1.1" 404 87047 "-" "WordPress/6.9.1; https://alfouzantransport.com"
85.208.96.199 - - [25/Feb/2026:13:32:03 +0100] "GET /79865275345.htm HTTP/1.1" 404 87047 "-" "Mozilla/5.0 (compatible; SemrushBot/7~bl; +http://www.semrush.com/bot.html)"
85.208.96.207 - - [25/Feb/2026:13:32:23 +0100] "GET /7933844955.htm HTTP/1.1" 404 87047 "-" "Mozilla/5.0 (compatible; SemrushBot/7~bl; +http://www.semrush.com/bot.html)"
185.191.171.2 - - [25/Feb/2026:13:32:37 +0100] "GET /79865284587.htm HTTP/1.1" 404 87047 "-" "Mozilla/5.0 (compatible; SemrushBot/7~bl; +http://www.semrush.com/bot.html)"
185.191.171.8 - - [25/Feb/2026:13:32:43 +0100] "GET /80239251218.htm HTTP/1.1" 404 87047 "-" "Mozilla/5.0 (compatible; SemrushBot/7~bl; +http://www.semrush.com/bot.html)"
85.208.96.195 - - [25/Feb/2026:13:32:58 +0100] "GET /51205120661.htm HTTP/1.1" 404 87047 "-" "Mozilla/5.0 (compatible; SemrushBot/7~bl; +http://www.semrush.com/bot.html)"
23.88.19.39 - - [25/Feb/2026:13:33:10 +0100] "POST /wp-cron.php?doing_wp_cron=1772022790.0119109153747558593750 HTTP/1.1" 404 87047 "-" "WordPress/6.9.1; https://alfouzantransport.com"
157.55.39.59 - - [25/Feb/2026:13:33:09 +0100] "GET /?l=21189214276204 HTTP/2.0" 200 192282 "-" "Mozilla/5.0 AppleWebKit/537.36 (KHTML, like Gecko; compatible; bingbot/2.0; +http://www.bing.com/bingbot.htm) Chrome/116.0.1938.76 Safari/537.36"
85.208.96.201 - - [25/Feb/2026:13:33:10 +0100] "GET /79865131402.htm HTTP/1.1" 404 87047 "-" "Mozilla/5.0 (compatible; SemrushBot/7~bl; +http://www.semrush.com/bot.html)"
52.167.144.157 - - [25/Feb/2026:13:33:35 +0100] "GET /?l=88111256823803 HTTP/2.0" 301 - "-" "Mozilla/5.0 AppleWebKit/537.36 (KHTML, like Gecko; compatible; bingbot/2.0; +http://www.bing.com/bingbot.htm) Chrome/116.0.1938.76 Safari/537.36"
85.208.96.193 - - [25/Feb/2026:13:33:36 +0100] "GET /7933871979.htm HTTP/1.1" 404 87047 "-" "Mozilla/5.0 (compatible; SemrushBot/7~bl; +http://www.semrush.com/bot.html)"
185.191.171.3 - - [25/Feb/2026:13:33:57 +0100] "GET /7986563160.htm HTTP/1.1" 404 87047 "-" "Mozilla/5.0 (compatible; SemrushBot/7~bl; +http://www.semrush.com/bot.html)"
85.208.96.201 - - [25/Feb/2026:13:33:59 +0100] "GET /7933884505.htm HTTP/1.1" 404 87047 "-" "Mozilla/5.0 (compatible; SemrushBot/7~bl; +http://www.semrush.com/bot.html)"
157.55.39.59 - - [25/Feb/2026:13:34:09 +0100] "GET /?l=3427148501600 HTTP/2.0" 200 192282 "-" "Mozilla/5.0 AppleWebKit/537.36 (KHTML, like Gecko; compatible; bingbot/2.0; +http://www.bing.com/bingbot.htm) Chrome/116.0.1938.76 Safari/537.36"
23.88.19.39 - - [25/Feb/2026:13:34:27 +0100] "POST /wp-cron.php?doing_wp_cron=1772022867.3340420722961425781250 HTTP/1.1" 404 87047 "-" "WordPress/6.9.1; https://alfouzantransport.com"
185.191.171.5 - - [25/Feb/2026:13:34:26 +0100] "GET /5120522147.htm HTTP/1.1" 404 87047 "-" "Mozilla/5.0 (compatible; SemrushBot/7~bl; +http://www.semrush.com/bot.html)"
85.208.96.205 - - [25/Feb/2026:13:34:31 +0100] "GET /79865126441.htm HTTP/1.1" 404 87047 "-" "Mozilla/5.0 (compatible; SemrushBot/7~bl; +http://www.semrush.com/bot.html)"
85.208.96.205 - - [25/Feb/2026:13:34:44 +0100] "GET /80239277328.htm HTTP/1.1" 404 87047 "-" "Mozilla/5.0 (compatible; SemrushBot/7~bl; +http://www.semrush.com/bot.html)"
185.191.171.2 - - [25/Feb/2026:13:35:04 +0100] "GET /80239113834.htm HTTP/1.1" 404 87047 "-" "Mozilla/5.0 (compatible; SemrushBot/7~bl; +http://www.semrush.com/bot.html)"
118.99.84.64 - - [25/Feb/2026:13:35:05 +0100] "GET /wp-login.php HTTP/1.1" 200 12273 "-" "Mozilla/5.0 (X11; Linux x86_64; rv:121.0) Gecko/20100101 Firefox/121.0"
118.99.84.64 - - [25/Feb/2026:13:35:06 +0100] "POST /wp-login.php HTTP/1.1" 200 12705 "-" "Mozilla/5.0 (X11; Linux x86_64; rv:121.0) Gecko/20100101 Firefox/121.0"
118.99.84.64 - - [25/Feb/2026:13:35:07 +0100] "GET /wp-admin/theme-install.php?browse=popular HTTP/1.1" 302 - "-" "Mozilla/5.0 (X11; Linux x86_64; rv:121.0) Gecko/20100101 Firefox/121.0"
118.99.84.64 - - [25/Feb/2026:13:35:07 +0100] "GET /wp-login.php?redirect_to=https%3A%2F%2Falfouzantransport.com%2Fwp-admin%2Ftheme-install.php%3Fbrowse%3Dpopular&reauth=1 HTTP/1.1" 200 12305 "-" "Mozilla/5.0 (X11; Linux x86_64; rv:121.0) Gecko/20100101 Firefox/121.0"
118.99.84.64 - - [25/Feb/2026:13:35:08 +0100] "GET /wp-admin/plugin-install.php HTTP/1.1" 302 - "-" "Mozilla/5.0 (X11; Linux x86_64; rv:121.0) Gecko/20100101 Firefox/121.0"
118.99.84.64 - - [25/Feb/2026:13:35:08 +0100] "GET /wp-login.php?redirect_to=https%3A%2F%2Falfouzantransport.com%2Fwp-admin%2Fplugin-install.php&reauth=1 HTTP/1.1" 200 12291 "-" "Mozilla/5.0 (X11; Linux x86_64; rv:121.0) Gecko/20100101 Firefox/121.0"
118.99.84.64 - - [25/Feb/2026:13:35:09 +0100] "GET /wp-admin/plugin-install.php?s=file%2520manager&tab=search&type=term HTTP/1.1" 302 - "-" "Mozilla/5.0 (X11; Linux x86_64; rv:121.0) Gecko/20100101 Firefox/121.0"
118.99.84.64 - - [25/Feb/2026:13:35:09 +0100] "GET /wp-login.php?redirect_to=https%3A%2F%2Falfouzantransport.com%2Fwp-admin%2Fplugin-install.php%3Fs%3Dfile%252520manager%26tab%3Dsearch%26type%3Dterm&reauth=1 HTTP/1.1" 200 12339 "-" "Mozilla/5.0 (X11; Linux x86_64; rv:121.0) Gecko/20100101 Firefox/121.0"
52.167.144.211 - - [25/Feb/2026:13:35:15 +0100] "GET /?l=4885132013300 HTTP/2.0" 200 192282 "-" "Mozilla/5.0 AppleWebKit/537.36 (KHTML, like Gecko; compatible; bingbot/2.0; +http://www.bing.com/bingbot.htm) Chrome/116.0.1938.76 Safari/537.36"
85.208.96.203 - - [25/Feb/2026:13:35:16 +0100] "GET /11865156961.htm HTTP/1.1" 404 87047 "-" "Mozilla/5.0 (compatible; SemrushBot/7~bl; +http://www.semrush.com/bot.html)"
185.191.171.16 - - [25/Feb/2026:13:35:19 +0100] "GET /5120516585.htm HTTP/1.1" 404 87047 "-" "Mozilla/5.0 (compatible; SemrushBot/7~bl; +http://www.semrush.com/bot.html)"
52.167.144.157 - - [25/Feb/2026:13:35:23 +0100] "GET /?l=27602162823800 HTTP/2.0" 301 - "-" "Mozilla/5.0 AppleWebKit/537.36 (KHTML, like Gecko; compatible; bingbot/2.0; +http://www.bing.com/bingbot.htm) Chrome/116.0.1938.76 Safari/537.36"
85.208.96.212 - - [25/Feb/2026:13:35:24 +0100] "GET /79338185246.htm HTTP/1.1" 404 87047 "-" "Mozilla/5.0 (compatible; SemrushBot/7~bl; +http://www.semrush.com/bot.html)"
23.88.19.39 - - [25/Feb/2026:13:35:33 +0100] "POST /wp-cron.php?doing_wp_cron=1772022933.1055140495300292968750 HTTP/1.1" 404 87047 "-" "WordPress/6.9.1; https://alfouzantransport.com"
52.167.144.211 - - [25/Feb/2026:13:35:32 +0100] "GET /?l=27602162823800 HTTP/2.0" 200 192282 "-" "Mozilla/5.0 AppleWebKit/537.36 (KHTML, like Gecko; compatible; bingbot/2.0; +http://www.bing.com/bingbot.htm) Chrome/116.0.1938.76 Safari/537.36"
157.55.39.59 - - [25/Feb/2026:13:35:39 +0100] "GET /?l=8206117694601 HTTP/2.0" 200 192282 "-" "Mozilla/5.0 AppleWebKit/537.36 (KHTML, like Gecko; compatible; bingbot/2.0; +http://www.bing.com/bingbot.htm) Chrome/116.0.1938.76 Safari/537.36"
157.55.39.59 - - [25/Feb/2026:13:35:41 +0100] "GET /?l=70589253803300 HTTP/2.0" 200 192282 "-" "Mozilla/5.0 AppleWebKit/537.36 (KHTML, like Gecko; compatible; bingbot/2.0; +http://www.bing.com/bingbot.htm) Chrome/116.0.1938.76 Safari/537.36"
85.208.96.207 - - [25/Feb/2026:13:35:42 +0100] "GET /11865196070.htm HTTP/1.1" 404 87047 "-" "Mozilla/5.0 (compatible; SemrushBot/7~bl; +http://www.semrush.com/bot.html)"
157.55.39.205 - - [25/Feb/2026:13:35:46 +0100] "GET /?l=39862101673005 HTTP/2.0" 200 192282 "-" "Mozilla/5.0 AppleWebKit/537.36 (KHTML, like Gecko; compatible; bingbot/2.0; +http://www.bing.com/bingbot.htm) Chrome/116.0.1938.76 Safari/537.36"
85.208.96.201 - - [25/Feb/2026:13:35:59 +0100] "GET /79865327595.htm HTTP/1.1" 404 87047 "-" "Mozilla/5.0 (compatible; SemrushBot/7~bl; +http://www.semrush.com/bot.html)"
207.46.13.31 - - [25/Feb/2026:13:36:06 +0100] "GET /?l=00201248492400 HTTP/2.0" 301 - "-" "Mozilla/5.0 AppleWebKit/537.36 (KHTML, like Gecko; compatible; bingbot/2.0; +http://www.bing.com/bingbot.htm) Chrome/116.0.1938.76 Safari/537.36"
185.191.171.5 - - [25/Feb/2026:13:36:12 +0100] "GET /80239249958.htm HTTP/1.1" 404 87047 "-" "Mozilla/5.0 (compatible; SemrushBot/7~bl; +http://www.semrush.com/bot.html)"
185.191.171.14 - - [25/Feb/2026:13:36:19 +0100] "GET /80239296007.htm HTTP/1.1" 404 87047 "-" "Mozilla/5.0 (compatible; SemrushBot/7~bl; +http://www.semrush.com/bot.html)"
23.88.19.39 - - [25/Feb/2026:13:36:34 +0100] "POST /wp-cron.php?doing_wp_cron=1772022994.4185268878936767578125 HTTP/1.1" 404 87047 "-" "WordPress/6.9.1; https://alfouzantransport.com"
207.46.13.153 - - [25/Feb/2026:13:36:34 +0100] "GET /?l=69639178368000 HTTP/2.0" 301 - "-" "Mozilla/5.0 AppleWebKit/537.36 (KHTML, like Gecko; compatible; bingbot/2.0; +http://www.bing.com/bingbot.htm) Chrome/116.0.1938.76 Safari/537.36"
85.208.96.198 - - [25/Feb/2026:13:36:34 +0100] "GET /2533020814.htm HTTP/1.1" 404 87047 "-" "Mozilla/5.0 (compatible; SemrushBot/7~bl; +http://www.semrush.com/bot.html)"
157.55.39.205 - - [25/Feb/2026:13:36:35 +0100] "GET /?l=00827243739203 HTTP/2.0" 200 192282 "-" "Mozilla/5.0 AppleWebKit/537.36 (KHTML, like Gecko; compatible; bingbot/2.0; +http://www.bing.com/bingbot.htm) Chrome/116.0.1938.76 Safari/537.36"
207.46.13.31 - - [25/Feb/2026:13:36:36 +0100] "GET /?l=91174264368602 HTTP/2.0" 301 - "-" "Mozilla/5.0 AppleWebKit/537.36 (KHTML, like Gecko; compatible; bingbot/2.0; +http://www.bing.com/bingbot.htm) Chrome/116.0.1938.76 Safari/537.36"
52.167.144.157 - - [25/Feb/2026:13:36:40 +0100] "GET /?l=7047760611901 HTTP/2.0" 301 - "-" "Mozilla/5.0 AppleWebKit/537.36 (KHTML, like Gecko; compatible; bingbot/2.0; +http://www.bing.com/bingbot.htm) Chrome/116.0.1938.76 Safari/537.36"
185.191.171.9 - - [25/Feb/2026:13:36:42 +0100] "GET /51205253988.htm HTTP/1.1" 404 87047 "-" "Mozilla/5.0 (compatible; SemrushBot/7~bl; +http://www.semrush.com/bot.html)"
52.167.144.211 - - [25/Feb/2026:13:36:46 +0100] "GET /?l=36149124809004 HTTP/2.0" 200 192282 "-" "Mozilla/5.0 AppleWebKit/537.36 (KHTML, like Gecko; compatible; bingbot/2.0; +http://www.bing.com/bingbot.htm) Chrome/116.0.1938.76 Safari/537.36"
85.208.96.210 - - [25/Feb/2026:13:36:46 +0100] "GET /51205291260.htm HTTP/1.1" 404 87047 "-" "Mozilla/5.0 (compatible; SemrushBot/7~bl; +http://www.semrush.com/bot.html)"
185.191.171.19 - - [25/Feb/2026:13:36:56 +0100] "GET /80239270208.htm HTTP/1.1" 404 87047 "-" "Mozilla/5.0 (compatible; SemrushBot/7~bl; +http://www.semrush.com/bot.html)"
207.46.13.31 - - [25/Feb/2026:13:36:56 +0100] "GET /?l=77136180664402 HTTP/2.0" 301 - "-" "Mozilla/5.0 AppleWebKit/537.36 (KHTML, like Gecko; compatible; bingbot/2.0; +http://www.bing.com/bingbot.htm) Chrome/116.0.1938.76 Safari/537.36"
52.167.144.157 - - [25/Feb/2026:13:37:01 +0100] "GET /?l=7178111488209 HTTP/2.0" 301 - "-" "Mozilla/5.0 AppleWebKit/537.36 (KHTML, like Gecko; compatible; bingbot/2.0; +http://www.bing.com/bingbot.htm) Chrome/116.0.1938.76 Safari/537.36"
85.208.96.198 - - [25/Feb/2026:13:37:03 +0100] "GET /51205150240.htm HTTP/1.1" 404 87047 "-" "Mozilla/5.0 (compatible; SemrushBot/7~bl; +http://www.semrush.com/bot.html)"
157.55.39.205 - - [25/Feb/2026:13:37:06 +0100] "GET /?l=08671100574404 HTTP/2.0" 200 192282 "-" "Mozilla/5.0 AppleWebKit/537.36 (KHTML, like Gecko; compatible; bingbot/2.0; +http://www.bing.com/bingbot.htm) Chrome/116.0.1938.76 Safari/537.36"
157.55.39.205 - - [25/Feb/2026:13:37:08 +0100] "GET /?l=1410069708000 HTTP/2.0" 200 192282 "-" "Mozilla/5.0 AppleWebKit/537.36 (KHTML, like Gecko; compatible; bingbot/2.0; +http://www.bing.com/bingbot.htm) Chrome/116.0.1938.76 Safari/537.36"
85.208.96.211 - - [25/Feb/2026:13:37:12 +0100] "GET /79865270638.htm HTTP/1.1" 404 87047 "-" "Mozilla/5.0 (compatible; SemrushBot/7~bl; +http://www.semrush.com/bot.html)"
52.167.144.157 - - [25/Feb/2026:13:37:13 +0100] "GET /?l=99689290559400 HTTP/2.0" 301 - "-" "Mozilla/5.0 AppleWebKit/537.36 (KHTML, like Gecko; compatible; bingbot/2.0; +http://www.bing.com/bingbot.htm) Chrome/116.0.1938.76 Safari/537.36"
52.167.144.157 - - [25/Feb/2026:13:37:14 +0100] "GET /?l=88284225183007 HTTP/2.0" 301 - "-" "Mozilla/5.0 AppleWebKit/537.36 (KHTML, like Gecko; compatible; bingbot/2.0; +http://www.bing.com/bingbot.htm) Chrome/116.0.1938.76 Safari/537.36"
52.167.144.211 - - [25/Feb/2026:13:37:23 +0100] "GET /?l=99689290559400 HTTP/2.0" 200 192282 "-" "Mozilla/5.0 AppleWebKit/537.36 (KHTML, like Gecko; compatible; bingbot/2.0; +http://www.bing.com/bingbot.htm) Chrome/116.0.1938.76 Safari/537.36"
157.55.39.205 - - [25/Feb/2026:13:37:28 +0100] "GET /?l=02007179265000 HTTP/2.0" 200 192282 "-" "Mozilla/5.0 AppleWebKit/537.36 (KHTML, like Gecko; compatible; bingbot/2.0; +http://www.bing.com/bingbot.htm) Chrome/116.0.1938.76 Safari/537.36"
157.55.39.59 - - [25/Feb/2026:13:37:33 +0100] "GET /?l=1829416250102 HTTP/2.0" 200 192282 "-" "Mozilla/5.0 AppleWebKit/537.36 (KHTML, like Gecko; compatible; bingbot/2.0; +http://www.bing.com/bingbot.htm) Chrome/116.0.1938.76 Safari/537.36"
23.88.19.39 - - [25/Feb/2026:13:37:38 +0100] "POST /wp-cron.php?doing_wp_cron=1772023058.0164070129394531250000 HTTP/1.1" 404 87047 "-" "WordPress/6.9.1; https://alfouzantransport.com"
52.167.144.157 - - [25/Feb/2026:13:37:37 +0100] "GET /?l=1907925157202 HTTP/2.0" 301 - "-" "Mozilla/5.0 AppleWebKit/537.36 (KHTML, like Gecko; compatible; bingbot/2.0; +http://www.bing.com/bingbot.htm) Chrome/116.0.1938.76 Safari/537.36"
185.191.171.12 - - [25/Feb/2026:13:37:44 +0100] "GET /80239195930.htm HTTP/1.1" 404 87047 "-" "Mozilla/5.0 (compatible; SemrushBot/7~bl; +http://www.semrush.com/bot.html)"
207.46.13.31 - - [25/Feb/2026:13:37:55 +0100] "GET /?l=9206786436217 HTTP/2.0" 301 - "-" "Mozilla/5.0 AppleWebKit/537.36 (KHTML, like Gecko; compatible; bingbot/2.0; +http://www.bing.com/bingbot.htm) Chrome/116.0.1938.76 Safari/537.36"
185.191.171.16 - - [25/Feb/2026:13:37:56 +0100] "GET /80239272656.htm HTTP/1.1" 404 87047 "-" "Mozilla/5.0 (compatible; SemrushBot/7~bl; +http://www.semrush.com/bot.html)"
185.191.171.2 - - [25/Feb/2026:13:38:19 +0100] "GET /79865313253.htm HTTP/1.1" 404 87047 "-" "Mozilla/5.0 (compatible; SemrushBot/7~bl; +http://www.semrush.com/bot.html)"
185.191.171.12 - - [25/Feb/2026:13:38:30 +0100] "GET /11865163165.htm HTTP/1.1" 404 87047 "-" "Mozilla/5.0 (compatible; SemrushBot/7~bl; +http://www.semrush.com/bot.html)"
185.191.171.5 - - [25/Feb/2026:13:38:33 +0100] "GET /3655860208.htm HTTP/1.1" 404 87047 "-" "Mozilla/5.0 (compatible; SemrushBot/7~bl; +http://www.semrush.com/bot.html)"
52.167.144.211 - - [25/Feb/2026:13:38:35 +0100] "GET /?l=03481261522302 HTTP/2.0" 200 192282 "-" "Mozilla/5.0 AppleWebKit/537.36 (KHTML, like Gecko; compatible; bingbot/2.0; +http://www.bing.com/bingbot.htm) Chrome/116.0.1938.76 Safari/537.36"
23.88.19.39 - - [25/Feb/2026:13:38:43 +0100] "POST /wp-cron.php?doing_wp_cron=1772023123.3131868839263916015625 HTTP/1.1" 404 87047 "-" "WordPress/6.9.1; https://alfouzantransport.com"
185.191.171.5 - - [25/Feb/2026:13:38:43 +0100] "GET /80239275805.htm HTTP/1.1" 404 87047 "-" "Mozilla/5.0 (compatible; SemrushBot/7~bl; +http://www.semrush.com/bot.html)"
85.208.96.194 - - [25/Feb/2026:13:38:49 +0100] "GET /79338190774.htm HTTP/1.1" 404 87047 "-" "Mozilla/5.0 (compatible; SemrushBot/7~bl; +http://www.semrush.com/bot.html)"
157.55.39.59 - - [25/Feb/2026:13:38:50 +0100] "GET /?l=74299137754300 HTTP/2.0" 200 192282 "-" "Mozilla/5.0 AppleWebKit/537.36 (KHTML, like Gecko; compatible; bingbot/2.0; +http://www.bing.com/bingbot.htm) Chrome/116.0.1938.76 Safari/537.36"
157.55.39.59 - - [25/Feb/2026:13:39:11 +0100] "GET /?l=899327911905 HTTP/2.0" 200 192282 "-" "Mozilla/5.0 AppleWebKit/537.36 (KHTML, like Gecko; compatible; bingbot/2.0; +http://www.bing.com/bingbot.htm) Chrome/116.0.1938.76 Safari/537.36"
207.46.13.153 - - [25/Feb/2026:13:39:12 +0100] "GET /?l=07163107505601 HTTP/2.0" 301 - "-" "Mozilla/5.0 AppleWebKit/537.36 (KHTML, like Gecko; compatible; bingbot/2.0; +http://www.bing.com/bingbot.htm) Chrome/116.0.1938.76 Safari/537.36"
157.55.39.59 - - [25/Feb/2026:13:39:19 +0100] "GET /?l=07163107505601 HTTP/2.0" 200 192282 "-" "Mozilla/5.0 AppleWebKit/537.36 (KHTML, like Gecko; compatible; bingbot/2.0; +http://www.bing.com/bingbot.htm) Chrome/116.0.1938.76 Safari/537.36"
85.208.96.211 - - [25/Feb/2026:13:39:20 +0100] "GET /79865310987.htm HTTP/1.1" 404 87047 "-" "Mozilla/5.0 (compatible; SemrushBot/7~bl; +http://www.semrush.com/bot.html)"
85.208.96.193 - - [25/Feb/2026:13:39:23 +0100] "GET /8023910392.htm HTTP/1.1" 404 87047 "-" "Mozilla/5.0 (compatible; SemrushBot/7~bl; +http://www.semrush.com/bot.html)"
85.208.96.204 - - [25/Feb/2026:13:39:26 +0100] "GET /51205140832.htm HTTP/1.1" 404 87047 "-" "Mozilla/5.0 (compatible; SemrushBot/7~bl; +http://www.semrush.com/bot.html)"
23.88.19.39 - - [25/Feb/2026:13:39:56 +0100] "POST /wp-cron.php?doing_wp_cron=1772023196.3004310131072998046875 HTTP/1.1" 404 87047 "-" "WordPress/6.9.1; https://alfouzantransport.com"
52.167.144.211 - - [25/Feb/2026:13:39:55 +0100] "GET /?l=6696839434400 HTTP/2.0" 200 192282 "-" "Mozilla/5.0 AppleWebKit/537.36 (KHTML, like Gecko; compatible; bingbot/2.0; +http://www.bing.com/bingbot.htm) Chrome/116.0.1938.76 Safari/537.36"
85.208.96.193 - - [25/Feb/2026:13:40:00 +0100] "GET /51205161252.htm HTTP/1.1" 404 87047 "-" "Mozilla/5.0 (compatible; SemrushBot/7~bl; +http://www.semrush.com/bot.html)"
85.208.96.208 - - [25/Feb/2026:13:40:05 +0100] "GET /5120529172.htm HTTP/1.1" 404 87047 "-" "Mozilla/5.0 (compatible; SemrushBot/7~bl; +http://www.semrush.com/bot.html)"
207.46.13.31 - - [25/Feb/2026:13:40:06 +0100] "GET /?l=814906274401 HTTP/2.0" 301 - "-" "Mozilla/5.0 AppleWebKit/537.36 (KHTML, like Gecko; compatible; bingbot/2.0; +http://www.bing.com/bingbot.htm) Chrome/116.0.1938.76 Safari/537.36"
185.191.171.9 - - [25/Feb/2026:13:40:10 +0100] "GET /79865162821.htm HTTP/1.1" 404 87047 "-" "Mozilla/5.0 (compatible; SemrushBot/7~bl; +http://www.semrush.com/bot.html)"
85.208.96.202 - - [25/Feb/2026:13:40:19 +0100] "GET /5120519581.htm HTTP/1.1" 404 87047 "-" "Mozilla/5.0 (compatible; SemrushBot/7~bl; +http://www.semrush.com/bot.html)"
207.46.13.153 - - [25/Feb/2026:13:40:20 +0100] "GET /?l=71780262834000 HTTP/2.0" 301 - "-" "Mozilla/5.0 AppleWebKit/537.36 (KHTML, like Gecko; compatible; bingbot/2.0; +http://www.bing.com/bingbot.htm) Chrome/116.0.1938.76 Safari/537.36"
207.46.13.153 - - [25/Feb/2026:13:40:20 +0100] "GET /?l=07341251693601 HTTP/2.0" 301 - "-" "Mozilla/5.0 AppleWebKit/537.36 (KHTML, like Gecko; compatible; bingbot/2.0; +http://www.bing.com/bingbot.htm) Chrome/116.0.1938.76 Safari/537.36"
185.191.171.9 - - [25/Feb/2026:13:40:23 +0100] "GET /7933879720.htm HTTP/1.1" 404 87047 "-" "Mozilla/5.0 (compatible; SemrushBot/7~bl; +http://www.semrush.com/bot.html)"
207.46.13.31 - - [25/Feb/2026:13:40:25 +0100] "GET /?l=77867134718004 HTTP/2.0" 301 - "-" "Mozilla/5.0 AppleWebKit/537.36 (KHTML, like Gecko; compatible; bingbot/2.0; +http://www.bing.com/bingbot.htm) Chrome/116.0.1938.76 Safari/537.36"
157.55.39.59 - - [25/Feb/2026:13:40:30 +0100] "GET /?l=71780262834000 HTTP/2.0" 200 192282 "-" "Mozilla/5.0 AppleWebKit/537.36 (KHTML, like Gecko; compatible; bingbot/2.0; +http://www.bing.com/bingbot.htm) Chrome/116.0.1938.76 Safari/537.36"
157.55.39.59 - - [25/Feb/2026:13:40:31 +0100] "GET /?l=07341251693601 HTTP/2.0" 200 192282 "-" "Mozilla/5.0 AppleWebKit/537.36 (KHTML, like Gecko; compatible; bingbot/2.0; +http://www.bing.com/bingbot.htm) Chrome/116.0.1938.76 Safari/537.36"
85.208.96.207 - - [25/Feb/2026:13:40:45 +0100] "GET /88900186089.htm HTTP/1.1" 404 87047 "-" "Mozilla/5.0 (compatible; SemrushBot/7~bl; +http://www.semrush.com/bot.html)"
207.46.13.31 - - [25/Feb/2026:13:40:46 +0100] "GET /?l=95279242765203 HTTP/2.0" 301 - "-" "Mozilla/5.0 AppleWebKit/537.36 (KHTML, like Gecko; compatible; bingbot/2.0; +http://www.bing.com/bingbot.htm) Chrome/116.0.1938.76 Safari/537.36"
23.88.19.39 - - [25/Feb/2026:13:40:56 +0100] "POST /wp-cron.php?doing_wp_cron=1772023256.7218759059906005859375 HTTP/1.1" 404 87047 "-" "WordPress/6.9.1; https://alfouzantransport.com"
157.55.39.205 - - [25/Feb/2026:13:40:56 +0100] "GET /?l=95279242765203 HTTP/2.0" 200 192282 "-" "Mozilla/5.0 AppleWebKit/537.36 (KHTML, like Gecko; compatible; bingbot/2.0; +http://www.bing.com/bingbot.htm) Chrome/116.0.1938.76 Safari/537.36"
85.208.96.210 - - [25/Feb/2026:13:40:58 +0100] "GET /36558202631.htm HTTP/1.1" 404 87047 "-" "Mozilla/5.0 (compatible; SemrushBot/7~bl; +http://www.semrush.com/bot.html)"
85.208.96.212 - - [25/Feb/2026:13:41:01 +0100] "GET /793387345.htm HTTP/1.1" 404 87047 "-" "Mozilla/5.0 (compatible; SemrushBot/7~bl; +http://www.semrush.com/bot.html)"
185.191.171.16 - - [25/Feb/2026:13:41:18 +0100] "GET /8023922836.htm HTTP/1.1" 404 87047 "-" "Mozilla/5.0 (compatible; SemrushBot/7~bl; +http://www.semrush.com/bot.html)"
185.191.171.4 - - [25/Feb/2026:13:41:24 +0100] "GET /5120548151.htm HTTP/1.1" 404 87047 "-" "Mozilla/5.0 (compatible; SemrushBot/7~bl; +http://www.semrush.com/bot.html)"
52.167.144.157 - - [25/Feb/2026:13:41:25 +0100] "GET /?l=84178138353802 HTTP/2.0" 301 - "-" "Mozilla/5.0 AppleWebKit/537.36 (KHTML, like Gecko; compatible; bingbot/2.0; +http://www.bing.com/bingbot.htm) Chrome/116.0.1938.76 Safari/537.36"
52.167.144.157 - - [25/Feb/2026:13:41:25 +0100] "GET /?l=3352263235801 HTTP/2.0" 301 - "-" "Mozilla/5.0 AppleWebKit/537.36 (KHTML, like Gecko; compatible; bingbot/2.0; +http://www.bing.com/bingbot.htm) Chrome/116.0.1938.76 Safari/537.36"
185.191.171.14 - - [25/Feb/2026:13:41:41 +0100] "GET /7986591893.htm HTTP/1.1" 404 87047 "-" "Mozilla/5.0 (compatible; SemrushBot/7~bl; +http://www.semrush.com/bot.html)"
23.88.19.39 - - [25/Feb/2026:13:41:58 +0100] "POST /wp-cron.php?doing_wp_cron=1772023318.1151421070098876953125 HTTP/1.1" 404 87047 "-" "WordPress/6.9.1; https://alfouzantransport.com"
85.208.96.212 - - [25/Feb/2026:13:41:57 +0100] "GET /80239158906.htm HTTP/1.1" 404 87047 "-" "Mozilla/5.0 (compatible; SemrushBot/7~bl; +http://www.semrush.com/bot.html)"
40.77.167.156 - - [25/Feb/2026:13:42:05 +0100] "GET /?l=88219185654400 HTTP/2.0" 200 192282 "-" "Mozilla/5.0 AppleWebKit/537.36 (KHTML, like Gecko; compatible; bingbot/2.0; +http://www.bing.com/bingbot.htm) Chrome/116.0.1938.76 Safari/537.36"
185.191.171.11 - - [25/Feb/2026:13:42:23 +0100] "GET /8023911919.htm HTTP/1.1" 404 87047 "-" "Mozilla/5.0 (compatible; SemrushBot/7~bl; +http://www.semrush.com/bot.html)"
85.208.96.212 - - [25/Feb/2026:13:42:34 +0100] "GET /79865128946.htm HTTP/1.1" 404 87047 "-" "Mozilla/5.0 (compatible; SemrushBot/7~bl; +http://www.semrush.com/bot.html)"
118.99.84.64 - - [25/Feb/2026:13:42:44 +0100] "GET /wp-login.php HTTP/1.1" 200 12273 "-" "Mozilla/5.0 (X11; Linux x86_64; rv:121.0) Gecko/20100101 Firefox/121.0"
118.99.84.64 - - [25/Feb/2026:13:42:44 +0100] "POST /wp-login.php HTTP/1.1" 302 - "-" "Mozilla/5.0 (X11; Linux x86_64; rv:121.0) Gecko/20100101 Firefox/121.0"
118.99.84.64 - - [25/Feb/2026:13:42:44 +0100] "GET /wp-admin/ HTTP/1.1" 200 146315 "-" "Mozilla/5.0 (X11; Linux x86_64; rv:121.0) Gecko/20100101 Firefox/121.0"
118.99.84.64 - - [25/Feb/2026:13:42:46 +0100] "GET /wp-admin/theme-install.php?browse=popular HTTP/1.1" 200 136640 "-" "Mozilla/5.0 (X11; Linux x86_64; rv:121.0) Gecko/20100101 Firefox/121.0"
85.208.96.207 - - [25/Feb/2026:13:42:47 +0100] "GET /365585041.htm HTTP/1.1" 404 87047 "-" "Mozilla/5.0 (compatible; SemrushBot/7~bl; +http://www.semrush.com/bot.html)"
118.99.84.64 - - [25/Feb/2026:13:42:47 +0100] "POST /wp-admin/update.php?action=upload-theme HTTP/1.1" 200 114901 "-" "Mozilla/5.0 (X11; Linux x86_64; rv:121.0) Gecko/20100101 Firefox/121.0"
118.99.84.64 - - [25/Feb/2026:13:42:55 +0100] "GET /wp-content/themes/rho50j3j/fooster1337.php HTTP/1.1" 404 91446 "-" "Mozilla/5.0 (X11; Linux x86_64; rv:121.0) Gecko/20100101 Firefox/121.0"
157.55.39.57 - - [25/Feb/2026:13:42:55 +0100] "GET /?l=1020169136805 HTTP/2.0" 301 - "-" "Mozilla/5.0 AppleWebKit/537.36 (KHTML, like Gecko; compatible; bingbot/2.0; +http://www.bing.com/bingbot.htm) Chrome/116.0.1938.76 Safari/537.36"
185.191.171.4 - - [25/Feb/2026:13:42:56 +0100] "GET /79865109145.htm HTTP/1.1" 404 87047 "-" "Mozilla/5.0 (compatible; SemrushBot/7~bl; +http://www.semrush.com/bot.html)"
118.99.84.64 - - [25/Feb/2026:13:42:56 +0100] "GET /wp-content/themes/rho50j3j/uploader.php HTTP/1.1" 404 91446 "-" "Mozilla/5.0 (X11; Linux x86_64; rv:121.0) Gecko/20100101 Firefox/121.0"
157.55.39.57 - - [25/Feb/2026:13:42:56 +0100] "GET /?l=70419275615200 HTTP/2.0" 301 - "-" "Mozilla/5.0 AppleWebKit/537.36 (KHTML, like Gecko; compatible; bingbot/2.0; +http://www.bing.com/bingbot.htm) Chrome/116.0.1938.76 Safari/537.36"
157.55.39.57 - - [25/Feb/2026:13:42:57 +0100] "GET /?l=09228200946600 HTTP/2.0" 301 - "-" "Mozilla/5.0 AppleWebKit/537.36 (KHTML, like Gecko; compatible; bingbot/2.0; +http://www.bing.com/bingbot.htm) Chrome/116.0.1938.76 Safari/537.36"
23.88.19.39 - - [25/Feb/2026:13:42:59 +0100] "POST /wp-cron.php?doing_wp_cron=1772023379.4035069942474365234375 HTTP/1.1" 404 87047 "-" "WordPress/6.9.1; https://alfouzantransport.com"
118.99.84.64 - - [25/Feb/2026:13:42:58 +0100] "GET /wp-admin/plugin-install.php?s=file%2520manager&tab=search&type=term HTTP/1.1" 200 220717 "-" "Mozilla/5.0 (X11; Linux x86_64; rv:121.0) Gecko/20100101 Firefox/121.0"
23.88.19.39 - - [25/Feb/2026:13:42:59 +0100] "POST /wp-cron.php?doing_wp_cron=1772023379.5346539020538330078125 HTTP/1.1" 404 87047 "-" "WordPress/6.9.1; https://alfouzantransport.com"
157.55.39.57 - - [25/Feb/2026:13:42:59 +0100] "GET /?l=84928206635605 HTTP/2.0" 301 - "-" "Mozilla/5.0 AppleWebKit/537.36 (KHTML, like Gecko; compatible; bingbot/2.0; +http://www.bing.com/bingbot.htm) Chrome/116.0.1938.76 Safari/537.36"
118.99.84.64 - - [25/Feb/2026:13:43:00 +0100] "GET /wp-admin/admin.php?page=wp_file_manager HTTP/1.1" 200 142069 "-" "Mozilla/5.0 (X11; Linux x86_64; rv:121.0) Gecko/20100101 Firefox/121.0"
118.99.84.64 - - [25/Feb/2026:13:43:02 +0100] "GET /wp-admin/admin-ajax.php?action=mk_file_folder_manager&_wpnonce=d542219462&networkhref=&cmd=ls&target=l1_Lw&intersect%5B%5D=rho50j3j.php&reqid=18efa290e4235f HTTP/1.1" 500 184 "-" "Mozilla/5.0 (X11; Linux x86_64; rv:121.0) Gecko/20100101 Firefox/121.0"
52.167.144.138 - - [25/Feb/2026:13:43:07 +0100] "GET /?l=17687184211201 HTTP/2.0" 301 - "-" "Mozilla/5.0 AppleWebKit/537.36 (KHTML, like Gecko; compatible; bingbot/2.0; +http://www.bing.com/bingbot.htm) Chrome/116.0.1938.76 Safari/537.36"
40.77.167.156 - - [25/Feb/2026:13:43:07 +0100] "GET /?l=07019141217802 HTTP/2.0" 200 192282 "-" "Mozilla/5.0 AppleWebKit/537.36 (KHTML, like Gecko; compatible; bingbot/2.0; +http://www.bing.com/bingbot.htm) Chrome/116.0.1938.76 Safari/537.36"
118.99.84.64 - - [25/Feb/2026:13:43:09 +0100] "GET /wp-login.php HTTP/1.1" 200 12273 "-" "Mozilla/5.0 (X11; Linux x86_64; rv:121.0) Gecko/20100101 Firefox/121.0"
118.99.84.64 - - [25/Feb/2026:13:43:09 +0100] "POST /wp-login.php HTTP/1.1" 200 12705 "-" "Mozilla/5.0 (X11; Linux x86_64; rv:121.0) Gecko/20100101 Firefox/121.0"
118.99.84.64 - - [25/Feb/2026:13:43:10 +0100] "GET /wp-admin/theme-install.php?browse=popular HTTP/1.1" 302 - "-" "Mozilla/5.0 (X11; Linux x86_64; rv:121.0) Gecko/20100101 Firefox/121.0"
118.99.84.64 - - [25/Feb/2026:13:43:10 +0100] "GET /wp-login.php?redirect_to=https%3A%2F%2Falfouzantransport.com%2Fwp-admin%2Ftheme-install.php%3Fbrowse%3Dpopular&reauth=1 HTTP/1.1" 200 12305 "-" "Mozilla/5.0 (X11; Linux x86_64; rv:121.0) Gecko/20100101 Firefox/121.0"
118.99.84.64 - - [25/Feb/2026:13:43:11 +0100] "GET /wp-admin/plugin-install.php HTTP/1.1" 302 - "-" "Mozilla/5.0 (X11; Linux x86_64; rv:121.0) Gecko/20100101 Firefox/121.0"
118.99.84.64 - - [25/Feb/2026:13:43:11 +0100] "GET /wp-login.php?redirect_to=https%3A%2F%2Falfouzantransport.com%2Fwp-admin%2Fplugin-install.php&reauth=1 HTTP/1.1" 200 12291 "-" "Mozilla/5.0 (X11; Linux x86_64; rv:121.0) Gecko/20100101 Firefox/121.0"
118.99.84.64 - - [25/Feb/2026:13:43:12 +0100] "GET /wp-admin/plugin-install.php?s=file%2520manager&tab=search&type=term HTTP/1.1" 302 - "-" "Mozilla/5.0 (X11; Linux x86_64; rv:121.0) Gecko/20100101 Firefox/121.0"
118.99.84.64 - - [25/Feb/2026:13:43:12 +0100] "GET /wp-login.php?redirect_to=https%3A%2F%2Falfouzantransport.com%2Fwp-admin%2Fplugin-install.php%3Fs%3Dfile%252520manager%26tab%3Dsearch%26type%3Dterm&reauth=1 HTTP/1.1" 200 12339 "-" "Mozilla/5.0 (X11; Linux x86_64; rv:121.0) Gecko/20100101 Firefox/121.0"
185.191.171.9 - - [25/Feb/2026:13:43:19 +0100] "GET /79338271169.htm HTTP/1.1" 404 87047 "-" "Mozilla/5.0 (compatible; SemrushBot/7~bl; +http://www.semrush.com/bot.html)"
157.55.39.59 - - [25/Feb/2026:13:43:21 +0100] "GET /?l=7086846549402 HTTP/2.0" 200 192282 "-" "Mozilla/5.0 AppleWebKit/537.36 (KHTML, like Gecko; compatible; bingbot/2.0; +http://www.bing.com/bingbot.htm) Chrome/116.0.1938.76 Safari/537.36"
185.191.171.11 - - [25/Feb/2026:13:43:22 +0100] "GET /79865125404.htm HTTP/1.1" 404 87047 "-" "Mozilla/5.0 (compatible; SemrushBot/7~bl; +http://www.semrush.com/bot.html)"
207.46.13.31 - - [25/Feb/2026:13:43:27 +0100] "GET /?l=3792936683809 HTTP/2.0" 301 - "-" "Mozilla/5.0 AppleWebKit/537.36 (KHTML, like Gecko; compatible; bingbot/2.0; +http://www.bing.com/bingbot.htm) Chrome/116.0.1938.76 Safari/537.36"
66.249.72.7 - - [25/Feb/2026:13:43:28 +0100] "GET /?l=73776215285700 HTTP/1.1" 200 192282 "-" "Mozilla/5.0 (Linux; Android 6.0.1; Nexus 5X Build/MMB29P) AppleWebKit/537.36 (KHTML, like Gecko) Chrome/144.0.7559.132 Mobile Safari/537.36 (compatible; Googlebot/2.1; +http://www.google.com/bot.html)"
185.191.171.15 - - [25/Feb/2026:13:43:29 +0100] "GET /80239119389.htm HTTP/1.1" 404 87047 "-" "Mozilla/5.0 (compatible; SemrushBot/7~bl; +http://www.semrush.com/bot.html)"
157.55.39.57 - - [25/Feb/2026:13:43:32 +0100] "GET /?l=24444298606203 HTTP/2.0" 301 - "-" "Mozilla/5.0 AppleWebKit/537.36 (KHTML, like Gecko; compatible; bingbot/2.0; +http://www.bing.com/bingbot.htm) Chrome/116.0.1938.76 Safari/537.36"
40.77.167.156 - - [25/Feb/2026:13:43:37 +0100] "GET /?l=85747215078700 HTTP/2.0" 200 192282 "-" "Mozilla/5.0 AppleWebKit/537.36 (KHTML, like Gecko; compatible; bingbot/2.0; +http://www.bing.com/bingbot.htm) Chrome/116.0.1938.76 Safari/537.36"
40.77.167.156 - - [25/Feb/2026:13:43:38 +0100] "GET /?l=69091257925602 HTTP/2.0" 200 192282 "-" "Mozilla/5.0 AppleWebKit/537.36 (KHTML, like Gecko; compatible; bingbot/2.0; +http://www.bing.com/bingbot.htm) Chrome/116.0.1938.76 Safari/537.36"
207.46.13.86 - - [25/Feb/2026:13:43:41 +0100] "GET /?l=24444298606203 HTTP/2.0" 200 192282 "-" "Mozilla/5.0 AppleWebKit/537.36 (KHTML, like Gecko; compatible; bingbot/2.0; +http://www.bing.com/bingbot.htm) Chrome/116.0.1938.76 Safari/537.36"
157.55.39.205 - - [25/Feb/2026:13:43:41 +0100] "GET /?l=082459065404 HTTP/2.0" 200 192282 "-" "Mozilla/5.0 AppleWebKit/537.36 (KHTML, like Gecko; compatible; bingbot/2.0; +http://www.bing.com/bingbot.htm) Chrome/116.0.1938.76 Safari/537.36"
85.208.96.197 - - [25/Feb/2026:13:43:44 +0100] "GET /51205298582.htm HTTP/1.1" 404 87047 "-" "Mozilla/5.0 (compatible; SemrushBot/7~bl; +http://www.semrush.com/bot.html)"
157.55.39.7 - - [25/Feb/2026:13:43:57 +0100] "GET /?l=3029975462000 HTTP/2.0" 301 - "-" "Mozilla/5.0 AppleWebKit/537.36 (KHTML, like Gecko; compatible; bingbot/2.0; +http://www.bing.com/bingbot.htm) Chrome/116.0.1938.76 Safari/537.36"
157.55.39.205 - - [25/Feb/2026:13:43:58 +0100] "GET /?l=93860142893605 HTTP/2.0" 200 192282 "-" "Mozilla/5.0 AppleWebKit/537.36 (KHTML, like Gecko; compatible; bingbot/2.0; +http://www.bing.com/bingbot.htm) Chrome/116.0.1938.76 Safari/537.36"
23.88.19.39 - - [25/Feb/2026:13:43:59 +0100] "POST /wp-cron.php?doing_wp_cron=1772023439.7315680980682373046875 HTTP/1.1" 404 87047 "-" "WordPress/6.9.1; https://alfouzantransport.com"
157.55.39.205 - - [25/Feb/2026:13:43:59 +0100] "GET /?l=6667438867401 HTTP/2.0" 200 192282 "-" "Mozilla/5.0 AppleWebKit/537.36 (KHTML, like Gecko; compatible; bingbot/2.0; +http://www.bing.com/bingbot.htm) Chrome/116.0.1938.76 Safari/537.36"
157.55.39.57 - - [25/Feb/2026:13:44:01 +0100] "GET /?l=8189356477403 HTTP/2.0" 301 - "-" "Mozilla/5.0 AppleWebKit/537.36 (KHTML, like Gecko; compatible; bingbot/2.0; +http://www.bing.com/bingbot.htm) Chrome/116.0.1938.76 Safari/537.36"
57.141.20.28 - - [25/Feb/2026:13:44:02 +0100] "GET /cgi-sys/suspendedpage.cgi?l=94157216598003 HTTP/2.0" 200 7766 "-" "meta-externalagent/1.1 (+https://developers.facebook.com/docs/sharing/webmasters/crawler)"
85.208.96.197 - - [25/Feb/2026:13:44:06 +0100] "GET /11865216541.htm HTTP/1.1" 404 87047 "-" "Mozilla/5.0 (compatible; SemrushBot/7~bl; +http://www.semrush.com/bot.html)"
52.167.144.138 - - [25/Feb/2026:13:44:07 +0100] "GET /?l=80770242229001 HTTP/2.0" 301 - "-" "Mozilla/5.0 AppleWebKit/537.36 (KHTML, like Gecko; compatible; bingbot/2.0; +http://www.bing.com/bingbot.htm) Chrome/116.0.1938.76 Safari/537.36"
52.167.144.138 - - [25/Feb/2026:13:44:08 +0100] "GET /?l=91581223533204 HTTP/2.0" 301 - "-" "Mozilla/5.0 AppleWebKit/537.36 (KHTML, like Gecko; compatible; bingbot/2.0; +http://www.bing.com/bingbot.htm) Chrome/116.0.1938.76 Safari/537.36"
207.46.13.86 - - [25/Feb/2026:13:44:11 +0100] "GET /?l=8189356477403 HTTP/2.0" 200 192282 "-" "Mozilla/5.0 AppleWebKit/537.36 (KHTML, like Gecko; compatible; bingbot/2.0; +http://www.bing.com/bingbot.htm) Chrome/116.0.1938.76 Safari/537.36"
185.191.171.8 - - [25/Feb/2026:13:44:13 +0100] "GET /79865127221.htm HTTP/1.1" 404 87047 "-" "Mozilla/5.0 (compatible; SemrushBot/7~bl; +http://www.semrush.com/bot.html)"
207.46.13.86 - - [25/Feb/2026:13:44:15 +0100] "GET /?l=48389139362600 HTTP/2.0" 200 192282 "-" "Mozilla/5.0 AppleWebKit/537.36 (KHTML, like Gecko; compatible; bingbot/2.0; +http://www.bing.com/bingbot.htm) Chrome/116.0.1938.76 Safari/537.36"
85.208.96.207 - - [25/Feb/2026:13:44:20 +0100] "GET /80239119240.htm HTTP/1.1" 404 87047 "-" "Mozilla/5.0 (compatible; SemrushBot/7~bl; +http://www.semrush.com/bot.html)"
85.208.96.211 - - [25/Feb/2026:13:44:23 +0100] "GET /8023956622.htm HTTP/1.1" 404 87047 "-" "Mozilla/5.0 (compatible; SemrushBot/7~bl; +http://www.semrush.com/bot.html)"
185.191.171.4 - - [25/Feb/2026:13:44:28 +0100] "GET /11865145182.htm HTTP/1.1" 404 87047 "-" "Mozilla/5.0 (compatible; SemrushBot/7~bl; +http://www.semrush.com/bot.html)"
66.249.72.5 - - [25/Feb/2026:13:44:38 +0100] "GET /wp-includes/css/dist/editor/style.min.css?ver=6.9.1 HTTP/1.1" 200 59559 "https://alfouzantransport.com/?l=73776215285700" "Mozilla/5.0 (Linux; Android 6.0.1; Nexus 5X Build/MMB29P) AppleWebKit/537.36 (KHTML, like Gecko) Chrome/144.0.7559.132 Mobile Safari/537.36 (compatible; Googlebot/2.1; +http://www.google.com/bot.html)"
185.191.171.14 - - [25/Feb/2026:13:44:46 +0100] "GET /798656579.htm HTTP/1.1" 404 87047 "-" "Mozilla/5.0 (compatible; SemrushBot/7~bl; +http://www.semrush.com/bot.html)"
157.55.39.57 - - [25/Feb/2026:13:44:46 +0100] "GET /?l=71447291129306 HTTP/2.0" 301 - "-" "Mozilla/5.0 AppleWebKit/537.36 (KHTML, like Gecko; compatible; bingbot/2.0; +http://www.bing.com/bingbot.htm) Chrome/116.0.1938.76 Safari/537.36"
40.77.167.156 - - [25/Feb/2026:13:44:56 +0100] "GET /?l=22056152798102 HTTP/2.0" 200 192282 "-" "Mozilla/5.0 AppleWebKit/537.36 (KHTML, like Gecko; compatible; bingbot/2.0; +http://www.bing.com/bingbot.htm) Chrome/116.0.1938.76 Safari/537.36"
23.88.19.39 - - [25/Feb/2026:13:45:01 +0100] "POST /wp-cron.php?doing_wp_cron=1772023501.3962829113006591796875 HTTP/1.1" 404 87047 "-" "WordPress/6.9.1; https://alfouzantransport.com"
66.249.77.36 - - [25/Feb/2026:13:45:01 +0100] "GET /?l=17437238480606 HTTP/1.1" 301 - "-" "Mozilla/5.0 (Linux; Android 6.0.1; Nexus 5X Build/MMB29P) AppleWebKit/537.36 (KHTML, like Gecko) Chrome/144.0.7559.132 Mobile Safari/537.36 (compatible; Googlebot/2.1; +http://www.google.com/bot.html)"
23.88.19.39 - - [25/Feb/2026:13:45:01 +0100] "POST /wp-cron.php?doing_wp_cron=1772023501.9368350505828857421875 HTTP/1.1" 404 87047 "-" "WordPress/6.9.1; https://alfouzantransport.com"
157.55.39.16 - - [25/Feb/2026:13:45:01 +0100] "GET /?l=48179229558201 HTTP/2.0" 200 192282 "-" "Mozilla/5.0 AppleWebKit/537.36 (KHTML, like Gecko; compatible; bingbot/2.0; +http://www.bing.com/bingbot.htm) Chrome/116.0.1938.76 Safari/537.36"
66.249.72.7 - - [25/Feb/2026:13:45:02 +0100] "GET /?l=17437238480606 HTTP/1.1" 200 192282 "-" "Mozilla/5.0 (Linux; Android 6.0.1; Nexus 5X Build/MMB29P) AppleWebKit/537.36 (KHTML, like Gecko) Chrome/144.0.7559.132 Mobile Safari/537.36 (compatible; Googlebot/2.1; +http://www.google.com/bot.html)"
66.249.72.5 - - [25/Feb/2026:13:45:03 +0100] "GET /?l=11499283197400 HTTP/1.1" 200 192282 "-" "Mozilla/5.0 (Linux; Android 6.0.1; Nexus 5X Build/MMB29P) AppleWebKit/537.36 (KHTML, like Gecko) Chrome/144.0.7559.132 Mobile Safari/537.36 (compatible; Googlebot/2.1; +http://www.google.com/bot.html)"
185.191.171.19 - - [25/Feb/2026:13:45:10 +0100] "GET /11865158717.htm HTTP/1.1" 404 87047 "-" "Mozilla/5.0 (compatible; SemrushBot/7~bl; +http://www.semrush.com/bot.html)"
66.249.72.6 - - [25/Feb/2026:13:45:13 +0100] "GET /wp-content/themes/production-factory/assets/js/custom.js?ver=6.9.1 HTTP/1.1" 200 991 "https://alfouzantransport.com/?l=11499283197400" "Mozilla/5.0 (Linux; Android 6.0.1; Nexus 5X Build/MMB29P) AppleWebKit/537.36 (KHTML, like Gecko) Chrome/144.0.7559.132 Mobile Safari/537.36 (compatible; Googlebot/2.1; +http://www.google.com/bot.html)"
185.191.171.11 - - [25/Feb/2026:13:45:15 +0100] "GET /80239157255.htm HTTP/1.1" 404 87047 "-" "Mozilla/5.0 (compatible; SemrushBot/7~bl; +http://www.semrush.com/bot.html)"
185.191.171.19 - - [25/Feb/2026:13:45:26 +0100] "GET /80239124624.htm HTTP/1.1" 404 87047 "-" "Mozilla/5.0 (compatible; SemrushBot/7~bl; +http://www.semrush.com/bot.html)"
157.55.39.7 - - [25/Feb/2026:13:45:27 +0100] "GET /?l=1571527667202 HTTP/2.0" 301 - "-" "Mozilla/5.0 AppleWebKit/537.36 (KHTML, like Gecko; compatible; bingbot/2.0; +http://www.bing.com/bingbot.htm) Chrome/116.0.1938.76 Safari/537.36"
157.55.39.7 - - [25/Feb/2026:13:45:28 +0100] "GET /?l=19001256680604 HTTP/2.0" 301 - "-" "Mozilla/5.0 AppleWebKit/537.36 (KHTML, like Gecko; compatible; bingbot/2.0; +http://www.bing.com/bingbot.htm) Chrome/116.0.1938.76 Safari/537.36"
157.55.39.7 - - [25/Feb/2026:13:45:28 +0100] "GET /?l=9992284387600 HTTP/2.0" 301 - "-" "Mozilla/5.0 AppleWebKit/537.36 (KHTML, like Gecko; compatible; bingbot/2.0; +http://www.bing.com/bingbot.htm) Chrome/116.0.1938.76 Safari/537.36"
157.55.39.7 - - [25/Feb/2026:13:45:30 +0100] "GET /?l=04071150242401 HTTP/2.0" 301 - "-" "Mozilla/5.0 AppleWebKit/537.36 (KHTML, like Gecko; compatible; bingbot/2.0; +http://www.bing.com/bingbot.htm) Chrome/116.0.1938.76 Safari/537.36"
207.46.13.86 - - [25/Feb/2026:13:45:33 +0100] "GET /?l=2149890017101 HTTP/2.0" 200 192282 "-" "Mozilla/5.0 AppleWebKit/537.36 (KHTML, like Gecko; compatible; bingbot/2.0; +http://www.bing.com/bingbot.htm) Chrome/116.0.1938.76 Safari/537.36"
207.46.13.86 - - [25/Feb/2026:13:45:34 +0100] "GET /?l=80846174758400 HTTP/2.0" 200 192282 "-" "Mozilla/5.0 AppleWebKit/537.36 (KHTML, like Gecko; compatible; bingbot/2.0; +http://www.bing.com/bingbot.htm) Chrome/116.0.1938.76 Safari/537.36"
185.191.171.19 - - [25/Feb/2026:13:45:36 +0100] "GET /1186518249.htm HTTP/1.1" 404 87047 "-" "Mozilla/5.0 (compatible; SemrushBot/7~bl; +http://www.semrush.com/bot.html)"
157.55.39.57 - - [25/Feb/2026:13:45:43 +0100] "GET /?l=33421144085800 HTTP/2.0" 301 - "-" "Mozilla/5.0 AppleWebKit/537.36 (KHTML, like Gecko; compatible; bingbot/2.0; +http://www.bing.com/bingbot.htm) Chrome/116.0.1938.76 Safari/537.36"
157.55.39.16 - - [25/Feb/2026:13:45:47 +0100] "GET /?l=97590188190202 HTTP/2.0" 200 192282 "-" "Mozilla/5.0 AppleWebKit/537.36 (KHTML, like Gecko; compatible; bingbot/2.0; +http://www.bing.com/bingbot.htm) Chrome/116.0.1938.76 Safari/537.36"
185.191.171.18 - - [25/Feb/2026:13:45:55 +0100] "GET /79865123898.htm HTTP/1.1" 404 87047 "-" "Mozilla/5.0 (compatible; SemrushBot/7~bl; +http://www.semrush.com/bot.html)"
23.88.19.39 - - [25/Feb/2026:13:46:08 +0100] "POST /wp-cron.php?doing_wp_cron=1772023568.7367839813232421875000 HTTP/1.1" 404 87047 "-" "WordPress/6.9.1; https://alfouzantransport.com"
207.46.13.86 - - [25/Feb/2026:13:46:08 +0100] "GET /?l=31881267942002 HTTP/2.0" 200 192282 "-" "Mozilla/5.0 AppleWebKit/537.36 (KHTML, like Gecko; compatible; bingbot/2.0; +http://www.bing.com/bingbot.htm) Chrome/116.0.1938.76 Safari/537.36"
85.208.96.199 - - [25/Feb/2026:13:46:13 +0100] "GET /51205244274.htm HTTP/1.1" 404 87047 "-" "Mozilla/5.0 (compatible; SemrushBot/7~bl; +http://www.semrush.com/bot.html)"
185.191.171.3 - - [25/Feb/2026:13:46:16 +0100] "GET /79865130926.htm HTTP/1.1" 404 87047 "-" "Mozilla/5.0 (compatible; SemrushBot/7~bl; +http://www.semrush.com/bot.html)"
