152.53.187.237 - - [26/Feb/2026:00:01:46 +0100] "GET /products/ikea-radda-3-piece-wall-art-piece-flower-prints-unused-seale/4206197/ HTTP/1.1" 404 91446 "-" "Mozilla/5.0 (compatible; MJ12bot/v1.4.8; http://mj12bot.com/)"
152.53.187.237 - - [26/Feb/2026:00:01:49 +0100] "GET /products/ikea-ritva-57-x-65-1-pair-of-curtains-tie-backs-dark-grey-gr/13455329/ HTTP/1.1" 404 91446 "-" "Mozilla/5.0 (compatible; MJ12bot/v1.4.8; http://mj12bot.com/)"
185.191.171.18 - - [26/Feb/2026:00:01:51 +0100] "GET /7933829392.htm HTTP/1.1" 404 87047 "-" "Mozilla/5.0 (compatible; SemrushBot/7~bl; +http://www.semrush.com/bot.html)"
66.249.77.38 - - [26/Feb/2026:00:01:53 +0100] "GET /?l=8405911440005 HTTP/1.1" 301 - "-" "Mozilla/5.0 (Linux; Android 6.0.1; Nexus 5X Build/MMB29P) AppleWebKit/537.36 (KHTML, like Gecko) Chrome/144.0.7559.132 Mobile Safari/537.36 (compatible; Googlebot/2.1; +http://www.google.com/bot.html)"
85.208.96.212 - - [26/Feb/2026:00:01:54 +0100] "GET /3655828291.htm HTTP/1.1" 404 87047 "-" "Mozilla/5.0 (compatible; SemrushBot/7~bl; +http://www.semrush.com/bot.html)"
66.249.72.6 - - [26/Feb/2026:00:01:53 +0100] "GET /?l=8405911440005 HTTP/1.1" 200 192282 "-" "Mozilla/5.0 (Linux; Android 6.0.1; Nexus 5X Build/MMB29P) AppleWebKit/537.36 (KHTML, like Gecko) Chrome/144.0.7559.132 Mobile Safari/537.36 (compatible; Googlebot/2.1; +http://www.google.com/bot.html)"
40.77.167.41 - - [26/Feb/2026:00:01:56 +0100] "GET /?l=1873219973400 HTTP/2.0" 301 - "-" "Mozilla/5.0 AppleWebKit/537.36 (KHTML, like Gecko; compatible; bingbot/2.0; +http://www.bing.com/bingbot.htm) Chrome/116.0.1938.76 Safari/537.36"
85.208.96.198 - - [26/Feb/2026:00:01:59 +0100] "GET /80239156011.htm HTTP/1.1" 404 87047 "-" "Mozilla/5.0 (compatible; SemrushBot/7~bl; +http://www.semrush.com/bot.html)"
152.53.187.237 - - [26/Feb/2026:00:02:04 +0100] "GET /products/ikea-rug/20536162/ HTTP/1.1" 404 91446 "-" "Mozilla/5.0 (compatible; MJ12bot/v1.4.8; http://mj12bot.com/)"
152.53.187.237 - - [26/Feb/2026:00:02:06 +0100] "GET /products/ikea-seglaro-umbrella-canopy-beige-129-78-x-94-12-00500205/12204768/ HTTP/1.1" 404 91446 "-" "Mozilla/5.0 (compatible; MJ12bot/v1.4.8; http://mj12bot.com/)"
152.53.187.237 - - [26/Feb/2026:00:02:08 +0100] "GET /products/ikea-shelving-book-case/11936511/ HTTP/1.1" 404 91446 "-" "Mozilla/5.0 (compatible; MJ12bot/v1.4.8; http://mj12bot.com/)"
57.141.20.12 - - [26/Feb/2026:00:02:08 +0100] "GET /?l=05392293170100 HTTP/2.0" 200 192282 "-" "meta-externalagent/1.1 (+https://developers.facebook.com/docs/sharing/webmasters/crawler)"
57.141.20.43 - - [26/Feb/2026:00:02:10 +0100] "GET /?l=69865201581500 HTTP/2.0" 200 192282 "-" "meta-externalagent/1.1 (+https://developers.facebook.com/docs/sharing/webmasters/crawler)"
152.53.187.237 - - [26/Feb/2026:00:02:11 +0100] "GET /products/ikea-solig-10148157-bed-canopy-mosquito-net-brand-newsealed/12738817/ HTTP/1.1" 404 91446 "-" "Mozilla/5.0 (compatible; MJ12bot/v1.4.8; http://mj12bot.com/)"
152.53.187.237 - - [26/Feb/2026:00:02:14 +0100] "GET /products/ikea-spice-jars-nwt/5717578/ HTTP/1.1" 404 91446 "-" "Mozilla/5.0 (compatible; MJ12bot/v1.4.8; http://mj12bot.com/)"
152.53.187.237 - - [26/Feb/2026:00:02:16 +0100] "GET /products/ikea-stickat-bed-pocket-hanging-storage-bunk-bunkbed-organiz/7120071/ HTTP/1.1" 404 91446 "-" "Mozilla/5.0 (compatible; MJ12bot/v1.4.8; http://mj12bot.com/)"
85.208.96.205 - - [26/Feb/2026:00:02:18 +0100] "GET /5120529568.htm HTTP/1.1" 404 87047 "-" "Mozilla/5.0 (compatible; SemrushBot/7~bl; +http://www.semrush.com/bot.html)"
152.53.187.237 - - [26/Feb/2026:00:02:20 +0100] "GET /products/ikea-sy-sewing-machine-foot-pedal-accessories-manual-include/14829434/ HTTP/1.1" 404 91446 "-" "Mozilla/5.0 (compatible; MJ12bot/v1.4.8; http://mj12bot.com/)"
85.208.96.207 - - [26/Feb/2026:00:02:22 +0100] "GET /8023929404.htm HTTP/1.1" 404 87047 "-" "Mozilla/5.0 (compatible; SemrushBot/7~bl; +http://www.semrush.com/bot.html)"
152.53.187.237 - - [26/Feb/2026:00:02:23 +0100] "GET /products/ikea-throw-pillow-with-insert/6136155/ HTTP/1.1" 404 91446 "-" "Mozilla/5.0 (compatible; MJ12bot/v1.4.8; http://mj12bot.com/)"
152.53.187.237 - - [26/Feb/2026:00:02:25 +0100] "GET /products/ikea-tokabo-cute-small-table-lamp-colored-glass-opal-white-w/14340898/ HTTP/1.1" 404 91446 "-" "Mozilla/5.0 (compatible; MJ12bot/v1.4.8; http://mj12bot.com/)"
152.53.187.237 - - [26/Feb/2026:00:02:27 +0100] "GET /products/ikea-tray-table-removable-top-inoutdoor-dark-gray-22x-21-x-1/8820552/ HTTP/1.1" 404 91446 "-" "Mozilla/5.0 (compatible; MJ12bot/v1.4.8; http://mj12bot.com/)"
152.53.187.237 - - [26/Feb/2026:00:02:30 +0100] "GET /products/ikea-vanity/21148293/ HTTP/1.1" 404 91446 "-" "Mozilla/5.0 (compatible; MJ12bot/v1.4.8; http://mj12bot.com/)"
152.53.187.237 - - [26/Feb/2026:00:02:32 +0100] "GET /products/ikea-varmblixt-carafe-clear-glass-34-oz-sabine-marcellis-90529983-new/912811/ HTTP/1.1" 404 91446 "-" "Mozilla/5.0 (compatible; MJ12bot/v1.4.8; http://mj12bot.com/)"
23.88.19.39 - - [26/Feb/2026:00:02:35 +0100] "POST /wp-cron.php?doing_wp_cron=1772060555.8194060325622558593750 HTTP/1.1" 404 87047 "-" "WordPress/6.9.1; https://alfouzantransport.com"
152.53.187.237 - - [26/Feb/2026:00:02:35 +0100] "GET /products/ikea-varmblixt-orange-glass-donut-table-wall-lamp-sabine-mar/20449300/ HTTP/1.1" 404 91446 "-" "Mozilla/5.0 (compatible; MJ12bot/v1.4.8; http://mj12bot.com/)"
185.191.171.12 - - [26/Feb/2026:00:02:37 +0100] "GET /11865142881.htm HTTP/1.1" 404 87047 "-" "Mozilla/5.0 (compatible; SemrushBot/7~bl; +http://www.semrush.com/bot.html)"
152.53.187.237 - - [26/Feb/2026:00:02:38 +0100] "GET /products/ikea-vivalla-bamboo-stand-holder-ipad-iphone-cook-book-magaz/9152594/ HTTP/1.1" 404 91446 "-" "Mozilla/5.0 (compatible; MJ12bot/v1.4.8; http://mj12bot.com/)"
152.53.187.237 - - [26/Feb/2026:00:02:40 +0100] "GET /products/ikea-voxtorp-15x20-kitchen-cabinet-door-dark-gray-50456139/13344660/ HTTP/1.1" 404 91446 "-" "Mozilla/5.0 (compatible; MJ12bot/v1.4.8; http://mj12bot.com/)"
57.141.20.37 - - [26/Feb/2026:00:02:42 +0100] "GET /?l=66220731700 HTTP/2.0" 200 192282 "-" "meta-externalagent/1.1 (+https://developers.facebook.com/docs/sharing/webmasters/crawler)"
152.53.187.237 - - [26/Feb/2026:00:02:42 +0100] "GET /products/ikea-voxtorp-24x60-walnut-effect-door-10331127/13063291/ HTTP/1.1" 404 91446 "-" "Mozilla/5.0 (compatible; MJ12bot/v1.4.8; http://mj12bot.com/)"
152.53.187.237 - - [26/Feb/2026:00:02:45 +0100] "GET /products/ikebana-ware-studio-art-pottery-vase-115-japanese-floral-art/10062178/ HTTP/1.1" 404 91446 "-" "Mozilla/5.0 (compatible; MJ12bot/v1.4.8; http://mj12bot.com/)"
40.77.167.41 - - [26/Feb/2026:00:02:46 +0100] "GET /?l=21725170164603 HTTP/2.0" 301 - "-" "Mozilla/5.0 AppleWebKit/537.36 (KHTML, like Gecko; compatible; bingbot/2.0; +http://www.bing.com/bingbot.htm) Chrome/116.0.1938.76 Safari/537.36"
152.53.187.237 - - [26/Feb/2026:00:02:47 +0100] "GET /products/ikefe-neon-led-signs-bar-letter-light-up-beer-with-remoteblu/201818517/ HTTP/1.1" 404 91446 "-" "Mozilla/5.0 (compatible; MJ12bot/v1.4.8; http://mj12bot.com/)"
152.53.187.237 - - [26/Feb/2026:00:02:50 +0100] "GET /products/ikelite-substrobe-underwater-camera-flashes-for-parts-or-rep/14930333/ HTTP/1.1" 404 91446 "-" "Mozilla/5.0 (compatible; MJ12bot/v1.4.8; http://mj12bot.com/)"
57.141.20.55 - - [26/Feb/2026:00:02:52 +0100] "GET /?l=49692149508805 HTTP/2.0" 200 192282 "-" "meta-externalagent/1.1 (+https://developers.facebook.com/docs/sharing/webmasters/crawler)"
152.53.187.237 - - [26/Feb/2026:00:02:52 +0100] "GET /products/ikkegol-usb-foot-switch/12158485/ HTTP/1.1" 404 91446 "-" "Mozilla/5.0 (compatible; MJ12bot/v1.4.8; http://mj12bot.com/)"
152.53.187.237 - - [26/Feb/2026:00:02:55 +0100] "GET /products/ikkegol-usb-mini-slim-wired-78-key-small-super-thin-compact/200716066/ HTTP/1.1" 404 91446 "-" "Mozilla/5.0 (compatible; MJ12bot/v1.4.8; http://mj12bot.com/)"
40.77.167.54 - - [26/Feb/2026:00:02:56 +0100] "GET /?l=21725170164603 HTTP/2.0" 200 192282 "-" "Mozilla/5.0 AppleWebKit/537.36 (KHTML, like Gecko; compatible; bingbot/2.0; +http://www.bing.com/bingbot.htm) Chrome/116.0.1938.76 Safari/537.36"
152.53.187.237 - - [26/Feb/2026:00:02:57 +0100] "GET /products/ikks-blouse/10236048/ HTTP/1.1" 404 91446 "-" "Mozilla/5.0 (compatible; MJ12bot/v1.4.8; http://mj12bot.com/)"
152.53.187.237 - - [26/Feb/2026:00:02:59 +0100] "GET /products/ikks-women-black-size-medium-lace-collar-long-sleeve-shirt-t/6697211/ HTTP/1.1" 404 91446 "-" "Mozilla/5.0 (compatible; MJ12bot/v1.4.8; http://mj12bot.com/)"
57.141.20.26 - - [26/Feb/2026:00:02:59 +0100] "GET /?l=88122206637202 HTTP/2.0" 200 192282 "-" "meta-externalagent/1.1 (+https://developers.facebook.com/docs/sharing/webmasters/crawler)"
152.53.187.237 - - [26/Feb/2026:00:03:02 +0100] "GET /products/iknoe-large-cooler-bag-collapsible-15l-insulated-bags-leakpr/202115671/ HTTP/1.1" 404 91446 "-" "Mozilla/5.0 (compatible; MJ12bot/v1.4.8; http://mj12bot.com/)"
152.53.187.237 - - [26/Feb/2026:00:03:05 +0100] "GET /products/ikon-52-aged-pewter-downrod-led-ceiling-fan/202601907/ HTTP/1.1" 404 91446 "-" "Mozilla/5.0 (compatible; MJ12bot/v1.4.8; http://mj12bot.com/)"
152.53.187.237 - - [26/Feb/2026:00:03:07 +0100] "GET /products/ikon-60-in-23-hp-v-twin-gas-zero-turn-riding-lawn-mower-9180/200938141/ HTTP/1.1" 404 91446 "-" "Mozilla/5.0 (compatible; MJ12bot/v1.4.8; http://mj12bot.com/)"
152.53.187.237 - - [26/Feb/2026:00:03:10 +0100] "GET /products/ikoria-lair-of-behemoths-die-d20-dice-spindown-x1-oversized/9948604/ HTTP/1.1" 404 91446 "-" "Mozilla/5.0 (compatible; MJ12bot/v1.4.8; http://mj12bot.com/)"
152.53.187.237 - - [26/Feb/2026:00:03:12 +0100] "GET /products/il-bacio-by-borghese-for-women-34-oz-edp-spray/11529401/ HTTP/1.1" 404 91446 "-" "Mozilla/5.0 (compatible; MJ12bot/v1.4.8; http://mj12bot.com/)"
152.53.187.237 - - [26/Feb/2026:00:03:15 +0100] "GET /products/il-bisonte-shoulder-bag/22074398/ HTTP/1.1" 404 91446 "-" "Mozilla/5.0 (compatible; MJ12bot/v1.4.8; http://mj12bot.com/)"
152.53.187.237 - - [26/Feb/2026:00:03:18 +0100] "GET /products/il-gufo-girls-italian-linen-dress/4506978/ HTTP/1.1" 404 91446 "-" "Mozilla/5.0 (compatible; MJ12bot/v1.4.8; http://mj12bot.com/)"
152.53.187.237 - - [26/Feb/2026:00:03:20 +0100] "GET /products/il-gufo-navy-pleated-soft-stretch-dress-6/19720639/ HTTP/1.1" 404 91446 "-" "Mozilla/5.0 (compatible; MJ12bot/v1.4.8; http://mj12bot.com/)"
152.53.187.237 - - [26/Feb/2026:00:03:23 +0100] "GET /products/il-makiag-high-profile-body-care-firm-smooth-neck-treatment/12388734/ HTTP/1.1" 404 91446 "-" "Mozilla/5.0 (compatible; MJ12bot/v1.4.8; http://mj12bot.com/)"
152.53.187.237 - - [26/Feb/2026:00:03:25 +0100] "GET /products/il-makiag-power-lift-anti-aging-boost-priming-plumping-cream/5316447/ HTTP/1.1" 404 91446 "-" "Mozilla/5.0 (compatible; MJ12bot/v1.4.8; http://mj12bot.com/)"
152.53.187.237 - - [26/Feb/2026:00:03:27 +0100] "GET /products/il-makiag-transparent-loose-powder-038-oz-lot-of-2-black-box/15400106/ HTTP/1.1" 404 91446 "-" "Mozilla/5.0 (compatible; MJ12bot/v1.4.8; http://mj12bot.com/)"
185.191.171.3 - - [26/Feb/2026:00:03:28 +0100] "GET /80239114636.htm HTTP/1.1" 404 87047 "-" "Mozilla/5.0 (compatible; SemrushBot/7~bl; +http://www.semrush.com/bot.html)"
152.53.187.237 - - [26/Feb/2026:00:03:32 +0100] "GET /products/il-makiage-bundle-60/19362236/ HTTP/1.1" 404 91446 "-" "Mozilla/5.0 (compatible; MJ12bot/v1.4.8; http://mj12bot.com/)"
152.53.187.237 - - [26/Feb/2026:00:03:35 +0100] "GET /products/il-makiage-essentials-lip-volumizer-loose-powderandmagic-bru/3457481/ HTTP/1.1" 404 91446 "-" "Mozilla/5.0 (compatible; MJ12bot/v1.4.8; http://mj12bot.com/)"
23.88.19.39 - - [26/Feb/2026:00:03:36 +0100] "POST /wp-cron.php?doing_wp_cron=1772060616.4190669059753417968750 HTTP/1.1" 404 87047 "-" "WordPress/6.9.1; https://alfouzantransport.com"
185.191.171.19 - - [26/Feb/2026:00:03:36 +0100] "GET /512059804.htm HTTP/1.1" 404 87047 "-" "Mozilla/5.0 (compatible; SemrushBot/7~bl; +http://www.semrush.com/bot.html)"
152.53.187.237 - - [26/Feb/2026:00:03:37 +0100] "GET /products/il-makiage-high-point-bronzer-blush-highlighter-light-palett/4474631/ HTTP/1.1" 404 91446 "-" "Mozilla/5.0 (compatible; MJ12bot/v1.4.8; http://mj12bot.com/)"
85.208.96.198 - - [26/Feb/2026:00:03:38 +0100] "GET /51205253709.htm HTTP/1.1" 404 87047 "-" "Mozilla/5.0 (compatible; SemrushBot/7~bl; +http://www.semrush.com/bot.html)"
57.141.20.8 - - [26/Feb/2026:00:03:39 +0100] "GET /?l=6807162103101 HTTP/2.0" 200 192282 "-" "meta-externalagent/1.1 (+https://developers.facebook.com/docs/sharing/webmasters/crawler)"
152.53.187.237 - - [26/Feb/2026:00:03:40 +0100] "GET /products/il-makiage-power-serum-boost-anti-aging-hyaluronic-serum-1oz/2814734/ HTTP/1.1" 404 91446 "-" "Mozilla/5.0 (compatible; MJ12bot/v1.4.8; http://mj12bot.com/)"
57.141.20.15 - - [26/Feb/2026:00:03:42 +0100] "GET /?l=8013042099101 HTTP/2.0" 200 192282 "-" "meta-externalagent/1.1 (+https://developers.facebook.com/docs/sharing/webmasters/crawler)"
152.53.187.237 - - [26/Feb/2026:00:03:43 +0100] "GET /products/il-makiage-transparent-loose-powder/21855535/ HTTP/1.1" 404 91446 "-" "Mozilla/5.0 (compatible; MJ12bot/v1.4.8; http://mj12bot.com/)"
152.53.187.237 - - [26/Feb/2026:00:03:45 +0100] "GET /products/il-makiage-woke-up-like-this-foundations-shade-2010pcs/17219282/ HTTP/1.1" 404 91446 "-" "Mozilla/5.0 (compatible; MJ12bot/v1.4.8; http://mj12bot.com/)"
152.53.187.237 - - [26/Feb/2026:00:03:47 +0100] "GET /products/il-palazzo-di-teglio/10322731/ HTTP/1.1" 404 91446 "-" "Mozilla/5.0 (compatible; MJ12bot/v1.4.8; http://mj12bot.com/)"
85.208.96.195 - - [26/Feb/2026:00:03:47 +0100] "GET /79865155989.htm HTTP/1.1" 404 87047 "-" "Mozilla/5.0 (compatible; SemrushBot/7~bl; +http://www.semrush.com/bot.html)"
152.53.187.237 - - [26/Feb/2026:00:03:51 +0100] "GET /products/il-signore-degli-anelli-lord-of-the-rings-limited-gift-edition/10585112/ HTTP/1.1" 404 91446 "-" "Mozilla/5.0 (compatible; MJ12bot/v1.4.8; http://mj12bot.com/)"
185.191.171.3 - - [26/Feb/2026:00:03:51 +0100] "GET /5813035154.htm HTTP/1.1" 404 87047 "-" "Mozilla/5.0 (compatible; SemrushBot/7~bl; +http://www.semrush.com/bot.html)"
57.141.20.1 - - [26/Feb/2026:00:03:52 +0100] "GET /?l=57772285555505 HTTP/2.0" 200 192282 "-" "meta-externalagent/1.1 (+https://developers.facebook.com/docs/sharing/webmasters/crawler)"
157.55.39.58 - - [26/Feb/2026:00:03:52 +0100] "GET /?l=79839283646400 HTTP/2.0" 200 192282 "-" "Mozilla/5.0 AppleWebKit/537.36 (KHTML, like Gecko; compatible; bingbot/2.0; +http://www.bing.com/bingbot.htm) Chrome/116.0.1938.76 Safari/537.36"
152.53.187.237 - - [26/Feb/2026:00:03:53 +0100] "GET /products/il-trionfo-di-bonny-fc/10680603/ HTTP/1.1" 404 91446 "-" "Mozilla/5.0 (compatible; MJ12bot/v1.4.8; http://mj12bot.com/)"
152.53.187.237 - - [26/Feb/2026:00:03:56 +0100] "GET /products/ila-dress/10356719/ HTTP/1.1" 404 91446 "-" "Mozilla/5.0 (compatible; MJ12bot/v1.4.8; http://mj12bot.com/)"
152.53.187.237 - - [26/Feb/2026:00:03:58 +0100] "GET /products/ilaria-boucle-pants-in-creamhouse-of-harlow-1960/2878015/ HTTP/1.1" 404 91446 "-" "Mozilla/5.0 (compatible; MJ12bot/v1.4.8; http://mj12bot.com/)"
152.53.187.237 - - [26/Feb/2026:00:04:01 +0100] "GET /products/ilaria-nistri-sheepskin-leather-jacket-size-38-it-s-us-made/8635329/ HTTP/1.1" 404 91446 "-" "Mozilla/5.0 (compatible; MJ12bot/v1.4.8; http://mj12bot.com/)"
152.53.187.237 - - [26/Feb/2026:00:04:03 +0100] "GET /products/ilco-x195-hd98-uncut-key-blank-for-honda/9593651/ HTTP/1.1" 404 91446 "-" "Mozilla/5.0 (compatible; MJ12bot/v1.4.8; http://mj12bot.com/)"
152.53.187.237 - - [26/Feb/2026:00:04:05 +0100] "GET /products/ileading-outdoor-rug-carpet-for-patio-8x10-waterproof-revers/202089235/ HTTP/1.1" 404 91446 "-" "Mozilla/5.0 (compatible; MJ12bot/v1.4.8; http://mj12bot.com/)"
152.53.187.237 - - [26/Feb/2026:00:04:08 +0100] "GET /products/ileviham-tankini-bathing-suits-for-women-two-piece-swimsuit/5481526/ HTTP/1.1" 404 91446 "-" "Mozilla/5.0 (compatible; MJ12bot/v1.4.8; http://mj12bot.com/)"
66.249.77.36 - - [26/Feb/2026:00:04:12 +0100] "GET /?l=1795573774003 HTTP/1.1" 301 - "-" "Mozilla/5.0 (Linux; Android 6.0.1; Nexus 5X Build/MMB29P) AppleWebKit/537.36 (KHTML, like Gecko) Chrome/144.0.7559.132 Mobile Safari/537.36 (compatible; Googlebot/2.1; +http://www.google.com/bot.html)"
152.53.187.237 - - [26/Feb/2026:00:04:12 +0100] "GET /products/ilia-beauty-true-skin-serum-foundation-sf4-bowen-by-ilia-bea/201492237/ HTTP/1.1" 404 91446 "-" "Mozilla/5.0 (compatible; MJ12bot/v1.4.8; http://mj12bot.com/)"
57.141.20.38 - - [26/Feb/2026:00:04:12 +0100] "GET /?l=1906183129405 HTTP/2.0" 200 192282 "-" "meta-externalagent/1.1 (+https://developers.facebook.com/docs/sharing/webmasters/crawler)"
52.167.144.19 - - [26/Feb/2026:00:04:12 +0100] "GET /?l=19129277604102 HTTP/2.0" 200 192282 "-" "Mozilla/5.0 AppleWebKit/537.36 (KHTML, like Gecko; compatible; bingbot/2.0; +http://www.bing.com/bingbot.htm) Chrome/116.0.1938.76 Safari/537.36"
66.249.72.6 - - [26/Feb/2026:00:04:13 +0100] "GET /?l=1795573774003 HTTP/1.1" 200 192282 "-" "Mozilla/5.0 (Linux; Android 6.0.1; Nexus 5X Build/MMB29P) AppleWebKit/537.36 (KHTML, like Gecko) Chrome/144.0.7559.132 Mobile Safari/537.36 (compatible; Googlebot/2.1; +http://www.google.com/bot.html)"
152.53.187.237 - - [26/Feb/2026:00:04:15 +0100] "GET /products/ilia-highlighter-astrid-bnib/23019873/ HTTP/1.1" 404 91446 "-" "Mozilla/5.0 (compatible; MJ12bot/v1.4.8; http://mj12bot.com/)"
152.53.187.237 - - [26/Feb/2026:00:04:17 +0100] "GET /products/ilia-limitless-lash-mascara-mini-after-midnight-black/6554322/ HTTP/1.1" 404 91446 "-" "Mozilla/5.0 (compatible; MJ12bot/v1.4.8; http://mj12bot.com/)"
152.53.187.237 - - [26/Feb/2026:00:04:20 +0100] "GET /products/ilia-sunshift-cream-bronzer-in-eclipse/7405964/ HTTP/1.1" 404 91446 "-" "Mozilla/5.0 (compatible; MJ12bot/v1.4.8; http://mj12bot.com/)"
152.53.187.237 - - [26/Feb/2026:00:04:22 +0100] "GET /products/ilia-super-serum-skin-tint-spf-40-st1-rendezvous-extra-light/201470628/ HTTP/1.1" 404 91446 "-" "Mozilla/5.0 (compatible; MJ12bot/v1.4.8; http://mj12bot.com/)"
52.167.144.19 - - [26/Feb/2026:00:04:22 +0100] "GET /?l=18885141027604 HTTP/2.0" 200 192282 "-" "Mozilla/5.0 AppleWebKit/537.36 (KHTML, like Gecko; compatible; bingbot/2.0; +http://www.bing.com/bingbot.htm) Chrome/116.0.1938.76 Safari/537.36"
152.53.187.237 - - [26/Feb/2026:00:04:24 +0100] "GET /products/ilia-super-serum-skin-tint-spf-40clinically-proven-non-comed/21616056/ HTTP/1.1" 404 91446 "-" "Mozilla/5.0 (compatible; MJ12bot/v1.4.8; http://mj12bot.com/)"
152.53.187.237 - - [26/Feb/2026:00:04:27 +0100] "GET /products/ilia-the-cleanse-soft-foaming-cleanser-removes-makeup-lightw/17957811/ HTTP/1.1" 404 91446 "-" "Mozilla/5.0 (compatible; MJ12bot/v1.4.8; http://mj12bot.com/)"
152.53.187.237 - - [26/Feb/2026:00:04:30 +0100] "GET /products/iliad-odyssey-leather-bound-canterbury-classics/203780362/ HTTP/1.1" 404 91446 "-" "Mozilla/5.0 (compatible; MJ12bot/v1.4.8; http://mj12bot.com/)"
152.53.187.237 - - [26/Feb/2026:00:04:32 +0100] "GET /products/ilive-bluetooth-sound-bar-system-remote/12937983/ HTTP/1.1" 404 91446 "-" "Mozilla/5.0 (compatible; MJ12bot/v1.4.8; http://mj12bot.com/)"
57.141.20.33 - - [26/Feb/2026:00:04:32 +0100] "GET /?l=27373245193500 HTTP/2.0" 200 192282 "-" "meta-externalagent/1.1 (+https://developers.facebook.com/docs/sharing/webmasters/crawler)"
152.53.187.237 - - [26/Feb/2026:00:04:34 +0100] "GET /products/ilive-for-ipod-condition-issues-please-read-below-untested/6265626/ HTTP/1.1" 404 91446 "-" "Mozilla/5.0 (compatible; MJ12bot/v1.4.8; http://mj12bot.com/)"
57.141.20.56 - - [26/Feb/2026:00:04:35 +0100] "GET /?l=29039171083902 HTTP/2.0" 200 192282 "-" "meta-externalagent/1.1 (+https://developers.facebook.com/docs/sharing/webmasters/crawler)"
23.88.19.39 - - [26/Feb/2026:00:04:37 +0100] "POST /wp-cron.php?doing_wp_cron=1772060677.6471090316772460937500 HTTP/1.1" 404 87047 "-" "WordPress/6.9.1; https://alfouzantransport.com"
152.53.187.237 - - [26/Feb/2026:00:04:37 +0100] "GET /products/ill-al-skratch-limited-edition-snapback/1882495/ HTTP/1.1" 404 91446 "-" "Mozilla/5.0 (compatible; MJ12bot/v1.4.8; http://mj12bot.com/)"
185.191.171.3 - - [26/Feb/2026:00:04:38 +0100] "GET /80239257363.htm HTTP/1.1" 404 87047 "-" "Mozilla/5.0 (compatible; SemrushBot/7~bl; +http://www.semrush.com/bot.html)"
152.53.187.237 - - [26/Feb/2026:00:04:41 +0100] "GET /products/ill-al-skratch-where-my-homiez-snapback/1884090/ HTTP/1.1" 404 91446 "-" "Mozilla/5.0 (compatible; MJ12bot/v1.4.8; http://mj12bot.com/)"
152.53.187.237 - - [26/Feb/2026:00:04:43 +0100] "GET /products/ill-buy-that-dream-from-sing-your-way-home-magidson-wrubel-h/6557245/ HTTP/1.1" 404 91446 "-" "Mozilla/5.0 (compatible; MJ12bot/v1.4.8; http://mj12bot.com/)"
85.208.96.197 - - [26/Feb/2026:00:04:43 +0100] "GET /79865136327.htm HTTP/1.1" 404 87047 "-" "Mozilla/5.0 (compatible; SemrushBot/7~bl; +http://www.semrush.com/bot.html)"
152.53.187.237 - - [26/Feb/2026:00:04:46 +0100] "GET /products/ill-custom-paint-you-a-3d-wavy-wall-art-acoustic-display-5ft/16496463/ HTTP/1.1" 404 91446 "-" "Mozilla/5.0 (compatible; MJ12bot/v1.4.8; http://mj12bot.com/)"
57.141.20.44 - - [26/Feb/2026:00:04:47 +0100] "GET /?l=24601198820300 HTTP/2.0" 200 192282 "-" "meta-externalagent/1.1 (+https://developers.facebook.com/docs/sharing/webmasters/crawler)"
152.53.187.237 - - [26/Feb/2026:00:04:49 +0100] "GET /products/ill-peach-this-is-not-a-exit/203157107/ HTTP/1.1" 404 91446 "-" "Mozilla/5.0 (compatible; MJ12bot/v1.4.8; http://mj12bot.com/)"
152.53.187.237 - - [26/Feb/2026:00:04:51 +0100] "GET /products/illa-illa-embroidered-floral-romper-cream-large/3112463/ HTTP/1.1" 404 91446 "-" "Mozilla/5.0 (compatible; MJ12bot/v1.4.8; http://mj12bot.com/)"
85.208.96.211 - - [26/Feb/2026:00:04:58 +0100] "GET /80239282534.htm HTTP/1.1" 404 87047 "-" "Mozilla/5.0 (compatible; SemrushBot/7~bl; +http://www.semrush.com/bot.html)"
85.208.96.202 - - [26/Feb/2026:00:05:03 +0100] "GET /5120558717.htm HTTP/1.1" 404 87047 "-" "Mozilla/5.0 (compatible; SemrushBot/7~bl; +http://www.semrush.com/bot.html)"
207.46.13.130 - - [26/Feb/2026:00:05:04 +0100] "GET /?l=61759150519605 HTTP/2.0" 301 - "-" "Mozilla/5.0 AppleWebKit/537.36 (KHTML, like Gecko; compatible; bingbot/2.0; +http://www.bing.com/bingbot.htm) Chrome/116.0.1938.76 Safari/537.36"
152.53.187.237 - - [26/Feb/2026:00:05:06 +0100] "GET /products/illa-illa-sweater/14159126/ HTTP/1.1" 404 91446 "-" "Mozilla/5.0 (compatible; MJ12bot/v1.4.8; http://mj12bot.com/)"
152.53.187.237 - - [26/Feb/2026:00:05:09 +0100] "GET /products/illbdr-halloween-canvas-wall-art-prints-creepy-witchy-silhouette-vintage-painting-poster-gothic-dark-moody-pictures-decor-for-gallery-living-room-bedroom-bathroom-12x16-inch-framed/201149829/ HTTP/1.1" 404 91446 "-" "Mozilla/5.0 (compatible; MJ12bot/v1.4.8; http://mj12bot.com/)"
152.53.187.237 - - [26/Feb/2026:00:05:11 +0100] "GET /products/illenium-black-jersey/12816413/ HTTP/1.1" 404 91446 "-" "Mozilla/5.0 (compatible; MJ12bot/v1.4.8; http://mj12bot.com/)"
57.141.20.14 - - [26/Feb/2026:00:05:12 +0100] "GET /?l=01428230032001 HTTP/2.0" 200 192282 "-" "meta-externalagent/1.1 (+https://developers.facebook.com/docs/sharing/webmasters/crawler)"
152.53.187.237 - - [26/Feb/2026:00:05:14 +0100] "GET /products/illenium-colorado-trilogy-jersey-limited-edition/8399942/ HTTP/1.1" 404 91446 "-" "Mozilla/5.0 (compatible; MJ12bot/v1.4.8; http://mj12bot.com/)"
152.53.187.237 - - [26/Feb/2026:00:05:18 +0100] "GET /products/illenium-fallen-embers-translucent-orange-vinyl-record-store/20292639/ HTTP/1.1" 404 91446 "-" "Mozilla/5.0 (compatible; MJ12bot/v1.4.8; http://mj12bot.com/)"
57.141.20.20 - - [26/Feb/2026:00:05:18 +0100] "GET /?l=31687101519604 HTTP/2.0" 200 192282 "-" "meta-externalagent/1.1 (+https://developers.facebook.com/docs/sharing/webmasters/crawler)"
152.53.187.237 - - [26/Feb/2026:00:05:22 +0100] "GET /products/illenium-jersey/15651347/ HTTP/1.1" 404 91446 "-" "Mozilla/5.0 (compatible; MJ12bot/v1.4.8; http://mj12bot.com/)"
85.208.96.198 - - [26/Feb/2026:00:05:24 +0100] "GET /79338152185.htm HTTP/1.1" 404 87047 "-" "Mozilla/5.0 (compatible; SemrushBot/7~bl; +http://www.semrush.com/bot.html)"
152.53.187.237 - - [26/Feb/2026:00:05:24 +0100] "GET /products/illenium-la-trilogy-pash/14804181/ HTTP/1.1" 404 91446 "-" "Mozilla/5.0 (compatible; MJ12bot/v1.4.8; http://mj12bot.com/)"
85.208.96.194 - - [26/Feb/2026:00:05:26 +0100] "GET /51205103935.htm HTTP/1.1" 404 87047 "-" "Mozilla/5.0 (compatible; SemrushBot/7~bl; +http://www.semrush.com/bot.html)"
152.53.187.237 - - [26/Feb/2026:00:05:27 +0100] "GET /products/illenium-red-rocks-jersey/15630579/ HTTP/1.1" 404 91446 "-" "Mozilla/5.0 (compatible; MJ12bot/v1.4.8; http://mj12bot.com/)"
85.208.96.211 - - [26/Feb/2026:00:05:28 +0100] "GET /79338286326.htm HTTP/1.1" 404 87047 "-" "Mozilla/5.0 (compatible; SemrushBot/7~bl; +http://www.semrush.com/bot.html)"
152.53.187.237 - - [26/Feb/2026:00:05:29 +0100] "GET /products/illesteva-leonard-matte-tortoise-sunglasses/3700938/ HTTP/1.1" 404 91446 "-" "Mozilla/5.0 (compatible; MJ12bot/v1.4.8; http://mj12bot.com/)"
152.53.187.237 - - [26/Feb/2026:00:05:32 +0100] "GET /products/illesteva-sterling-sunglasses/13921170/ HTTP/1.1" 404 91446 "-" "Mozilla/5.0 (compatible; MJ12bot/v1.4.8; http://mj12bot.com/)"
152.53.187.237 - - [26/Feb/2026:00:05:35 +0100] "GET /products/illesteva-sunglasses/19858612/ HTTP/1.1" 404 91446 "-" "Mozilla/5.0 (compatible; MJ12bot/v1.4.8; http://mj12bot.com/)"
152.53.187.237 - - [26/Feb/2026:00:05:37 +0100] "GET /products/illesteva-sunglasses/20358756/ HTTP/1.1" 404 91446 "-" "Mozilla/5.0 (compatible; MJ12bot/v1.4.8; http://mj12bot.com/)"
23.88.19.39 - - [26/Feb/2026:00:05:38 +0100] "POST /wp-cron.php?doing_wp_cron=1772060738.0180668830871582031250 HTTP/1.1" 404 87047 "-" "WordPress/6.9.1; https://alfouzantransport.com"
85.208.96.202 - - [26/Feb/2026:00:05:37 +0100] "GET /51205258703.htm HTTP/1.1" 404 87047 "-" "Mozilla/5.0 (compatible; SemrushBot/7~bl; +http://www.semrush.com/bot.html)"
152.53.187.237 - - [26/Feb/2026:00:05:40 +0100] "GET /products/illinois-fightinillini-ncaa-football-riddell-mini-helmet-new/14209025/ HTTP/1.1" 404 91446 "-" "Mozilla/5.0 (compatible; MJ12bot/v1.4.8; http://mj12bot.com/)"
152.53.187.237 - - [26/Feb/2026:00:05:43 +0100] "GET /products/illinois-license-plate/8549750/ HTTP/1.1" 404 91446 "-" "Mozilla/5.0 (compatible; MJ12bot/v1.4.8; http://mj12bot.com/)"
57.141.20.21 - - [26/Feb/2026:00:05:43 +0100] "GET /?l=95702196501207 HTTP/2.0" 200 192282 "-" "meta-externalagent/1.1 (+https://developers.facebook.com/docs/sharing/webmasters/crawler)"
207.46.13.130 - - [26/Feb/2026:00:05:43 +0100] "GET /?l=92112167425400 HTTP/2.0" 301 - "-" "Mozilla/5.0 AppleWebKit/537.36 (KHTML, like Gecko; compatible; bingbot/2.0; +http://www.bing.com/bingbot.htm) Chrome/116.0.1938.76 Safari/537.36"
57.141.20.33 - - [26/Feb/2026:00:05:45 +0100] "GET /?l=47878242011004 HTTP/2.0" 200 192282 "-" "meta-externalagent/1.1 (+https://developers.facebook.com/docs/sharing/webmasters/crawler)"
57.141.20.17 - - [26/Feb/2026:00:05:45 +0100] "GET /?l=1737152599301 HTTP/2.0" 200 192282 "-" "meta-externalagent/1.1 (+https://developers.facebook.com/docs/sharing/webmasters/crawler)"
152.53.187.237 - - [26/Feb/2026:00:05:46 +0100] "GET /products/illit-wonhee-bomb-photocard/8669630/ HTTP/1.1" 404 91446 "-" "Mozilla/5.0 (compatible; MJ12bot/v1.4.8; http://mj12bot.com/)"
185.191.171.6 - - [26/Feb/2026:00:05:47 +0100] "GET /80239288290.htm HTTP/1.1" 404 87047 "-" "Mozilla/5.0 (compatible; SemrushBot/7~bl; +http://www.semrush.com/bot.html)"
152.53.187.237 - - [26/Feb/2026:00:05:48 +0100] "GET /products/illit-yunah-hearts2hearts-a-na-custom-bundle/9267154/ HTTP/1.1" 404 91446 "-" "Mozilla/5.0 (compatible; MJ12bot/v1.4.8; http://mj12bot.com/)"
152.53.187.237 - - [26/Feb/2026:00:05:51 +0100] "GET /products/illumagear-halo-360/12773958/ HTTP/1.1" 404 91446 "-" "Mozilla/5.0 (compatible; MJ12bot/v1.4.8; http://mj12bot.com/)"
152.53.187.237 - - [26/Feb/2026:00:05:53 +0100] "GET /products/illumagear-halo-360/9178973/ HTTP/1.1" 404 91446 "-" "Mozilla/5.0 (compatible; MJ12bot/v1.4.8; http://mj12bot.com/)"
157.55.39.58 - - [26/Feb/2026:00:05:53 +0100] "GET /?l=92112167425400 HTTP/2.0" 200 192282 "-" "Mozilla/5.0 AppleWebKit/537.36 (KHTML, like Gecko; compatible; bingbot/2.0; +http://www.bing.com/bingbot.htm) Chrome/116.0.1938.76 Safari/537.36"
152.53.187.237 - - [26/Feb/2026:00:05:55 +0100] "GET /products/illumicrate-a-dark-and-drowning-tide/21081865/ HTTP/1.1" 404 91446 "-" "Mozilla/5.0 (compatible; MJ12bot/v1.4.8; http://mj12bot.com/)"
57.141.20.35 - - [26/Feb/2026:00:05:56 +0100] "GET /?l=257728094802 HTTP/2.0" 200 192282 "-" "meta-externalagent/1.1 (+https://developers.facebook.com/docs/sharing/webmasters/crawler)"
152.53.187.237 - - [26/Feb/2026:00:05:57 +0100] "GET /products/illumicrate-a-river-enchanted/10404870/ HTTP/1.1" 404 91446 "-" "Mozilla/5.0 (compatible; MJ12bot/v1.4.8; http://mj12bot.com/)"
185.191.171.12 - - [26/Feb/2026:00:05:59 +0100] "GET /80239271035.htm HTTP/1.1" 404 87047 "-" "Mozilla/5.0 (compatible; SemrushBot/7~bl; +http://www.semrush.com/bot.html)"
152.53.187.237 - - [26/Feb/2026:00:05:59 +0100] "GET /products/illumicrate-afterlight-july-2023-forget-me-not-by-julie-soto/20214213/ HTTP/1.1" 404 91446 "-" "Mozilla/5.0 (compatible; MJ12bot/v1.4.8; http://mj12bot.com/)"
85.208.96.208 - - [26/Feb/2026:00:06:01 +0100] "GET /79338287176.htm HTTP/1.1" 404 87047 "-" "Mozilla/5.0 (compatible; SemrushBot/7~bl; +http://www.semrush.com/bot.html)"
152.53.187.237 - - [26/Feb/2026:00:06:02 +0100] "GET /products/illumicrate-art-history-bookpot/4176610/ HTTP/1.1" 404 91446 "-" "Mozilla/5.0 (compatible; MJ12bot/v1.4.8; http://mj12bot.com/)"
152.53.187.237 - - [26/Feb/2026:00:06:04 +0100] "GET /products/illumicrate-between-us-poppy-war-mug/3151228/ HTTP/1.1" 404 91446 "-" "Mozilla/5.0 (compatible; MJ12bot/v1.4.8; http://mj12bot.com/)"
185.191.171.6 - - [26/Feb/2026:00:06:06 +0100] "GET /80239231566.htm HTTP/1.1" 404 87047 "-" "Mozilla/5.0 (compatible; SemrushBot/7~bl; +http://www.semrush.com/bot.html)"
152.53.187.237 - - [26/Feb/2026:00:06:06 +0100] "GET /products/illumicrate-bowls-and-babel-tea-light-tower/7191760/ HTTP/1.1" 404 91446 "-" "Mozilla/5.0 (compatible; MJ12bot/v1.4.8; http://mj12bot.com/)"
57.141.20.54 - - [26/Feb/2026:00:06:06 +0100] "GET /?l=32102174106103 HTTP/2.0" 200 192282 "-" "meta-externalagent/1.1 (+https://developers.facebook.com/docs/sharing/webmasters/crawler)"
152.53.187.237 - - [26/Feb/2026:00:06:08 +0100] "GET /products/illumicrate-bridgerton-set-new-and-unread/22548675/ HTTP/1.1" 404 91446 "-" "Mozilla/5.0 (compatible; MJ12bot/v1.4.8; http://mj12bot.com/)"
152.53.187.237 - - [26/Feb/2026:00:06:10 +0100] "GET /products/illumicrate-bundle-3-all-sealed-new-books/8072152/ HTTP/1.1" 404 91446 "-" "Mozilla/5.0 (compatible; MJ12bot/v1.4.8; http://mj12bot.com/)"
152.53.187.237 - - [26/Feb/2026:00:06:12 +0100] "GET /products/illumicrate-empire-of-the-vampire-and-empire-of-the-damned/17305342/ HTTP/1.1" 404 91446 "-" "Mozilla/5.0 (compatible; MJ12bot/v1.4.8; http://mj12bot.com/)"
57.141.20.53 - - [26/Feb/2026:00:06:12 +0100] "GET /?l=40177269009004 HTTP/2.0" 200 192282 "-" "meta-externalagent/1.1 (+https://developers.facebook.com/docs/sharing/webmasters/crawler)"
152.53.187.237 - - [26/Feb/2026:00:06:16 +0100] "GET /products/illumicrate-eternal-life-ceramic-book-pot/21732660/ HTTP/1.1" 404 91446 "-" "Mozilla/5.0 (compatible; MJ12bot/v1.4.8; http://mj12bot.com/)"
152.53.187.237 - - [26/Feb/2026:00:06:18 +0100] "GET /products/illumicrate-evernight-exclusive-editions-trilogy-by-t-kingfi/16165983/ HTTP/1.1" 404 91446 "-" "Mozilla/5.0 (compatible; MJ12bot/v1.4.8; http://mj12bot.com/)"
152.53.187.237 - - [26/Feb/2026:00:06:21 +0100] "GET /products/illumicrate-exclusive-edition-of-the-blood-phoenix-by-amber/8072174/ HTTP/1.1" 404 91446 "-" "Mozilla/5.0 (compatible; MJ12bot/v1.4.8; http://mj12bot.com/)"
152.53.187.237 - - [26/Feb/2026:00:06:23 +0100] "GET /products/illumicrate-exclusive-edition-starling-house-box-items/20671919/ HTTP/1.1" 404 91446 "-" "Mozilla/5.0 (compatible; MJ12bot/v1.4.8; http://mj12bot.com/)"
57.141.20.1 - - [26/Feb/2026:00:06:24 +0100] "GET /?l=15582172454602 HTTP/2.0" 200 192282 "-" "meta-externalagent/1.1 (+https://developers.facebook.com/docs/sharing/webmasters/crawler)"
185.191.171.4 - - [26/Feb/2026:00:06:24 +0100] "GET /51205155396.htm HTTP/1.1" 404 87047 "-" "Mozilla/5.0 (compatible; SemrushBot/7~bl; +http://www.semrush.com/bot.html)"
152.53.187.237 - - [26/Feb/2026:00:06:25 +0100] "GET /products/illumicrate-exclusive-signed-edition-the-jasad-heir-by-sara/21404559/ HTTP/1.1" 404 91446 "-" "Mozilla/5.0 (compatible; MJ12bot/v1.4.8; http://mj12bot.com/)"
152.53.187.237 - - [26/Feb/2026:00:06:27 +0100] "GET /products/illumicrate-exclusive-the-love-hypothesis-by-ali-hazelwood/1653126/ HTTP/1.1" 404 91446 "-" "Mozilla/5.0 (compatible; MJ12bot/v1.4.8; http://mj12bot.com/)"
85.208.96.201 - - [26/Feb/2026:00:06:29 +0100] "GET /79865324597.htm HTTP/1.1" 404 87047 "-" "Mozilla/5.0 (compatible; SemrushBot/7~bl; +http://www.semrush.com/bot.html)"
152.53.187.237 - - [26/Feb/2026:00:06:31 +0100] "GET /products/illumicrate-from-blood-and-ash-1-4/18361613/ HTTP/1.1" 404 91446 "-" "Mozilla/5.0 (compatible; MJ12bot/v1.4.8; http://mj12bot.com/)"
152.53.187.237 - - [26/Feb/2026:00:06:33 +0100] "GET /products/illumicrate-gilded-wolves-bookmark-set-art-by-gabriella-bujd/7954334/ HTTP/1.1" 404 91446 "-" "Mozilla/5.0 (compatible; MJ12bot/v1.4.8; http://mj12bot.com/)"
152.53.187.237 - - [26/Feb/2026:00:06:36 +0100] "GET /products/illumicrate-green-bone-saga/17268774/ HTTP/1.1" 404 91446 "-" "Mozilla/5.0 (compatible; MJ12bot/v1.4.8; http://mj12bot.com/)"
23.88.19.39 - - [26/Feb/2026:00:06:39 +0100] "POST /wp-cron.php?doing_wp_cron=1772060799.2528610229492187500000 HTTP/1.1" 404 87047 "-" "WordPress/6.9.1; https://alfouzantransport.com"
152.53.187.237 - - [26/Feb/2026:00:06:38 +0100] "GET /products/illumicrate-katabasis/15968402/ HTTP/1.1" 404 91446 "-" "Mozilla/5.0 (compatible; MJ12bot/v1.4.8; http://mj12bot.com/)"
85.208.96.193 - - [26/Feb/2026:00:06:40 +0100] "GET /798655531.htm HTTP/1.1" 404 87047 "-" "Mozilla/5.0 (compatible; SemrushBot/7~bl; +http://www.semrush.com/bot.html)"
152.53.187.237 - - [26/Feb/2026:00:06:42 +0100] "GET /products/illumicrate-roots-of-chaos-set/16702745/ HTTP/1.1" 404 91446 "-" "Mozilla/5.0 (compatible; MJ12bot/v1.4.8; http://mj12bot.com/)"
57.141.20.37 - - [26/Feb/2026:00:06:43 +0100] "GET /?l=74414106767605 HTTP/2.0" 200 192282 "-" "meta-externalagent/1.1 (+https://developers.facebook.com/docs/sharing/webmasters/crawler)"
152.53.187.237 - - [26/Feb/2026:00:06:45 +0100] "GET /products/illumicrate-roots-of-chaos/5943707/ HTTP/1.1" 404 91446 "-" "Mozilla/5.0 (compatible; MJ12bot/v1.4.8; http://mj12bot.com/)"
57.141.20.53 - - [26/Feb/2026:00:06:45 +0100] "GET /?l=13994207228906 HTTP/2.0" 200 192282 "-" "meta-externalagent/1.1 (+https://developers.facebook.com/docs/sharing/webmasters/crawler)"
152.53.187.237 - - [26/Feb/2026:00:06:47 +0100] "GET /products/illumicrate-the-irresistible-urge-to-fall-for-your-enemy/13474060/ HTTP/1.1" 404 91446 "-" "Mozilla/5.0 (compatible; MJ12bot/v1.4.8; http://mj12bot.com/)"
57.141.20.54 - - [26/Feb/2026:00:06:49 +0100] "GET /?l=0074010780600 HTTP/2.0" 200 192282 "-" "meta-externalagent/1.1 (+https://developers.facebook.com/docs/sharing/webmasters/crawler)"
152.53.187.237 - - [26/Feb/2026:00:06:49 +0100] "GET /products/illumicrate-the-irresistible-urge-to-fall-for-your-enemy/14505586/ HTTP/1.1" 404 91446 "-" "Mozilla/5.0 (compatible; MJ12bot/v1.4.8; http://mj12bot.com/)"
152.53.187.237 - - [26/Feb/2026:00:06:51 +0100] "GET /products/illumicrate-the-jasad-heir/18708544/ HTTP/1.1" 404 91446 "-" "Mozilla/5.0 (compatible; MJ12bot/v1.4.8; http://mj12bot.com/)"
152.53.187.237 - - [26/Feb/2026:00:06:53 +0100] "GET /products/illumicrate-the-second-death-of-locke-and-accessories/19243641/ HTTP/1.1" 404 91446 "-" "Mozilla/5.0 (compatible; MJ12bot/v1.4.8; http://mj12bot.com/)"
152.53.187.237 - - [26/Feb/2026:00:06:56 +0100] "GET /products/illumicrate-the-unbroken-the-faithless-by-c-l-clark/20311508/ HTTP/1.1" 404 91446 "-" "Mozilla/5.0 (compatible; MJ12bot/v1.4.8; http://mj12bot.com/)"
152.53.187.237 - - [26/Feb/2026:00:06:58 +0100] "GET /products/illumicrate-throne-of-glass-damaris-sword-replica-letter-ope/12260598/ HTTP/1.1" 404 91446 "-" "Mozilla/5.0 (compatible; MJ12bot/v1.4.8; http://mj12bot.com/)"
152.53.187.237 - - [26/Feb/2026:00:07:01 +0100] "GET /products/illumicrate-voidwalker-special-edition-book-with-sprayed-edg/7732811/ HTTP/1.1" 404 91446 "-" "Mozilla/5.0 (compatible; MJ12bot/v1.4.8; http://mj12bot.com/)"
57.141.20.36 - - [26/Feb/2026:00:07:02 +0100] "GET /?l=6648891545500 HTTP/2.0" 200 192282 "-" "meta-externalagent/1.1 (+https://developers.facebook.com/docs/sharing/webmasters/crawler)"
152.53.187.237 - - [26/Feb/2026:00:07:03 +0100] "GET /products/illuminate-midi-dress-size-1/22528051/ HTTP/1.1" 404 91446 "-" "Mozilla/5.0 (compatible; MJ12bot/v1.4.8; http://mj12bot.com/)"
152.53.187.237 - - [26/Feb/2026:00:07:05 +0100] "GET /products/illuminate-red-satin-pin-up-style-bra-and-panty-lingerie-set/13235970/ HTTP/1.1" 404 91446 "-" "Mozilla/5.0 (compatible; MJ12bot/v1.4.8; http://mj12bot.com/)"
152.53.187.237 - - [26/Feb/2026:00:07:07 +0100] "GET /products/illuminated-christmas-character/20538143/ HTTP/1.1" 404 91446 "-" "Mozilla/5.0 (compatible; MJ12bot/v1.4.8; http://mj12bot.com/)"
57.141.20.53 - - [26/Feb/2026:00:07:08 +0100] "GET /?l=0007612767604 HTTP/2.0" 200 192282 "-" "meta-externalagent/1.1 (+https://developers.facebook.com/docs/sharing/webmasters/crawler)"
152.53.187.237 - - [26/Feb/2026:00:07:10 +0100] "GET /products/illuminated-flameles-halloween-decor/3910577/ HTTP/1.1" 404 91446 "-" "Mozilla/5.0 (compatible; MJ12bot/v1.4.8; http://mj12bot.com/)"
152.53.187.237 - - [26/Feb/2026:00:07:12 +0100] "GET /products/illuminated-ginger-bread-duo-christmas-decor/16765447/ HTTP/1.1" 404 91446 "-" "Mozilla/5.0 (compatible; MJ12bot/v1.4.8; http://mj12bot.com/)"
152.53.187.237 - - [26/Feb/2026:00:07:14 +0100] "GET /products/illuminated-pocket-magnifiersize-4x/200186990/ HTTP/1.1" 404 91446 "-" "Mozilla/5.0 (compatible; MJ12bot/v1.4.8; http://mj12bot.com/)"
152.53.187.237 - - [26/Feb/2026:00:07:17 +0100] "GET /products/illuminated-sudoku-mega-screen-handheld-electronic-game-tech/12496966/ HTTP/1.1" 404 91446 "-" "Mozilla/5.0 (compatible; MJ12bot/v1.4.8; http://mj12bot.com/)"
152.53.187.237 - - [26/Feb/2026:00:07:19 +0100] "GET /products/illuminated-thomas-kinkades-village-christmas-house/2270014/ HTTP/1.1" 404 91446 "-" "Mozilla/5.0 (compatible; MJ12bot/v1.4.8; http://mj12bot.com/)"
152.53.187.237 - - [26/Feb/2026:00:07:21 +0100] "GET /products/illuminations-minions-graphic-university-city-studios-blue-h/2055757/ HTTP/1.1" 404 91446 "-" "Mozilla/5.0 (compatible; MJ12bot/v1.4.8; http://mj12bot.com/)"
152.53.187.237 - - [26/Feb/2026:00:07:25 +0100] "GET /products/illuminator-42572-2000-lumen-led-work-light-tempered-glass-r/201092130/ HTTP/1.1" 404 91446 "-" "Mozilla/5.0 (compatible; MJ12bot/v1.4.8; http://mj12bot.com/)"
152.53.187.237 - - [26/Feb/2026:00:07:27 +0100] "GET /products/illuminew-house-garden-statues-with-solar-lights-led-cute-fl/201818530/ HTTP/1.1" 404 91446 "-" "Mozilla/5.0 (compatible; MJ12bot/v1.4.8; http://mj12bot.com/)"
152.53.187.237 - - [26/Feb/2026:00:07:30 +0100] "GET /products/illusions-2023-bijan-robinson-blue-rookie-1249/19983606/ HTTP/1.1" 404 91446 "-" "Mozilla/5.0 (compatible; MJ12bot/v1.4.8; http://mj12bot.com/)"
152.53.187.237 - - [26/Feb/2026:00:07:32 +0100] "GET /products/illusions-basketball-mega-box-2019-2020-panini-rare/1726504/ HTTP/1.1" 404 91446 "-" "Mozilla/5.0 (compatible; MJ12bot/v1.4.8; http://mj12bot.com/)"
152.53.187.237 - - [26/Feb/2026:00:07:35 +0100] "GET /products/illustrated-catalogue-of-the-indian-portrait-gallery-1927/3005024/ HTTP/1.1" 404 91446 "-" "Mozilla/5.0 (compatible; MJ12bot/v1.4.8; http://mj12bot.com/)"
152.53.187.237 - - [26/Feb/2026:00:07:38 +0100] "GET /products/illustrated-guards-guards/201895952/ HTTP/1.1" 404 91446 "-" "Mozilla/5.0 (compatible; MJ12bot/v1.4.8; http://mj12bot.com/)"
185.191.171.1 - - [26/Feb/2026:00:07:38 +0100] "GET /36558174865.htm HTTP/1.1" 404 87047 "-" "Mozilla/5.0 (compatible; SemrushBot/7~bl; +http://www.semrush.com/bot.html)"
23.88.19.39 - - [26/Feb/2026:00:07:40 +0100] "POST /wp-cron.php?doing_wp_cron=1772060860.9215250015258789062500 HTTP/1.1" 404 87047 "-" "WordPress/6.9.1; https://alfouzantransport.com"
152.53.187.237 - - [26/Feb/2026:00:07:40 +0100] "GET /products/illustration-rare-full-art-trainer-mega-evolutions-white-fla/17918023/ HTTP/1.1" 404 91446 "-" "Mozilla/5.0 (compatible; MJ12bot/v1.4.8; http://mj12bot.com/)"
152.53.187.237 - - [26/Feb/2026:00:07:42 +0100] "GET /products/illustraxiey-spooky-halloween-washi-bnip-set5/13356265/ HTTP/1.1" 404 91446 "-" "Mozilla/5.0 (compatible; MJ12bot/v1.4.8; http://mj12bot.com/)"
57.141.20.59 - - [26/Feb/2026:00:07:45 +0100] "GET /?l=09797264970000 HTTP/2.0" 200 192282 "-" "meta-externalagent/1.1 (+https://developers.facebook.com/docs/sharing/webmasters/crawler)"
152.53.187.237 - - [26/Feb/2026:00:07:45 +0100] "GET /products/illy-arabica-selections-ethiopia-whole-bean-coffee-100-arabi/202091750/ HTTP/1.1" 404 91446 "-" "Mozilla/5.0 (compatible; MJ12bot/v1.4.8; http://mj12bot.com/)"
152.53.187.237 - - [26/Feb/2026:00:07:47 +0100] "GET /products/illy-dark-roast-filter-coffee-250g/203645008/ HTTP/1.1" 404 91446 "-" "Mozilla/5.0 (compatible; MJ12bot/v1.4.8; http://mj12bot.com/)"
185.191.171.17 - - [26/Feb/2026:00:07:49 +0100] "GET /79865148028.htm HTTP/1.1" 404 87047 "-" "Mozilla/5.0 (compatible; SemrushBot/7~bl; +http://www.semrush.com/bot.html)"
152.53.187.237 - - [26/Feb/2026:00:07:50 +0100] "GET /products/illy-ground-medium-roast-moka-250g/203645002/ HTTP/1.1" 404 91446 "-" "Mozilla/5.0 (compatible; MJ12bot/v1.4.8; http://mj12bot.com/)"
85.208.96.212 - - [26/Feb/2026:00:07:52 +0100] "GET /79865127953.htm HTTP/1.1" 404 87047 "-" "Mozilla/5.0 (compatible; SemrushBot/7~bl; +http://www.semrush.com/bot.html)"
185.191.171.11 - - [26/Feb/2026:00:07:56 +0100] "GET /51205233297.htm HTTP/1.1" 404 87047 "-" "Mozilla/5.0 (compatible; SemrushBot/7~bl; +http://www.semrush.com/bot.html)"
85.208.96.204 - - [26/Feb/2026:00:08:02 +0100] "GET /7933831632.htm HTTP/1.1" 404 87047 "-" "Mozilla/5.0 (compatible; SemrushBot/7~bl; +http://www.semrush.com/bot.html)"
152.53.187.237 - - [26/Feb/2026:00:08:04 +0100] "GET /products/illyrian-polish-queen-indie-nail-polish-con-new-orleans-2019/5841300/ HTTP/1.1" 404 91446 "-" "Mozilla/5.0 (compatible; MJ12bot/v1.4.8; http://mj12bot.com/)"
152.53.187.237 - - [26/Feb/2026:00:08:06 +0100] "GET /products/ilmakiage-carli-bybel-face-palette/16263350/ HTTP/1.1" 404 91446 "-" "Mozilla/5.0 (compatible; MJ12bot/v1.4.8; http://mj12bot.com/)"
152.53.187.237 - - [26/Feb/2026:00:08:08 +0100] "GET /products/ilnp-kaleidoscope/9998948/ HTTP/1.1" 404 91446 "-" "Mozilla/5.0 (compatible; MJ12bot/v1.4.8; http://mj12bot.com/)"
152.53.187.237 - - [26/Feb/2026:00:08:10 +0100] "GET /products/ilnp-pink-lemonade-nail-polish/7939709/ HTTP/1.1" 404 91446 "-" "Mozilla/5.0 (compatible; MJ12bot/v1.4.8; http://mj12bot.com/)"
66.249.77.38 - - [26/Feb/2026:00:08:11 +0100] "GET /?l=3929099389905 HTTP/1.1" 301 - "-" "Mozilla/5.0 (Linux; Android 6.0.1; Nexus 5X Build/MMB29P) AppleWebKit/537.36 (KHTML, like Gecko) Chrome/144.0.7559.132 Mobile Safari/537.36 (compatible; Googlebot/2.1; +http://www.google.com/bot.html)"
40.77.167.235 - - [26/Feb/2026:00:08:12 +0100] "GET /?l=81966144109800 HTTP/2.0" 301 - "-" "Mozilla/5.0 AppleWebKit/537.36 (KHTML, like Gecko; compatible; bingbot/2.0; +http://www.bing.com/bingbot.htm) Chrome/116.0.1938.76 Safari/537.36"
152.53.187.237 - - [26/Feb/2026:00:08:12 +0100] "GET /products/ilsa-by-madeleine-lengle/203779848/ HTTP/1.1" 404 91446 "-" "Mozilla/5.0 (compatible; MJ12bot/v1.4.8; http://mj12bot.com/)"
66.249.72.6 - - [26/Feb/2026:00:08:12 +0100] "GET /?l=3929099389905 HTTP/1.1" 200 192282 "-" "Mozilla/5.0 (Linux; Android 6.0.1; Nexus 5X Build/MMB29P) AppleWebKit/537.36 (KHTML, like Gecko) Chrome/144.0.7559.132 Mobile Safari/537.36 (compatible; Googlebot/2.1; +http://www.google.com/bot.html)"
152.53.187.237 - - [26/Feb/2026:00:08:14 +0100] "GET /products/ilsco-aluminum-compression-pigtail-adaptor-offset-conductor/200348216/ HTTP/1.1" 404 91446 "-" "Mozilla/5.0 (compatible; MJ12bot/v1.4.8; http://mj12bot.com/)"
207.46.13.130 - - [26/Feb/2026:00:08:16 +0100] "GET /?l=02022277917804 HTTP/2.0" 301 - "-" "Mozilla/5.0 AppleWebKit/537.36 (KHTML, like Gecko; compatible; bingbot/2.0; +http://www.bing.com/bingbot.htm) Chrome/116.0.1938.76 Safari/537.36"
152.53.187.237 - - [26/Feb/2026:00:08:17 +0100] "GET /products/ilsco-aluminum-neutral-bar-dual-rated-main-conductor-range-3/200348007/ HTTP/1.1" 404 91446 "-" "Mozilla/5.0 (compatible; MJ12bot/v1.4.8; http://mj12bot.com/)"
152.53.187.237 - - [26/Feb/2026:00:08:19 +0100] "GET /products/ilsco-aluminum-spade-type-transformer-lug-dual-rated-conduct/200349065/ HTTP/1.1" 404 91446 "-" "Mozilla/5.0 (compatible; MJ12bot/v1.4.8; http://mj12bot.com/)"
152.53.187.237 - - [26/Feb/2026:00:08:21 +0100] "GET /products/ilsco-safetysub-insulated-multi-tap-connector-dual-rated-dir/200347859/ HTTP/1.1" 404 91446 "-" "Mozilla/5.0 (compatible; MJ12bot/v1.4.8; http://mj12bot.com/)"
52.167.144.19 - - [26/Feb/2026:00:08:22 +0100] "GET /?l=81966144109800 HTTP/2.0" 200 192282 "-" "Mozilla/5.0 AppleWebKit/537.36 (KHTML, like Gecko; compatible; bingbot/2.0; +http://www.bing.com/bingbot.htm) Chrome/116.0.1938.76 Safari/537.36"
152.53.187.237 - - [26/Feb/2026:00:08:25 +0100] "GET /products/ilsco-snapbloc-power-distribution-block-dual-rated-line-cond/200349283/ HTTP/1.1" 404 91446 "-" "Mozilla/5.0 (compatible; MJ12bot/v1.4.8; http://mj12bot.com/)"
57.141.20.38 - - [26/Feb/2026:00:08:25 +0100] "GET /?l=02003283933100 HTTP/2.0" 200 192282 "-" "meta-externalagent/1.1 (+https://developers.facebook.com/docs/sharing/webmasters/crawler)"
152.53.187.237 - - [26/Feb/2026:00:08:27 +0100] "GET /products/ilsco-surecrimp-copper-compression-lug-conductor-size-750-2/200349223/ HTTP/1.1" 404 91446 "-" "Mozilla/5.0 (compatible; MJ12bot/v1.4.8; http://mj12bot.com/)"
85.208.96.205 - - [26/Feb/2026:00:08:28 +0100] "GET /79338285352.htm HTTP/1.1" 404 87047 "-" "Mozilla/5.0 (compatible; SemrushBot/7~bl; +http://www.semrush.com/bot.html)"
152.53.187.237 - - [26/Feb/2026:00:08:30 +0100] "GET /products/ilse-jacobsen-hombak-boots/20878667/ HTTP/1.1" 404 91446 "-" "Mozilla/5.0 (compatible; MJ12bot/v1.4.8; http://mj12bot.com/)"
57.141.20.51 - - [26/Feb/2026:00:08:31 +0100] "GET /?l=9071065612800 HTTP/2.0" 200 192282 "-" "meta-externalagent/1.1 (+https://developers.facebook.com/docs/sharing/webmasters/crawler)"
152.53.187.237 - - [26/Feb/2026:00:08:33 +0100] "GET /products/ilse-jacobsen-tulip-139-perforated-slip-on-sneaker-black-nub/13272613/ HTTP/1.1" 404 91446 "-" "Mozilla/5.0 (compatible; MJ12bot/v1.4.8; http://mj12bot.com/)"
152.53.187.237 - - [26/Feb/2026:00:08:36 +0100] "GET /products/ilthy-ifc-work-shirt-mens-2xl-black-button-down-short-sleeve/13933165/ HTTP/1.1" 404 91446 "-" "Mozilla/5.0 (compatible; MJ12bot/v1.4.8; http://mj12bot.com/)"
152.53.187.237 - - [26/Feb/2026:00:08:38 +0100] "GET /products/im-a-fireman-mug-firefighter-gift-fireman-coffee-mug-persona/200208804/ HTTP/1.1" 404 91446 "-" "Mozilla/5.0 (compatible; MJ12bot/v1.4.8; http://mj12bot.com/)"
152.53.187.237 - - [26/Feb/2026:00:08:40 +0100] "GET /products/im-a-spider-so-what-kumoko-kdcolle-17-kadokawa/17344043/ HTTP/1.1" 404 91446 "-" "Mozilla/5.0 (compatible; MJ12bot/v1.4.8; http://mj12bot.com/)"
23.88.19.39 - - [26/Feb/2026:00:08:42 +0100] "POST /wp-cron.php?doing_wp_cron=1772060922.1119840145111083984375 HTTP/1.1" 404 87047 "-" "WordPress/6.9.1; https://alfouzantransport.com"
57.141.20.2 - - [26/Feb/2026:00:08:41 +0100] "GET /?l=1988588909801 HTTP/2.0" 200 192282 "-" "meta-externalagent/1.1 (+https://developers.facebook.com/docs/sharing/webmasters/crawler)"
152.53.187.237 - - [26/Feb/2026:00:08:42 +0100] "GET /products/im-blonde-but-im-not-dumb/16847873/ HTTP/1.1" 404 91446 "-" "Mozilla/5.0 (compatible; MJ12bot/v1.4.8; http://mj12bot.com/)"
152.53.187.237 - - [26/Feb/2026:00:08:44 +0100] "GET /products/im-bocchi-face-hitori-gotou-gotoh-bocchi-the-rock-nendoroid/9912360/ HTTP/1.1" 404 91446 "-" "Mozilla/5.0 (compatible; MJ12bot/v1.4.8; http://mj12bot.com/)"
152.53.187.237 - - [26/Feb/2026:00:08:46 +0100] "GET /products/im-changkyun-monsta-x-photocard-5th-gen-fanclub/6833018/ HTTP/1.1" 404 91446 "-" "Mozilla/5.0 (compatible; MJ12bot/v1.4.8; http://mj12bot.com/)"
57.141.20.10 - - [26/Feb/2026:00:08:47 +0100] "GET /?l=77820163942300 HTTP/2.0" 200 192282 "-" "meta-externalagent/1.1 (+https://developers.facebook.com/docs/sharing/webmasters/crawler)"
152.53.187.237 - - [26/Feb/2026:00:08:48 +0100] "GET /products/im-glad-my-mom-died-by-jennette-mccurdy-hardback-book/6181277/ HTTP/1.1" 404 91446 "-" "Mozilla/5.0 (compatible; MJ12bot/v1.4.8; http://mj12bot.com/)"
152.53.187.237 - - [26/Feb/2026:00:08:51 +0100] "GET /products/im-happy-promise-baggy-distressed-jeans/14124796/ HTTP/1.1" 404 91446 "-" "Mozilla/5.0 (compatible; MJ12bot/v1.4.8; http://mj12bot.com/)"
152.53.187.237 - - [26/Feb/2026:00:08:52 +0100] "GET /products/im-just-here-for-the-boos-t-shirt-xxl/9303468/ HTTP/1.1" 404 91446 "-" "Mozilla/5.0 (compatible; MJ12bot/v1.4.8; http://mj12bot.com/)"
152.53.187.237 - - [26/Feb/2026:00:08:55 +0100] "GET /products/im-me-wireless-instant-messaging-system-girl-tech-pink-radic/19840241/ HTTP/1.1" 404 91446 "-" "Mozilla/5.0 (compatible; MJ12bot/v1.4.8; http://mj12bot.com/)"
152.53.187.237 - - [26/Feb/2026:00:08:57 +0100] "GET /products/im-meme-compact-oil-cut-pact-skin-mattifying-sebum-absorbing/203045537/ HTTP/1.1" 404 91446 "-" "Mozilla/5.0 (compatible; MJ12bot/v1.4.8; http://mj12bot.com/)"
85.208.96.197 - - [26/Feb/2026:00:08:59 +0100] "GET /80239151778.htm HTTP/1.1" 404 87047 "-" "Mozilla/5.0 (compatible; SemrushBot/7~bl; +http://www.semrush.com/bot.html)"
