54.36.60.91 - - [25/Feb/2026:22:07:41 +0100] "GET /products/ideology-leopard-print-cropped-leggings/8788814/ HTTP/1.1" 404 91446 "-" "Mozilla/5.0 (compatible; MJ12bot/v1.4.8; http://mj12bot.com/)"
54.36.60.91 - - [25/Feb/2026:22:07:43 +0100] "GET /products/idesign-dot-fabric-round-storage-bin-basket-container-mini-h/200992817/ HTTP/1.1" 404 91446 "-" "Mozilla/5.0 (compatible; MJ12bot/v1.4.8; http://mj12bot.com/)"
54.36.60.91 - - [25/Feb/2026:22:07:45 +0100] "GET /products/idifu-slingback-pointed-toe-flats-for-women/13704305/ HTTP/1.1" 404 91446 "-" "Mozilla/5.0 (compatible; MJ12bot/v1.4.8; http://mj12bot.com/)"
54.36.60.91 - - [25/Feb/2026:22:07:47 +0100] "GET /products/idiot-signed-johnny-damon-1st/19924599/ HTTP/1.1" 404 91446 "-" "Mozilla/5.0 (compatible; MJ12bot/v1.4.8; http://mj12bot.com/)"
54.36.60.91 - - [25/Feb/2026:22:07:48 +0100] "GET /products/idk/6143428/ HTTP/1.1" 404 91446 "-" "Mozilla/5.0 (compatible; MJ12bot/v1.4.8; http://mj12bot.com/)"
85.208.96.197 - - [25/Feb/2026:22:07:49 +0100] "GET /79865122691.htm HTTP/1.1" 404 87047 "-" "Mozilla/5.0 (compatible; SemrushBot/7~bl; +http://www.semrush.com/bot.html)"
54.36.60.91 - - [25/Feb/2026:22:07:50 +0100] "GET /products/idl-packaging-15-x-1400-refill-roll-pack-of-1-for-mp-1400usn/202683004/ HTTP/1.1" 404 91446 "-" "Mozilla/5.0 (compatible; MJ12bot/v1.4.8; http://mj12bot.com/)"
23.88.19.39 - - [25/Feb/2026:22:07:52 +0100] "POST /wp-cron.php?doing_wp_cron=1772053672.9629309177398681640625 HTTP/1.1" 404 87047 "-" "WordPress/6.9.1; https://alfouzantransport.com"
54.36.60.91 - - [25/Feb/2026:22:07:52 +0100] "GET /products/idl-packaging-cardboard-edge-protector-2-x-2-x-9-pack-of-200/202683061/ HTTP/1.1" 404 91446 "-" "Mozilla/5.0 (compatible; MJ12bot/v1.4.8; http://mj12bot.com/)"
54.36.60.91 - - [25/Feb/2026:22:07:54 +0100] "GET /products/idl-packaging-inflated-14-laptop-protective-bags-self-sealed/203047849/ HTTP/1.1" 404 91446 "-" "Mozilla/5.0 (compatible; MJ12bot/v1.4.8; http://mj12bot.com/)"
54.36.60.91 - - [25/Feb/2026:22:07:56 +0100] "GET /products/idog-fish-ifish-toy/19967998/ HTTP/1.1" 404 91446 "-" "Mozilla/5.0 (compatible; MJ12bot/v1.4.8; http://mj12bot.com/)"
54.36.60.91 - - [25/Feb/2026:22:07:58 +0100] "GET /products/idole-mini-edp-by-lancome/203462815/ HTTP/1.1" 404 91446 "-" "Mozilla/5.0 (compatible; MJ12bot/v1.4.8; http://mj12bot.com/)"
54.36.60.91 - - [25/Feb/2026:22:08:00 +0100] "GET /products/idongcai-lace-ribbon-for-craft-vintage-lace-trims-bridal-wed/201982829/ HTTP/1.1" 404 91446 "-" "Mozilla/5.0 (compatible; MJ12bot/v1.4.8; http://mj12bot.com/)"
66.249.72.7 - - [25/Feb/2026:22:08:01 +0100] "GET /cgi-sys/suspendedpage.cgi?l=5571723903002 HTTP/1.1" 200 7766 "-" "Mozilla/5.0 (Linux; Android 6.0.1; Nexus 5X Build/MMB29P) AppleWebKit/537.36 (KHTML, like Gecko) Chrome/144.0.7559.132 Mobile Safari/537.36 (compatible; Googlebot/2.1; +http://www.google.com/bot.html)"
54.36.60.91 - - [25/Feb/2026:22:08:02 +0100] "GET /products/idp-gacha-lucifer-pin/9236957/ HTTP/1.1" 404 91446 "-" "Mozilla/5.0 (compatible; MJ12bot/v1.4.8; http://mj12bot.com/)"
54.36.60.91 - - [25/Feb/2026:22:08:04 +0100] "GET /products/idrybag-waterproof-bag/1517744/ HTTP/1.1" 404 91446 "-" "Mozilla/5.0 (compatible; MJ12bot/v1.4.8; http://mj12bot.com/)"
66.249.72.6 - - [25/Feb/2026:22:08:04 +0100] "GET /cgi-sys/suspendedpage.cgi?l=4720743947602 HTTP/1.1" 200 7766 "-" "Mozilla/5.0 (Linux; Android 6.0.1; Nexus 5X Build/MMB29P) AppleWebKit/537.36 (KHTML, like Gecko) Chrome/144.0.7559.132 Mobile Safari/537.36 (compatible; Googlebot/2.1; +http://www.google.com/bot.html)"
54.36.60.91 - - [25/Feb/2026:22:08:05 +0100] "GET /products/idsecurity-card-holder-set-verticalhorizontal-clip-clear-25pack/202421093/ HTTP/1.1" 404 91446 "-" "Mozilla/5.0 (compatible; MJ12bot/v1.4.8; http://mj12bot.com/)"
54.36.60.91 - - [25/Feb/2026:22:08:07 +0100] "GET /products/idun-minerals-mattifying-mineral-powder-521-tuva-by-idun-min/201457529/ HTTP/1.1" 404 91446 "-" "Mozilla/5.0 (compatible; MJ12bot/v1.4.8; http://mj12bot.com/)"
54.36.60.91 - - [25/Feb/2026:22:08:09 +0100] "GET /products/idun-minerals-nail-polish-opal-by-idun-minerals-for-women-03/201483899/ HTTP/1.1" 404 91446 "-" "Mozilla/5.0 (compatible; MJ12bot/v1.4.8; http://mj12bot.com/)"
85.208.96.206 - - [25/Feb/2026:22:08:10 +0100] "GET /7933894473.htm HTTP/1.1" 404 87047 "-" "Mozilla/5.0 (compatible; SemrushBot/7~bl; +http://www.semrush.com/bot.html)"
54.36.60.91 - - [25/Feb/2026:22:08:11 +0100] "GET /products/idw-transformers-lot-of-12-including-retailer-incentive/21602555/ HTTP/1.1" 404 91446 "-" "Mozilla/5.0 (compatible; MJ12bot/v1.4.8; http://mj12bot.com/)"
54.36.60.91 - - [25/Feb/2026:22:08:13 +0100] "GET /products/idwstar-wars-adventuresthe-clone-wars-1momoko-virgin-signedc/17532761/ HTTP/1.1" 404 91446 "-" "Mozilla/5.0 (compatible; MJ12bot/v1.4.8; http://mj12bot.com/)"
54.36.60.91 - - [25/Feb/2026:22:08:14 +0100] "GET /products/idylis-iap-10-125-air-purifier-e1-great-condition-tested-wor/12825774/ HTTP/1.1" 404 91446 "-" "Mozilla/5.0 (compatible; MJ12bot/v1.4.8; http://mj12bot.com/)"
54.36.60.91 - - [25/Feb/2026:22:08:16 +0100] "GET /products/idylle-guerlain-33oz-women-edp-spray/203241712/ HTTP/1.1" 404 91446 "-" "Mozilla/5.0 (compatible; MJ12bot/v1.4.8; http://mj12bot.com/)"
54.36.60.91 - - [25/Feb/2026:22:08:18 +0100] "GET /products/idylle-sublime-33oz-women-edt-spray/203238594/ HTTP/1.1" 404 91446 "-" "Mozilla/5.0 (compatible; MJ12bot/v1.4.8; http://mj12bot.com/)"
85.208.96.206 - - [25/Feb/2026:22:08:18 +0100] "GET /51205119270.htm HTTP/1.1" 404 87047 "-" "Mozilla/5.0 (compatible; SemrushBot/7~bl; +http://www.semrush.com/bot.html)"
54.36.60.91 - - [25/Feb/2026:22:08:20 +0100] "GET /products/idyllic-brightening-concealer-38-limestone-by-ga-de-for-wome/11131837/ HTTP/1.1" 404 91446 "-" "Mozilla/5.0 (compatible; MJ12bot/v1.4.8; http://mj12bot.com/)"
54.36.60.91 - - [25/Feb/2026:22:08:21 +0100] "GET /products/idyllwind-cardigan/19546398/ HTTP/1.1" 404 91446 "-" "Mozilla/5.0 (compatible; MJ12bot/v1.4.8; http://mj12bot.com/)"
54.36.60.91 - - [25/Feb/2026:22:08:23 +0100] "GET /products/idyllwind-cowboy-western-boots-size-85-snake-print-pink-sued/2888297/ HTTP/1.1" 404 91446 "-" "Mozilla/5.0 (compatible; MJ12bot/v1.4.8; http://mj12bot.com/)"
54.36.60.91 - - [25/Feb/2026:22:08:25 +0100] "GET /products/idyllwind-fueled-by-miranda-lambert-black-embroidered-bell-b/8165384/ HTTP/1.1" 404 91446 "-" "Mozilla/5.0 (compatible; MJ12bot/v1.4.8; http://mj12bot.com/)"
54.36.60.91 - - [25/Feb/2026:22:08:27 +0100] "GET /products/idzo-14inch-plant-caddy-with-wheels-heavy-duty-capacity-385/202382365/ HTTP/1.1" 404 91446 "-" "Mozilla/5.0 (compatible; MJ12bot/v1.4.8; http://mj12bot.com/)"
54.36.60.91 - - [25/Feb/2026:22:08:29 +0100] "GET /products/idzo-raised-garden-bed-with-legs-durable-elevated-garden-box/200485890/ HTTP/1.1" 404 91446 "-" "Mozilla/5.0 (compatible; MJ12bot/v1.4.8; http://mj12bot.com/)"
54.36.60.91 - - [25/Feb/2026:22:08:31 +0100] "GET /products/ie-sports-portable-basketball-hoop-adjustable-height-54-back/203061232/ HTTP/1.1" 404 91446 "-" "Mozilla/5.0 (compatible; MJ12bot/v1.4.8; http://mj12bot.com/)"
185.191.171.11 - - [25/Feb/2026:22:08:31 +0100] "GET /51205285648.htm HTTP/1.1" 404 87047 "-" "Mozilla/5.0 (compatible; SemrushBot/7~bl; +http://www.semrush.com/bot.html)"
54.36.60.91 - - [25/Feb/2026:22:08:32 +0100] "GET /products/ie4413-mens-105-adidas-adizero-electric-speed-juice-football/7492729/ HTTP/1.1" 404 91446 "-" "Mozilla/5.0 (compatible; MJ12bot/v1.4.8; http://mj12bot.com/)"
54.36.60.91 - - [25/Feb/2026:22:08:34 +0100] "GET /products/ie6522-adidas-samba-og-earth-strata-gum-women-75/17231255/ HTTP/1.1" 404 91446 "-" "Mozilla/5.0 (compatible; MJ12bot/v1.4.8; http://mj12bot.com/)"
54.36.60.91 - - [25/Feb/2026:22:08:36 +0100] "GET /products/iedm-homies-mens-graphic-hoodie-size-large-homer-simpson-usa/5335881/ HTTP/1.1" 404 91446 "-" "Mozilla/5.0 (compatible; MJ12bot/v1.4.8; http://mj12bot.com/)"
66.249.72.5 - - [25/Feb/2026:22:08:36 +0100] "GET /cgi-sys/suspendedpage.cgi?l=87785161015208 HTTP/1.1" 200 7766 "-" "Mozilla/5.0 (Linux; Android 6.0.1; Nexus 5X Build/MMB29P) AppleWebKit/537.36 (KHTML, like Gecko) Chrome/144.0.7559.132 Mobile Safari/537.36 (compatible; Googlebot/2.1; +http://www.google.com/bot.html)"
185.191.171.19 - - [25/Feb/2026:22:08:37 +0100] "GET /79865133161.htm HTTP/1.1" 404 87047 "-" "Mozilla/5.0 (compatible; SemrushBot/7~bl; +http://www.semrush.com/bot.html)"
54.36.60.91 - - [25/Feb/2026:22:08:38 +0100] "GET /products/ieena-for-mac-duggal-black-deep-v-neck-high-slit-sleeveless/17373115/ HTTP/1.1" 404 91446 "-" "Mozilla/5.0 (compatible; MJ12bot/v1.4.8; http://mj12bot.com/)"
85.208.96.205 - - [25/Feb/2026:22:08:39 +0100] "GET /80239288187.htm HTTP/1.1" 404 87047 "-" "Mozilla/5.0 (compatible; SemrushBot/7~bl; +http://www.semrush.com/bot.html)"
66.249.72.6 - - [25/Feb/2026:22:08:40 +0100] "GET /cgi-sys/suspendedpage.cgi?l=11139112991101 HTTP/1.1" 200 7766 "-" "Mozilla/5.0 (Linux; Android 6.0.1; Nexus 5X Build/MMB29P) AppleWebKit/537.36 (KHTML, like Gecko) Chrome/144.0.7559.132 Mobile Safari/537.36 (compatible; Googlebot/2.1; +http://www.google.com/bot.html)"
54.36.60.91 - - [25/Feb/2026:22:08:40 +0100] "GET /products/ieena-for-mac-duggal-black-gray-sequin-mini-dress-sz-10-stru/17718242/ HTTP/1.1" 404 91446 "-" "Mozilla/5.0 (compatible; MJ12bot/v1.4.8; http://mj12bot.com/)"
185.191.171.18 - - [25/Feb/2026:22:08:41 +0100] "GET /79338233873.htm HTTP/1.1" 404 87047 "-" "Mozilla/5.0 (compatible; SemrushBot/7~bl; +http://www.semrush.com/bot.html)"
54.36.60.91 - - [25/Feb/2026:22:08:42 +0100] "GET /products/ieena-for-mac-duggal-jumpsuit/17653267/ HTTP/1.1" 404 91446 "-" "Mozilla/5.0 (compatible; MJ12bot/v1.4.8; http://mj12bot.com/)"
54.36.60.91 - - [25/Feb/2026:22:08:43 +0100] "GET /products/ieena-for-mac-duggal-nwt-blue-puff-sleeve-cut-out-column-gow/20887788/ HTTP/1.1" 404 91446 "-" "Mozilla/5.0 (compatible; MJ12bot/v1.4.8; http://mj12bot.com/)"
54.36.60.91 - - [25/Feb/2026:22:08:45 +0100] "GET /products/ieena-for-mac-duggal-rhinestone-halter-mini/20551725/ HTTP/1.1" 404 91446 "-" "Mozilla/5.0 (compatible; MJ12bot/v1.4.8; http://mj12bot.com/)"
54.36.60.91 - - [25/Feb/2026:22:08:47 +0100] "GET /products/ieena-mac-duggal-black-draped-long-sleeve-embellished-cuffs/1602670/ HTTP/1.1" 404 91446 "-" "Mozilla/5.0 (compatible; MJ12bot/v1.4.8; http://mj12bot.com/)"
54.36.60.91 - - [25/Feb/2026:22:08:49 +0100] "GET /products/ieena-mac-duggal-nwt-satin-sleeveless-faux-wrap-ruched-gown/20404275/ HTTP/1.1" 404 91446 "-" "Mozilla/5.0 (compatible; MJ12bot/v1.4.8; http://mj12bot.com/)"
54.36.60.91 - - [25/Feb/2026:22:08:51 +0100] "GET /products/ieena-mac-duggal-one-shoulder-longsleeve-jersey-gown-sz-10-m/17731328/ HTTP/1.1" 404 91446 "-" "Mozilla/5.0 (compatible; MJ12bot/v1.4.8; http://mj12bot.com/)"
23.88.19.39 - - [25/Feb/2026:22:08:53 +0100] "POST /wp-cron.php?doing_wp_cron=1772053733.5008890628814697265625 HTTP/1.1" 404 87047 "-" "WordPress/6.9.1; https://alfouzantransport.com"
54.36.60.91 - - [25/Feb/2026:22:08:53 +0100] "GET /products/iefiel-xs-pink-long-sleeve-leotard-bodysuit-ballet-dance-gym/6806672/ HTTP/1.1" 404 91446 "-" "Mozilla/5.0 (compatible; MJ12bot/v1.4.8; http://mj12bot.com/)"
66.249.72.5 - - [25/Feb/2026:22:08:55 +0100] "GET /cgi-sys/suspendedpage.cgi?l=35972188505604 HTTP/1.1" 200 7766 "-" "Mozilla/5.0 (Linux; Android 6.0.1; Nexus 5X Build/MMB29P) AppleWebKit/537.36 (KHTML, like Gecko) Chrome/144.0.7559.132 Mobile Safari/537.36 (compatible; Googlebot/2.1; +http://www.google.com/bot.html)"
54.36.60.91 - - [25/Feb/2026:22:08:55 +0100] "GET /products/iena-check-stick-plaid-preppy-pants-size-38-medium/12609314/ HTTP/1.1" 404 91446 "-" "Mozilla/5.0 (compatible; MJ12bot/v1.4.8; http://mj12bot.com/)"
54.36.60.91 - - [25/Feb/2026:22:08:57 +0100] "GET /products/iena-jacquard-embroidered-tight-easy-skirt-new/17747441/ HTTP/1.1" 404 91446 "-" "Mozilla/5.0 (compatible; MJ12bot/v1.4.8; http://mj12bot.com/)"
54.36.60.91 - - [25/Feb/2026:22:08:59 +0100] "GET /products/iew-hwstar-2025-new-1000-brighter-7-inch-led-headlight-motor/6210282/ HTTP/1.1" 404 91446 "-" "Mozilla/5.0 (compatible; MJ12bot/v1.4.8; http://mj12bot.com/)"
54.36.60.91 - - [25/Feb/2026:22:09:01 +0100] "GET /products/iezfix-electric-spin-scrubber-bathroom-power-shower-scrubber/202779508/ HTTP/1.1" 404 91446 "-" "Mozilla/5.0 (compatible; MJ12bot/v1.4.8; http://mj12bot.com/)"
54.36.60.91 - - [25/Feb/2026:22:09:02 +0100] "GET /products/if-it-bleeds/2303761/ HTTP/1.1" 404 91446 "-" "Mozilla/5.0 (compatible; MJ12bot/v1.4.8; http://mj12bot.com/)"
66.249.72.7 - - [25/Feb/2026:22:09:04 +0100] "GET /cgi-sys/suspendedpage.cgi?l=47001131792700 HTTP/1.1" 200 7766 "-" "Mozilla/5.0 (Linux; Android 6.0.1; Nexus 5X Build/MMB29P) AppleWebKit/537.36 (KHTML, like Gecko) Chrome/144.0.7559.132 Mobile Safari/537.36 (compatible; Googlebot/2.1; +http://www.google.com/bot.html)"
54.36.60.91 - - [25/Feb/2026:22:09:04 +0100] "GET /products/if-it-isnt-one-thing/201893352/ HTTP/1.1" 404 91446 "-" "Mozilla/5.0 (compatible; MJ12bot/v1.4.8; http://mj12bot.com/)"
54.36.60.91 - - [25/Feb/2026:22:09:06 +0100] "GET /products/if-six-was-nine-leglg-black-lace/17735065/ HTTP/1.1" 404 91446 "-" "Mozilla/5.0 (compatible; MJ12bot/v1.4.8; http://mj12bot.com/)"
66.249.72.6 - - [25/Feb/2026:22:09:07 +0100] "GET /cgi-sys/suspendedpage.cgi?l=7569131386901 HTTP/1.1" 200 7766 "-" "Mozilla/5.0 (Linux; Android 6.0.1; Nexus 5X Build/MMB29P) AppleWebKit/537.36 (KHTML, like Gecko) Chrome/144.0.7559.132 Mobile Safari/537.36 (compatible; Googlebot/2.1; +http://www.google.com/bot.html)"
54.36.60.91 - - [25/Feb/2026:22:09:08 +0100] "GET /products/if-you-cant-take-the-high-ground-make-your-own-8x12-metal-wa/5197951/ HTTP/1.1" 404 91446 "-" "Mozilla/5.0 (compatible; MJ12bot/v1.4.8; http://mj12bot.com/)"
54.36.60.91 - - [25/Feb/2026:22:09:10 +0100] "GET /products/if-you-dare-by-harmony-west/21337586/ HTTP/1.1" 404 91446 "-" "Mozilla/5.0 (compatible; MJ12bot/v1.4.8; http://mj12bot.com/)"
54.36.60.91 - - [25/Feb/2026:22:09:11 +0100] "GET /products/if-you-give-a-mouse-a-cookie-fun-with-mouse-and-friends-6-pi/14261442/ HTTP/1.1" 404 91446 "-" "Mozilla/5.0 (compatible; MJ12bot/v1.4.8; http://mj12bot.com/)"
54.36.60.91 - - [25/Feb/2026:22:09:13 +0100] "GET /products/if-you-havent-got-the-time-to-do-it-right-when-will-you-find/13108457/ HTTP/1.1" 404 91446 "-" "Mozilla/5.0 (compatible; MJ12bot/v1.4.8; http://mj12bot.com/)"
54.36.60.91 - - [25/Feb/2026:22:09:15 +0100] "GET /products/ifast-ankle-brace-bundle-of-2-medium/12984660/ HTTP/1.1" 404 91446 "-" "Mozilla/5.0 (compatible; MJ12bot/v1.4.8; http://mj12bot.com/)"
54.36.60.91 - - [25/Feb/2026:22:09:17 +0100] "GET /products/ifast-ankle-brace-support-stabilizer-mens-and-womens-sports/14538333/ HTTP/1.1" 404 91446 "-" "Mozilla/5.0 (compatible; MJ12bot/v1.4.8; http://mj12bot.com/)"
66.249.77.37 - - [25/Feb/2026:22:09:19 +0100] "GET /cgi-sys/suspendedpage.cgi?l=90740140876600 HTTP/1.1" 200 7766 "-" "Mozilla/5.0 (Linux; Android 6.0.1; Nexus 5X Build/MMB29P) AppleWebKit/537.36 (KHTML, like Gecko) Chrome/144.0.7559.132 Mobile Safari/537.36 (compatible; Googlebot/2.1; +http://www.google.com/bot.html)"
54.36.60.91 - - [25/Feb/2026:22:09:19 +0100] "GET /products/iflytek-easy-trans-20-portable-smart-electronic-voice-langua/1301071/ HTTP/1.1" 404 91446 "-" "Mozilla/5.0 (compatible; MJ12bot/v1.4.8; http://mj12bot.com/)"
66.249.77.36 - - [25/Feb/2026:22:09:19 +0100] "GET /robots.txt HTTP/1.1" 301 - "-" "Mozilla/5.0 (compatible; Googlebot/2.1; +http://www.google.com/bot.html)"
54.36.60.91 - - [25/Feb/2026:22:09:21 +0100] "GET /products/ifm-al-1342-io-link-master-with-modbus-tcp-interface/9365541/ HTTP/1.1" 404 91446 "-" "Mozilla/5.0 (compatible; MJ12bot/v1.4.8; http://mj12bot.com/)"
185.191.171.11 - - [25/Feb/2026:22:09:21 +0100] "GET /79865120364.htm HTTP/1.1" 404 87047 "-" "Mozilla/5.0 (compatible; SemrushBot/7~bl; +http://www.semrush.com/bot.html)"
54.36.60.91 - - [25/Feb/2026:22:09:23 +0100] "GET /products/ifootage-71-aluminum-monopod-cobra-3-a180f-telescopic-video/200666929/ HTTP/1.1" 404 91446 "-" "Mozilla/5.0 (compatible; MJ12bot/v1.4.8; http://mj12bot.com/)"
66.249.72.5 - - [25/Feb/2026:22:09:24 +0100] "GET /cgi-sys/suspendedpage.cgi?l=1827972256207 HTTP/1.1" 200 7766 "-" "Mozilla/5.0 (Linux; Android 6.0.1; Nexus 5X Build/MMB29P) AppleWebKit/537.36 (KHTML, like Gecko) Chrome/144.0.7559.132 Mobile Safari/537.36 (compatible; Googlebot/2.1; +http://www.google.com/bot.html)"
85.208.96.212 - - [25/Feb/2026:22:09:25 +0100] "GET /8023926933.htm HTTP/1.1" 404 87047 "-" "Mozilla/5.0 (compatible; SemrushBot/7~bl; +http://www.semrush.com/bot.html)"
54.36.60.91 - - [25/Feb/2026:22:09:25 +0100] "GET /products/ifootage-cobra-3-c180f-monopod-for-cameras-71-carbon-fiber-t/200666944/ HTTP/1.1" 404 91446 "-" "Mozilla/5.0 (compatible; MJ12bot/v1.4.8; http://mj12bot.com/)"
54.36.60.91 - - [25/Feb/2026:22:09:26 +0100] "GET /products/ifootage-shark-slider-s1-bundle-with-carrying-case/22501671/ HTTP/1.1" 404 91446 "-" "Mozilla/5.0 (compatible; MJ12bot/v1.4.8; http://mj12bot.com/)"
66.249.72.5 - - [25/Feb/2026:22:09:27 +0100] "GET /cgi-sys/suspendedpage.cgi?l=73070204428304 HTTP/1.1" 200 7766 "-" "Mozilla/5.0 (Linux; Android 6.0.1; Nexus 5X Build/MMB29P) AppleWebKit/537.36 (KHTML, like Gecko) Chrome/144.0.7559.132 Mobile Safari/537.36 (compatible; Googlebot/2.1; +http://www.google.com/bot.html)"
185.191.171.13 - - [25/Feb/2026:22:09:27 +0100] "GET /11865233027.htm HTTP/1.1" 404 87047 "-" "Mozilla/5.0 (compatible; SemrushBot/7~bl; +http://www.semrush.com/bot.html)"
54.36.60.91 - - [25/Feb/2026:22:09:28 +0100] "GET /products/iforrest-cotton-flannel-double-sleeping-bag-for-adults-2-per/202107083/ HTTP/1.1" 404 91446 "-" "Mozilla/5.0 (compatible; MJ12bot/v1.4.8; http://mj12bot.com/)"
66.249.72.5 - - [25/Feb/2026:22:09:30 +0100] "GET /cgi-sys/suspendedpage.cgi?l=5705033782402 HTTP/1.1" 200 7766 "-" "Mozilla/5.0 (Linux; Android 6.0.1; Nexus 5X Build/MMB29P) AppleWebKit/537.36 (KHTML, like Gecko) Chrome/144.0.7559.132 Mobile Safari/537.36 (compatible; Googlebot/2.1; +http://www.google.com/bot.html)"
54.36.60.91 - - [25/Feb/2026:22:09:30 +0100] "GET /products/ifran-12-small-bathroom-vanity-polished-nickel-finish/202597079/ HTTP/1.1" 404 91446 "-" "Mozilla/5.0 (compatible; MJ12bot/v1.4.8; http://mj12bot.com/)"
54.36.60.91 - - [25/Feb/2026:22:09:32 +0100] "GET /products/ifsixwasnine-rock-jimi-hendrix-black-t-shirt-excellent-condi/321296/ HTTP/1.1" 404 91446 "-" "Mozilla/5.0 (compatible; MJ12bot/v1.4.8; http://mj12bot.com/)"
54.36.60.91 - - [25/Feb/2026:22:09:34 +0100] "GET /products/iga-beans-garbanzo-15-oz-24-pack/202800962/ HTTP/1.1" 404 91446 "-" "Mozilla/5.0 (compatible; MJ12bot/v1.4.8; http://mj12bot.com/)"
54.36.60.91 - - [25/Feb/2026:22:09:36 +0100] "GET /products/iga-sprinkles-chocolate-11-oz-12-pack/202794424/ HTTP/1.1" 404 91446 "-" "Mozilla/5.0 (compatible; MJ12bot/v1.4.8; http://mj12bot.com/)"
66.249.77.37 - - [25/Feb/2026:22:09:37 +0100] "GET /cgi-sys/suspendedpage.cgi?l=77929260341404 HTTP/1.1" 200 7766 "-" "Mozilla/5.0 (Linux; Android 6.0.1; Nexus 5X Build/MMB29P) AppleWebKit/537.36 (KHTML, like Gecko) Chrome/144.0.7559.132 Mobile Safari/537.36 (compatible; Googlebot/2.1; +http://www.google.com/bot.html)"
54.36.60.91 - - [25/Feb/2026:22:09:37 +0100] "GET /products/igear-reusable-rain-poncho-camo-green/5558533/ HTTP/1.1" 404 91446 "-" "Mozilla/5.0 (compatible; MJ12bot/v1.4.8; http://mj12bot.com/)"
54.36.60.91 - - [25/Feb/2026:22:09:39 +0100] "GET /products/iggy-pop-the-stooges-raw-power-1976-vinyl-lp/21656178/ HTTP/1.1" 404 91446 "-" "Mozilla/5.0 (compatible; MJ12bot/v1.4.8; http://mj12bot.com/)"
66.249.72.5 - - [25/Feb/2026:22:09:40 +0100] "GET /cgi-sys/suspendedpage.cgi?l=79003135586001 HTTP/1.1" 200 7766 "-" "Mozilla/5.0 (Linux; Android 6.0.1; Nexus 5X Build/MMB29P) AppleWebKit/537.36 (KHTML, like Gecko) Chrome/144.0.7559.132 Mobile Safari/537.36 (compatible; Googlebot/2.1; +http://www.google.com/bot.html)"
54.36.60.91 - - [25/Feb/2026:22:09:41 +0100] "GET /products/igi-co-suede-side-zip-platform-trainers-brown/200849730/ HTTP/1.1" 404 91446 "-" "Mozilla/5.0 (compatible; MJ12bot/v1.4.8; http://mj12bot.com/)"
54.36.60.91 - - [25/Feb/2026:22:09:43 +0100] "GET /products/igk-charcoal-detox-dry-shampoo/8356117/ HTTP/1.1" 404 91446 "-" "Mozilla/5.0 (compatible; MJ12bot/v1.4.8; http://mj12bot.com/)"
54.36.60.91 - - [25/Feb/2026:22:09:45 +0100] "GET /products/igk-expensive-glaze-uv-protection-high-shine-clear-gloss-top/6774093/ HTTP/1.1" 404 91446 "-" "Mozilla/5.0 (compatible; MJ12bot/v1.4.8; http://mj12bot.com/)"
66.249.72.5 - - [25/Feb/2026:22:09:45 +0100] "GET /cgi-sys/suspendedpage.cgi?l=18178183417003 HTTP/1.1" 200 7766 "-" "Mozilla/5.0 (Linux; Android 6.0.1; Nexus 5X Build/MMB29P) AppleWebKit/537.36 (KHTML, like Gecko) Chrome/144.0.7559.132 Mobile Safari/537.36 (compatible; Googlebot/2.1; +http://www.google.com/bot.html)"
54.36.60.91 - - [25/Feb/2026:22:09:46 +0100] "GET /products/igk-extra-love-volume-and-thickening-shampoo-conditioner-duo/15395466/ HTTP/1.1" 404 91446 "-" "Mozilla/5.0 (compatible; MJ12bot/v1.4.8; http://mj12bot.com/)"
54.36.60.91 - - [25/Feb/2026:22:09:48 +0100] "GET /products/igloo-hello-kitty-cooler-backpack/9661924/ HTTP/1.1" 404 91446 "-" "Mozilla/5.0 (compatible; MJ12bot/v1.4.8; http://mj12bot.com/)"
54.36.60.91 - - [25/Feb/2026:22:09:50 +0100] "GET /products/igloo-island-breeze-cooler-9-quart-8-liter-13-cans-red-trave/9661986/ HTTP/1.1" 404 91446 "-" "Mozilla/5.0 (compatible; MJ12bot/v1.4.8; http://mj12bot.com/)"
54.36.60.91 - - [25/Feb/2026:22:09:52 +0100] "GET /products/igloo-marine-tackle-box-grayseafoam/8802387/ HTTP/1.1" 404 91446 "-" "Mozilla/5.0 (compatible; MJ12bot/v1.4.8; http://mj12bot.com/)"
23.88.19.39 - - [25/Feb/2026:22:09:54 +0100] "POST /wp-cron.php?doing_wp_cron=1772053794.1951251029968261718750 HTTP/1.1" 404 87047 "-" "WordPress/6.9.1; https://alfouzantransport.com"
54.36.60.91 - - [25/Feb/2026:22:09:53 +0100] "GET /products/igloo-max-voyager-28-quart-tote-soft-sided-cooler-gray/253250/ HTTP/1.1" 404 91446 "-" "Mozilla/5.0 (compatible; MJ12bot/v1.4.8; http://mj12bot.com/)"
54.36.60.91 - - [25/Feb/2026:22:09:56 +0100] "GET /products/igloo-mickey-mouse-cooler/15499792/ HTTP/1.1" 404 91446 "-" "Mozilla/5.0 (compatible; MJ12bot/v1.4.8; http://mj12bot.com/)"
54.36.60.91 - - [25/Feb/2026:22:09:57 +0100] "GET /products/igloo-retro-collection-cooler-duffel-24-can-nwt-90s-colors/12589090/ HTTP/1.1" 404 91446 "-" "Mozilla/5.0 (compatible; MJ12bot/v1.4.8; http://mj12bot.com/)"
54.36.60.91 - - [25/Feb/2026:22:09:59 +0100] "GET /products/igloo-wade-welded-cooler-13qt-13l-outdoor-backpack-cooler-br/15503638/ HTTP/1.1" 404 91446 "-" "Mozilla/5.0 (compatible; MJ12bot/v1.4.8; http://mj12bot.com/)"
54.36.60.91 - - [25/Feb/2026:22:10:01 +0100] "GET /products/ignite-cross-training-pull-up-assistor/10087914/ HTTP/1.1" 404 91446 "-" "Mozilla/5.0 (compatible; MJ12bot/v1.4.8; http://mj12bot.com/)"
54.36.60.91 - - [25/Feb/2026:22:10:02 +0100] "GET /products/ignite-weights-partaletts/19337769/ HTTP/1.1" 404 91446 "-" "Mozilla/5.0 (compatible; MJ12bot/v1.4.8; http://mj12bot.com/)"
66.249.72.5 - - [25/Feb/2026:22:10:03 +0100] "GET /cgi-sys/suspendedpage.cgi?l=6229022655903 HTTP/1.1" 200 7766 "-" "Mozilla/5.0 (Linux; Android 6.0.1; Nexus 5X Build/MMB29P) AppleWebKit/537.36 (KHTML, like Gecko) Chrome/144.0.7559.132 Mobile Safari/537.36 (compatible; Googlebot/2.1; +http://www.google.com/bot.html)"
54.36.60.91 - - [25/Feb/2026:22:10:04 +0100] "GET /products/ignition-20-4-way-stretch-mesh-back-mobile-stacking-chair-su/200656481/ HTTP/1.1" 404 91446 "-" "Mozilla/5.0 (compatible; MJ12bot/v1.4.8; http://mj12bot.com/)"
54.36.60.91 - - [25/Feb/2026:22:10:06 +0100] "GET /products/igris-chase-funko-pop-solo-leveling/15723765/ HTTP/1.1" 404 91446 "-" "Mozilla/5.0 (compatible; MJ12bot/v1.4.8; http://mj12bot.com/)"
54.36.60.91 - - [25/Feb/2026:22:10:08 +0100] "GET /products/igrow-laser-hair-growth-helmet/18221507/ HTTP/1.1" 404 91446 "-" "Mozilla/5.0 (compatible; MJ12bot/v1.4.8; http://mj12bot.com/)"
54.36.60.91 - - [25/Feb/2026:22:10:10 +0100] "GET /products/ihealth-no-touch-forehead-thermometer-infrared-digital-therm/5641238/ HTTP/1.1" 404 91446 "-" "Mozilla/5.0 (compatible; MJ12bot/v1.4.8; http://mj12bot.com/)"
54.36.60.91 - - [25/Feb/2026:22:10:11 +0100] "GET /products/ihery-cowgirls-go-coastal-framed-newspaper-canvas-wall-artna/200251246/ HTTP/1.1" 404 91446 "-" "Mozilla/5.0 (compatible; MJ12bot/v1.4.8; http://mj12bot.com/)"
66.249.72.6 - - [25/Feb/2026:22:10:12 +0100] "GET /cgi-sys/suspendedpage.cgi?l=20087151307701 HTTP/1.1" 200 7766 "-" "Mozilla/5.0 (Linux; Android 6.0.1; Nexus 5X Build/MMB29P) AppleWebKit/537.36 (KHTML, like Gecko) Chrome/144.0.7559.132 Mobile Safari/537.36 (compatible; Googlebot/2.1; +http://www.google.com/bot.html)"
54.36.60.91 - - [25/Feb/2026:22:10:13 +0100] "GET /products/ihome-alarm-clock-hdl39/12631769/ HTTP/1.1" 404 91446 "-" "Mozilla/5.0 (compatible; MJ12bot/v1.4.8; http://mj12bot.com/)"
66.249.72.5 - - [25/Feb/2026:22:10:15 +0100] "GET /cgi-sys/suspendedpage.cgi?l=309911996205 HTTP/1.1" 200 7766 "-" "Mozilla/5.0 (Linux; Android 6.0.1; Nexus 5X Build/MMB29P) AppleWebKit/537.36 (KHTML, like Gecko) Chrome/144.0.7559.132 Mobile Safari/537.36 (compatible; Googlebot/2.1; +http://www.google.com/bot.html)"
54.36.60.91 - - [25/Feb/2026:22:10:15 +0100] "GET /products/ihome-autovac-juno-robot-vacuum-with-mapping-technology-120/14387539/ HTTP/1.1" 404 91446 "-" "Mozilla/5.0 (compatible; MJ12bot/v1.4.8; http://mj12bot.com/)"
54.36.60.91 - - [25/Feb/2026:22:10:17 +0100] "GET /products/ihome-clock-radio/18616795/ HTTP/1.1" 404 91446 "-" "Mozilla/5.0 (compatible; MJ12bot/v1.4.8; http://mj12bot.com/)"
85.208.96.198 - - [25/Feb/2026:22:10:18 +0100] "GET /7986578858.htm HTTP/1.1" 404 87047 "-" "Mozilla/5.0 (compatible; SemrushBot/7~bl; +http://www.semrush.com/bot.html)"
66.249.72.5 - - [25/Feb/2026:22:10:18 +0100] "GET /cgi-sys/suspendedpage.cgi?l=9998586400 HTTP/1.1" 200 7766 "-" "Mozilla/5.0 (Linux; Android 6.0.1; Nexus 5X Build/MMB29P) AppleWebKit/537.36 (KHTML, like Gecko) Chrome/144.0.7559.132 Mobile Safari/537.36 (compatible; Googlebot/2.1; +http://www.google.com/bot.html)"
54.36.60.91 - - [25/Feb/2026:22:10:19 +0100] "GET /products/ihome-docking-clock-radio/12631635/ HTTP/1.1" 404 91446 "-" "Mozilla/5.0 (compatible; MJ12bot/v1.4.8; http://mj12bot.com/)"
54.36.60.91 - - [25/Feb/2026:22:10:21 +0100] "GET /products/ihome-ip90-ipod-docking-station-black/13183702/ HTTP/1.1" 404 91446 "-" "Mozilla/5.0 (compatible; MJ12bot/v1.4.8; http://mj12bot.com/)"
185.191.171.16 - - [25/Feb/2026:22:10:25 +0100] "GET /51205295920.htm HTTP/1.1" 404 87047 "-" "Mozilla/5.0 (compatible; SemrushBot/7~bl; +http://www.semrush.com/bot.html)"
66.249.72.5 - - [25/Feb/2026:22:10:27 +0100] "GET /cgi-sys/suspendedpage.cgi?l=33871234003401 HTTP/1.1" 200 7766 "-" "Mozilla/5.0 (Linux; Android 6.0.1; Nexus 5X Build/MMB29P) AppleWebKit/537.36 (KHTML, like Gecko) Chrome/144.0.7559.132 Mobile Safari/537.36 (compatible; Googlebot/2.1; +http://www.google.com/bot.html)"
66.249.72.5 - - [25/Feb/2026:22:10:30 +0100] "GET /cgi-sys/suspendedpage.cgi?l=72289268103100 HTTP/1.1" 200 7766 "-" "Mozilla/5.0 (Linux; Android 6.0.1; Nexus 5X Build/MMB29P) AppleWebKit/537.36 (KHTML, like Gecko) Chrome/144.0.7559.132 Mobile Safari/537.36 (compatible; Googlebot/2.1; +http://www.google.com/bot.html)"
66.249.72.5 - - [25/Feb/2026:22:10:34 +0100] "GET /cgi-sys/suspendedpage.cgi?l=90157236036402 HTTP/1.1" 200 7766 "-" "Mozilla/5.0 (Linux; Android 6.0.1; Nexus 5X Build/MMB29P) AppleWebKit/537.36 (KHTML, like Gecko) Chrome/144.0.7559.132 Mobile Safari/537.36 (compatible; Googlebot/2.1; +http://www.google.com/bot.html)"
207.46.13.31 - - [25/Feb/2026:22:10:41 +0100] "GET /?l=16998251478601 HTTP/2.0" 301 - "-" "Mozilla/5.0 AppleWebKit/537.36 (KHTML, like Gecko; compatible; bingbot/2.0; +http://www.bing.com/bingbot.htm) Chrome/116.0.1938.76 Safari/537.36"
66.249.72.5 - - [25/Feb/2026:22:10:43 +0100] "GET /cgi-sys/suspendedpage.cgi?l=1269565564101 HTTP/1.1" 200 7766 "-" "Mozilla/5.0 (Linux; Android 6.0.1; Nexus 5X Build/MMB29P) AppleWebKit/537.36 (KHTML, like Gecko) Chrome/144.0.7559.132 Mobile Safari/537.36 (compatible; Googlebot/2.1; +http://www.google.com/bot.html)"
66.249.72.5 - - [25/Feb/2026:22:10:43 +0100] "GET /robots.txt HTTP/1.1" 200 122 "-" "Mozilla/5.0 (compatible; Googlebot/2.1; +http://www.google.com/bot.html)"
185.191.171.17 - - [25/Feb/2026:22:10:46 +0100] "GET /11865147891.htm HTTP/1.1" 404 87047 "-" "Mozilla/5.0 (compatible; SemrushBot/7~bl; +http://www.semrush.com/bot.html)"
66.249.72.7 - - [25/Feb/2026:22:10:58 +0100] "GET /cgi-sys/suspendedpage.cgi?l=1281172247202 HTTP/1.1" 200 7766 "-" "Mozilla/5.0 (Linux; Android 6.0.1; Nexus 5X Build/MMB29P) AppleWebKit/537.36 (KHTML, like Gecko) Chrome/144.0.7559.132 Mobile Safari/537.36 (compatible; Googlebot/2.1; +http://www.google.com/bot.html)"
66.249.72.6 - - [25/Feb/2026:22:11:01 +0100] "GET /cgi-sys/suspendedpage.cgi?l=12337138085804 HTTP/1.1" 200 7766 "-" "Mozilla/5.0 (Linux; Android 6.0.1; Nexus 5X Build/MMB29P) AppleWebKit/537.36 (KHTML, like Gecko) Chrome/144.0.7559.132 Mobile Safari/537.36 (compatible; Googlebot/2.1; +http://www.google.com/bot.html)"
23.88.19.39 - - [25/Feb/2026:22:11:06 +0100] "POST /wp-cron.php?doing_wp_cron=1772053866.0236060619354248046875 HTTP/1.1" 404 87047 "-" "WordPress/6.9.1; https://alfouzantransport.com"
85.208.96.199 - - [25/Feb/2026:22:11:05 +0100] "GET /8023912027.htm HTTP/1.1" 404 87047 "-" "Mozilla/5.0 (compatible; SemrushBot/7~bl; +http://www.semrush.com/bot.html)"
185.191.171.4 - - [25/Feb/2026:22:11:08 +0100] "GET /2533022552.htm HTTP/1.1" 404 87047 "-" "Mozilla/5.0 (compatible; SemrushBot/7~bl; +http://www.semrush.com/bot.html)"
66.249.72.5 - - [25/Feb/2026:22:11:10 +0100] "GET /cgi-sys/suspendedpage.cgi?l=94351245721303 HTTP/1.1" 200 7766 "-" "Mozilla/5.0 (Linux; Android 6.0.1; Nexus 5X Build/MMB29P) AppleWebKit/537.36 (KHTML, like Gecko) Chrome/144.0.7559.132 Mobile Safari/537.36 (compatible; Googlebot/2.1; +http://www.google.com/bot.html)"
185.191.171.8 - - [25/Feb/2026:22:11:10 +0100] "GET /7933835799.htm HTTP/1.1" 404 87047 "-" "Mozilla/5.0 (compatible; SemrushBot/7~bl; +http://www.semrush.com/bot.html)"
66.249.72.5 - - [25/Feb/2026:22:11:13 +0100] "GET /cgi-sys/suspendedpage.cgi?l=06915177625503 HTTP/1.1" 200 7766 "-" "Mozilla/5.0 (Linux; Android 6.0.1; Nexus 5X Build/MMB29P) AppleWebKit/537.36 (KHTML, like Gecko) Chrome/144.0.7559.132 Mobile Safari/537.36 (compatible; Googlebot/2.1; +http://www.google.com/bot.html)"
66.249.72.5 - - [25/Feb/2026:22:11:22 +0100] "GET /cgi-sys/suspendedpage.cgi?l=58023108491401 HTTP/1.1" 200 7766 "-" "Mozilla/5.0 (Linux; Android 6.0.1; Nexus 5X Build/MMB29P) AppleWebKit/537.36 (KHTML, like Gecko) Chrome/144.0.7559.132 Mobile Safari/537.36 (compatible; Googlebot/2.1; +http://www.google.com/bot.html)"
85.208.96.208 - - [25/Feb/2026:22:11:24 +0100] "GET /51205301636.htm HTTP/1.1" 404 87047 "-" "Mozilla/5.0 (compatible; SemrushBot/7~bl; +http://www.semrush.com/bot.html)"
85.208.96.203 - - [25/Feb/2026:22:11:27 +0100] "GET /802394806.htm HTTP/1.1" 404 87047 "-" "Mozilla/5.0 (compatible; SemrushBot/7~bl; +http://www.semrush.com/bot.html)"
66.249.72.5 - - [25/Feb/2026:22:11:31 +0100] "GET /cgi-sys/suspendedpage.cgi?l=9791196000 HTTP/1.1" 200 7766 "-" "Mozilla/5.0 (Linux; Android 6.0.1; Nexus 5X Build/MMB29P) AppleWebKit/537.36 (KHTML, like Gecko) Chrome/144.0.7559.132 Mobile Safari/537.36 (compatible; Googlebot/2.1; +http://www.google.com/bot.html)"
85.208.96.199 - - [25/Feb/2026:22:11:34 +0100] "GET /5120536970.htm HTTP/1.1" 404 87047 "-" "Mozilla/5.0 (compatible; SemrushBot/7~bl; +http://www.semrush.com/bot.html)"
66.249.72.5 - - [25/Feb/2026:22:11:34 +0100] "GET /cgi-sys/suspendedpage.cgi?l=98010119172602 HTTP/1.1" 200 7766 "-" "Mozilla/5.0 (Linux; Android 6.0.1; Nexus 5X Build/MMB29P) AppleWebKit/537.36 (KHTML, like Gecko) Chrome/144.0.7559.132 Mobile Safari/537.36 (compatible; Googlebot/2.1; +http://www.google.com/bot.html)"
85.208.96.193 - - [25/Feb/2026:22:11:49 +0100] "GET /80239286117.htm HTTP/1.1" 404 87047 "-" "Mozilla/5.0 (compatible; SemrushBot/7~bl; +http://www.semrush.com/bot.html)"
66.249.72.5 - - [25/Feb/2026:22:11:49 +0100] "GET /cgi-sys/suspendedpage.cgi?l=57718145193206 HTTP/1.1" 200 7766 "-" "Mozilla/5.0 (Linux; Android 6.0.1; Nexus 5X Build/MMB29P) AppleWebKit/537.36 (KHTML, like Gecko) Chrome/144.0.7559.132 Mobile Safari/537.36 (compatible; Googlebot/2.1; +http://www.google.com/bot.html)"
66.249.72.5 - - [25/Feb/2026:22:11:49 +0100] "GET /robots.txt HTTP/1.1" 200 122 "-" "Mozilla/5.0 (compatible; Googlebot/2.1; +http://www.google.com/bot.html)"
66.249.72.5 - - [25/Feb/2026:22:11:56 +0100] "GET /cgi-sys/suspendedpage.cgi?l=20920208025801 HTTP/1.1" 200 7766 "-" "Mozilla/5.0 (Linux; Android 6.0.1; Nexus 5X Build/MMB29P) AppleWebKit/537.36 (KHTML, like Gecko) Chrome/144.0.7559.132 Mobile Safari/537.36 (compatible; Googlebot/2.1; +http://www.google.com/bot.html)"
66.249.72.5 - - [25/Feb/2026:22:11:59 +0100] "GET /cgi-sys/suspendedpage.cgi?l=73936186541708 HTTP/1.1" 200 7766 "-" "Mozilla/5.0 (Linux; Android 6.0.1; Nexus 5X Build/MMB29P) AppleWebKit/537.36 (KHTML, like Gecko) Chrome/144.0.7559.132 Mobile Safari/537.36 (compatible; Googlebot/2.1; +http://www.google.com/bot.html)"
185.191.171.16 - - [25/Feb/2026:22:12:01 +0100] "GET /51205266338.htm HTTP/1.1" 404 87047 "-" "Mozilla/5.0 (compatible; SemrushBot/7~bl; +http://www.semrush.com/bot.html)"
23.88.19.39 - - [25/Feb/2026:22:12:06 +0100] "POST /wp-cron.php?doing_wp_cron=1772053926.5201859474182128906250 HTTP/1.1" 404 87047 "-" "WordPress/6.9.1; https://alfouzantransport.com"
66.249.77.37 - - [25/Feb/2026:22:12:06 +0100] "GET /products/free-the-final-stroke-kyoani-shop-large-acrylic-stands/14607838/ HTTP/1.1" 301 - "-" "Mozilla/5.0 (Linux; Android 6.0.1; Nexus 5X Build/MMB29P) AppleWebKit/537.36 (KHTML, like Gecko) Chrome/144.0.7559.132 Mobile Safari/537.36 (compatible; Googlebot/2.1; +http://www.google.com/bot.html)"
23.88.19.39 - - [25/Feb/2026:22:12:06 +0100] "POST /wp-cron.php?doing_wp_cron=1772053926.6262528896331787109375 HTTP/1.1" 404 87047 "-" "WordPress/6.9.1; https://alfouzantransport.com"
66.249.77.37 - - [25/Feb/2026:22:12:06 +0100] "GET /robots.txt HTTP/1.1" 301 - "-" "Mozilla/5.0 (compatible; Googlebot/2.1; +http://www.google.com/bot.html)"
66.249.72.7 - - [25/Feb/2026:22:12:07 +0100] "GET /products/free-the-final-stroke-kyoani-shop-large-acrylic-stands/14607838/ HTTP/1.1" 404 91446 "-" "Mozilla/5.0 (Linux; Android 6.0.1; Nexus 5X Build/MMB29P) AppleWebKit/537.36 (KHTML, like Gecko) Chrome/144.0.7559.132 Mobile Safari/537.36 (compatible; Googlebot/2.1; +http://www.google.com/bot.html)"
185.191.171.6 - - [25/Feb/2026:22:12:11 +0100] "GET /robots.txt HTTP/1.1" 200 122 "-" "Mozilla/5.0 (compatible; SemrushBot/7~bl; +http://www.semrush.com/bot.html)"
85.208.96.201 - - [25/Feb/2026:22:12:12 +0100] "GET /79338288457.htm HTTP/1.1" 404 87047 "-" "Mozilla/5.0 (compatible; SemrushBot/7~bl; +http://www.semrush.com/bot.html)"
85.208.96.211 - - [25/Feb/2026:22:12:19 +0100] "GET /51205289994.htm HTTP/1.1" 404 87047 "-" "Mozilla/5.0 (compatible; SemrushBot/7~bl; +http://www.semrush.com/bot.html)"
66.249.72.6 - - [25/Feb/2026:22:12:20 +0100] "GET /cgi-sys/suspendedpage.cgi?l=1712080634400 HTTP/1.1" 200 7766 "-" "Mozilla/5.0 (Linux; Android 6.0.1; Nexus 5X Build/MMB29P) AppleWebKit/537.36 (KHTML, like Gecko) Chrome/144.0.7559.132 Mobile Safari/537.36 (compatible; Googlebot/2.1; +http://www.google.com/bot.html)"
85.208.96.200 - - [25/Feb/2026:22:12:23 +0100] "GET /79865147850.htm HTTP/1.1" 404 87047 "-" "Mozilla/5.0 (compatible; SemrushBot/7~bl; +http://www.semrush.com/bot.html)"
66.249.72.5 - - [25/Feb/2026:22:12:24 +0100] "GET /cgi-sys/suspendedpage.cgi?l=09086174914404 HTTP/1.1" 200 7766 "-" "Mozilla/5.0 (Linux; Android 6.0.1; Nexus 5X Build/MMB29P) AppleWebKit/537.36 (KHTML, like Gecko) Chrome/144.0.7559.132 Mobile Safari/537.36 (compatible; Googlebot/2.1; +http://www.google.com/bot.html)"
185.191.171.16 - - [25/Feb/2026:22:12:26 +0100] "GET /80239325665.htm HTTP/1.1" 404 87047 "-" "Mozilla/5.0 (compatible; SemrushBot/7~bl; +http://www.semrush.com/bot.html)"
85.208.96.199 - - [25/Feb/2026:22:12:31 +0100] "GET /51205191630.htm HTTP/1.1" 404 87047 "-" "Mozilla/5.0 (compatible; SemrushBot/7~bl; +http://www.semrush.com/bot.html)"
66.249.72.5 - - [25/Feb/2026:22:12:39 +0100] "GET /cgi-sys/suspendedpage.cgi?l=94090296233204 HTTP/1.1" 200 7766 "-" "Mozilla/5.0 (Linux; Android 6.0.1; Nexus 5X Build/MMB29P) AppleWebKit/537.36 (KHTML, like Gecko) Chrome/144.0.7559.132 Mobile Safari/537.36 (compatible; Googlebot/2.1; +http://www.google.com/bot.html)"
85.208.96.196 - - [25/Feb/2026:22:12:41 +0100] "GET /79865342758.htm HTTP/1.1" 404 87047 "-" "Mozilla/5.0 (compatible; SemrushBot/7~bl; +http://www.semrush.com/bot.html)"
66.249.72.7 - - [25/Feb/2026:22:13:08 +0100] "GET /cgi-sys/suspendedpage.cgi?l=71110117425704 HTTP/1.1" 200 7766 "-" "Mozilla/5.0 (Linux; Android 6.0.1; Nexus 5X Build/MMB29P) AppleWebKit/537.36 (KHTML, like Gecko) Chrome/144.0.7559.132 Mobile Safari/537.36 (compatible; Googlebot/2.1; +http://www.google.com/bot.html)"
23.88.19.39 - - [25/Feb/2026:22:13:09 +0100] "POST /wp-cron.php?doing_wp_cron=1772053989.0701880455017089843750 HTTP/1.1" 404 87047 "-" "WordPress/6.9.1; https://alfouzantransport.com"
66.249.72.7 - - [25/Feb/2026:22:13:08 +0100] "GET /robots.txt HTTP/1.1" 200 122 "-" "Mozilla/5.0 (compatible; Googlebot/2.1; +http://www.google.com/bot.html)"
207.46.13.31 - - [25/Feb/2026:22:13:11 +0100] "GET /?l=0612084774600 HTTP/2.0" 301 - "-" "Mozilla/5.0 AppleWebKit/537.36 (KHTML, like Gecko; compatible; bingbot/2.0; +http://www.bing.com/bingbot.htm) Chrome/116.0.1938.76 Safari/537.36"
66.249.72.6 - - [25/Feb/2026:22:13:12 +0100] "GET /cgi-sys/suspendedpage.cgi?l=78687269528600 HTTP/1.1" 200 7766 "-" "Mozilla/5.0 (Linux; Android 6.0.1; Nexus 5X Build/MMB29P) AppleWebKit/537.36 (KHTML, like Gecko) Chrome/144.0.7559.132 Mobile Safari/537.36 (compatible; Googlebot/2.1; +http://www.google.com/bot.html)"
40.77.167.17 - - [25/Feb/2026:22:13:15 +0100] "GET /?l=028858089202 HTTP/2.0" 301 - "-" "Mozilla/5.0 AppleWebKit/537.36 (KHTML, like Gecko; compatible; bingbot/2.0; +http://www.bing.com/bingbot.htm) Chrome/116.0.1938.76 Safari/537.36"
85.208.96.212 - - [25/Feb/2026:22:13:18 +0100] "GET /7986510619.htm HTTP/1.1" 404 87047 "-" "Mozilla/5.0 (compatible; SemrushBot/7~bl; +http://www.semrush.com/bot.html)"
185.191.171.19 - - [25/Feb/2026:22:13:25 +0100] "GET /79865291811.htm HTTP/1.1" 404 87047 "-" "Mozilla/5.0 (compatible; SemrushBot/7~bl; +http://www.semrush.com/bot.html)"
66.249.72.6 - - [25/Feb/2026:22:13:26 +0100] "GET /cgi-sys/suspendedpage.cgi?l=1835780926800 HTTP/1.1" 200 7766 "-" "Mozilla/5.0 (Linux; Android 6.0.1; Nexus 5X Build/MMB29P) AppleWebKit/537.36 (KHTML, like Gecko) Chrome/144.0.7559.132 Mobile Safari/537.36 (compatible; Googlebot/2.1; +http://www.google.com/bot.html)"
66.249.77.38 - - [25/Feb/2026:22:13:39 +0100] "GET /cgi-sys/suspendedpage.cgi?l=64361252775602 HTTP/1.1" 200 7766 "-" "Mozilla/5.0 (Linux; Android 6.0.1; Nexus 5X Build/MMB29P) AppleWebKit/537.36 (KHTML, like Gecko) Chrome/144.0.7559.132 Mobile Safari/537.36 (compatible; Googlebot/2.1; +http://www.google.com/bot.html)"
66.249.77.36 - - [25/Feb/2026:22:13:39 +0100] "GET /robots.txt HTTP/1.1" 301 - "-" "Mozilla/5.0 (compatible; Googlebot/2.1; +http://www.google.com/bot.html)"
66.249.72.5 - - [25/Feb/2026:22:13:42 +0100] "GET /cgi-sys/suspendedpage.cgi?l=39179247448304 HTTP/1.1" 200 7766 "-" "Mozilla/5.0 (Linux; Android 6.0.1; Nexus 5X Build/MMB29P) AppleWebKit/537.36 (KHTML, like Gecko) Chrome/144.0.7559.132 Mobile Safari/537.36 (compatible; Googlebot/2.1; +http://www.google.com/bot.html)"
207.46.13.116 - - [25/Feb/2026:22:13:42 +0100] "GET /?l=00844203352001 HTTP/2.0" 200 192282 "-" "Mozilla/5.0 AppleWebKit/537.36 (KHTML, like Gecko; compatible; bingbot/2.0; +http://www.bing.com/bingbot.htm) Chrome/116.0.1938.76 Safari/537.36"
66.249.77.36 - - [25/Feb/2026:22:13:45 +0100] "GET /cgi-sys/suspendedpage.cgi?l=12190180649702 HTTP/1.1" 200 7766 "-" "Mozilla/5.0 (Linux; Android 6.0.1; Nexus 5X Build/MMB29P) AppleWebKit/537.36 (KHTML, like Gecko) Chrome/144.0.7559.132 Mobile Safari/537.36 (compatible; Googlebot/2.1; +http://www.google.com/bot.html)"
85.208.96.209 - - [25/Feb/2026:22:13:45 +0100] "GET /7933849821.htm HTTP/1.1" 404 87047 "-" "Mozilla/5.0 (compatible; SemrushBot/7~bl; +http://www.semrush.com/bot.html)"
66.249.72.5 - - [25/Feb/2026:22:13:48 +0100] "GET /cgi-sys/suspendedpage.cgi?l=8710288872303 HTTP/1.1" 200 7766 "-" "Mozilla/5.0 (Linux; Android 6.0.1; Nexus 5X Build/MMB29P) AppleWebKit/537.36 (KHTML, like Gecko) Chrome/144.0.7559.132 Mobile Safari/537.36 (compatible; Googlebot/2.1; +http://www.google.com/bot.html)"
66.249.72.5 - - [25/Feb/2026:22:13:51 +0100] "GET /cgi-sys/suspendedpage.cgi?l=52652124739402 HTTP/1.1" 200 7766 "-" "Mozilla/5.0 (Linux; Android 6.0.1; Nexus 5X Build/MMB29P) AppleWebKit/537.36 (KHTML, like Gecko) Chrome/144.0.7559.132 Mobile Safari/537.36 (compatible; Googlebot/2.1; +http://www.google.com/bot.html)"
66.249.72.5 - - [25/Feb/2026:22:14:01 +0100] "GET /cgi-sys/suspendedpage.cgi?l=1010715039700 HTTP/1.1" 200 7766 "-" "Mozilla/5.0 (Linux; Android 6.0.1; Nexus 5X Build/MMB29P) AppleWebKit/537.36 (KHTML, like Gecko) Chrome/144.0.7559.132 Mobile Safari/537.36 (compatible; Googlebot/2.1; +http://www.google.com/bot.html)"
66.249.72.6 - - [25/Feb/2026:22:14:13 +0100] "GET /cgi-sys/suspendedpage.cgi?l=83882241337402 HTTP/1.1" 200 7766 "-" "Mozilla/5.0 (Linux; Android 6.0.1; Nexus 5X Build/MMB29P) AppleWebKit/537.36 (KHTML, like Gecko) Chrome/144.0.7559.132 Mobile Safari/537.36 (compatible; Googlebot/2.1; +http://www.google.com/bot.html)"
23.88.19.39 - - [25/Feb/2026:22:14:14 +0100] "POST /wp-cron.php?doing_wp_cron=1772054054.2404849529266357421875 HTTP/1.1" 404 87047 "-" "WordPress/6.9.1; https://alfouzantransport.com"
66.249.72.6 - - [25/Feb/2026:22:14:13 +0100] "GET /robots.txt HTTP/1.1" 200 122 "-" "Mozilla/5.0 (compatible; Googlebot/2.1; +http://www.google.com/bot.html)"
185.191.171.14 - - [25/Feb/2026:22:14:16 +0100] "GET /79865319155.htm HTTP/1.1" 404 87047 "-" "Mozilla/5.0 (compatible; SemrushBot/7~bl; +http://www.semrush.com/bot.html)"
66.249.72.5 - - [25/Feb/2026:22:14:23 +0100] "GET /cgi-sys/suspendedpage.cgi?l=07090230439002 HTTP/1.1" 200 7766 "-" "Mozilla/5.0 (Linux; Android 6.0.1; Nexus 5X Build/MMB29P) AppleWebKit/537.36 (KHTML, like Gecko) Chrome/144.0.7559.132 Mobile Safari/537.36 (compatible; Googlebot/2.1; +http://www.google.com/bot.html)"
66.249.77.38 - - [25/Feb/2026:22:14:26 +0100] "GET /cgi-sys/suspendedpage.cgi?l=10664133608801 HTTP/1.1" 200 7766 "-" "Mozilla/5.0 (Linux; Android 6.0.1; Nexus 5X Build/MMB29P) AppleWebKit/537.36 (KHTML, like Gecko) Chrome/144.0.7559.132 Mobile Safari/537.36 (compatible; Googlebot/2.1; +http://www.google.com/bot.html)"
66.249.72.5 - - [25/Feb/2026:22:14:29 +0100] "GET /cgi-sys/suspendedpage.cgi?l=98522295288206 HTTP/1.1" 200 7766 "-" "Mozilla/5.0 (Linux; Android 6.0.1; Nexus 5X Build/MMB29P) AppleWebKit/537.36 (KHTML, like Gecko) Chrome/144.0.7559.132 Mobile Safari/537.36 (compatible; Googlebot/2.1; +http://www.google.com/bot.html)"
66.249.72.5 - - [25/Feb/2026:22:14:33 +0100] "GET /cgi-sys/suspendedpage.cgi?l=80572229845304 HTTP/1.1" 200 7766 "-" "Mozilla/5.0 (Linux; Android 6.0.1; Nexus 5X Build/MMB29P) AppleWebKit/537.36 (KHTML, like Gecko) Chrome/144.0.7559.132 Mobile Safari/537.36 (compatible; Googlebot/2.1; +http://www.google.com/bot.html)"
207.46.13.31 - - [25/Feb/2026:22:14:42 +0100] "GET /?l=81847258812402 HTTP/2.0" 301 - "-" "Mozilla/5.0 AppleWebKit/537.36 (KHTML, like Gecko; compatible; bingbot/2.0; +http://www.bing.com/bingbot.htm) Chrome/116.0.1938.76 Safari/537.36"
52.167.144.197 - - [25/Feb/2026:22:14:42 +0100] "GET /?l=87390150679804 HTTP/2.0" 200 192282 "-" "Mozilla/5.0 AppleWebKit/537.36 (KHTML, like Gecko; compatible; bingbot/2.0; +http://www.bing.com/bingbot.htm) Chrome/116.0.1938.76 Safari/537.36"
85.208.96.203 - - [25/Feb/2026:22:14:43 +0100] "GET /51205191505.htm HTTP/1.1" 404 87047 "-" "Mozilla/5.0 (compatible; SemrushBot/7~bl; +http://www.semrush.com/bot.html)"
66.249.72.5 - - [25/Feb/2026:22:14:46 +0100] "GET /cgi-sys/suspendedpage.cgi?l=19278172308902 HTTP/1.1" 200 7766 "-" "Mozilla/5.0 (Linux; Android 6.0.1; Nexus 5X Build/MMB29P) AppleWebKit/537.36 (KHTML, like Gecko) Chrome/144.0.7559.132 Mobile Safari/537.36 (compatible; Googlebot/2.1; +http://www.google.com/bot.html)"
185.191.171.14 - - [25/Feb/2026:22:14:46 +0100] "GET /51205205255.htm HTTP/1.1" 404 87047 "-" "Mozilla/5.0 (compatible; SemrushBot/7~bl; +http://www.semrush.com/bot.html)"
185.191.171.4 - - [25/Feb/2026:22:14:54 +0100] "GET /80239179751.htm HTTP/1.1" 404 87047 "-" "Mozilla/5.0 (compatible; SemrushBot/7~bl; +http://www.semrush.com/bot.html)"
66.249.72.6 - - [25/Feb/2026:22:15:01 +0100] "GET /cgi-sys/suspendedpage.cgi?l=41724288097808 HTTP/1.1" 200 7766 "-" "Mozilla/5.0 (Linux; Android 6.0.1; Nexus 5X Build/MMB29P) AppleWebKit/537.36 (KHTML, like Gecko) Chrome/144.0.7559.132 Mobile Safari/537.36 (compatible; Googlebot/2.1; +http://www.google.com/bot.html)"
85.208.96.201 - - [25/Feb/2026:22:15:07 +0100] "GET /7986546574.htm HTTP/1.1" 404 87047 "-" "Mozilla/5.0 (compatible; SemrushBot/7~bl; +http://www.semrush.com/bot.html)"
66.249.72.6 - - [25/Feb/2026:22:15:08 +0100] "GET /cgi-sys/suspendedpage.cgi?l=7102496987301 HTTP/1.1" 200 7766 "-" "Mozilla/5.0 (Linux; Android 6.0.1; Nexus 5X Build/MMB29P) AppleWebKit/537.36 (KHTML, like Gecko) Chrome/144.0.7559.132 Mobile Safari/537.36 (compatible; Googlebot/2.1; +http://www.google.com/bot.html)"
185.191.171.4 - - [25/Feb/2026:22:15:11 +0100] "GET /51205232293.htm HTTP/1.1" 404 87047 "-" "Mozilla/5.0 (compatible; SemrushBot/7~bl; +http://www.semrush.com/bot.html)"
66.249.72.5 - - [25/Feb/2026:22:15:17 +0100] "GET /cgi-sys/suspendedpage.cgi?l=84009282352802 HTTP/1.1" 200 7766 "-" "Mozilla/5.0 (Linux; Android 6.0.1; Nexus 5X Build/MMB29P) AppleWebKit/537.36 (KHTML, like Gecko) Chrome/144.0.7559.132 Mobile Safari/537.36 (compatible; Googlebot/2.1; +http://www.google.com/bot.html)"
23.88.19.39 - - [25/Feb/2026:22:15:18 +0100] "POST /wp-cron.php?doing_wp_cron=1772054117.9908449649810791015625 HTTP/1.1" 404 87047 "-" "WordPress/6.9.1; https://alfouzantransport.com"
66.249.72.5 - - [25/Feb/2026:22:15:17 +0100] "GET /robots.txt HTTP/1.1" 200 122 "-" "Mozilla/5.0 (compatible; Googlebot/2.1; +http://www.google.com/bot.html)"
66.249.72.5 - - [25/Feb/2026:22:15:20 +0100] "GET /cgi-sys/suspendedpage.cgi?l=70008197266416 HTTP/1.1" 200 7766 "-" "Mozilla/5.0 (Linux; Android 6.0.1; Nexus 5X Build/MMB29P) AppleWebKit/537.36 (KHTML, like Gecko) Chrome/144.0.7559.132 Mobile Safari/537.36 (compatible; Googlebot/2.1; +http://www.google.com/bot.html)"
52.167.144.212 - - [25/Feb/2026:22:15:22 +0100] "GET /?l=24439118413401 HTTP/2.0" 301 - "-" "Mozilla/5.0 AppleWebKit/537.36 (KHTML, like Gecko; compatible; bingbot/2.0; +http://www.bing.com/bingbot.htm) Chrome/116.0.1938.76 Safari/537.36"
185.191.171.5 - - [25/Feb/2026:22:15:24 +0100] "GET /5120531869.htm HTTP/1.1" 404 87047 "-" "Mozilla/5.0 (compatible; SemrushBot/7~bl; +http://www.semrush.com/bot.html)"
66.249.72.5 - - [25/Feb/2026:22:15:25 +0100] "GET /cgi-sys/suspendedpage.cgi?l=60790228478801 HTTP/1.1" 200 7766 "-" "Mozilla/5.0 (Linux; Android 6.0.1; Nexus 5X Build/MMB29P) AppleWebKit/537.36 (KHTML, like Gecko) Chrome/144.0.7559.132 Mobile Safari/537.36 (compatible; Googlebot/2.1; +http://www.google.com/bot.html)"
85.208.96.203 - - [25/Feb/2026:22:15:35 +0100] "GET /7986510345.htm HTTP/1.1" 404 87047 "-" "Mozilla/5.0 (compatible; SemrushBot/7~bl; +http://www.semrush.com/bot.html)"
185.191.171.12 - - [25/Feb/2026:22:15:44 +0100] "GET /889003754.htm HTTP/1.1" 404 87047 "-" "Mozilla/5.0 (compatible; SemrushBot/7~bl; +http://www.semrush.com/bot.html)"
66.249.77.38 - - [25/Feb/2026:22:15:44 +0100] "GET /?l=69221251532002 HTTP/1.1" 301 - "-" "Mozilla/5.0 (Linux; Android 6.0.1; Nexus 5X Build/MMB29P) AppleWebKit/537.36 (KHTML, like Gecko) Chrome/144.0.7559.132 Mobile Safari/537.36 (compatible; Googlebot/2.1; +http://www.google.com/bot.html)"
66.249.77.38 - - [25/Feb/2026:22:15:44 +0100] "GET /robots.txt HTTP/1.1" 301 - "-" "Mozilla/5.0 (compatible; Googlebot/2.1; +http://www.google.com/bot.html)"
66.249.72.5 - - [25/Feb/2026:22:15:45 +0100] "GET /?l=69221251532002 HTTP/1.1" 200 192282 "-" "Mozilla/5.0 (Linux; Android 6.0.1; Nexus 5X Build/MMB29P) AppleWebKit/537.36 (KHTML, like Gecko) Chrome/144.0.7559.132 Mobile Safari/537.36 (compatible; Googlebot/2.1; +http://www.google.com/bot.html)"
66.249.77.37 - - [25/Feb/2026:22:15:51 +0100] "GET /?l=099317336100 HTTP/1.1" 301 - "-" "Mozilla/5.0 (Linux; Android 6.0.1; Nexus 5X Build/MMB29P) AppleWebKit/537.36 (KHTML, like Gecko) Chrome/144.0.7559.132 Mobile Safari/537.36 (compatible; Googlebot/2.1; +http://www.google.com/bot.html)"
66.249.72.5 - - [25/Feb/2026:22:15:52 +0100] "GET /?l=099317336100 HTTP/1.1" 200 192282 "-" "Mozilla/5.0 (Linux; Android 6.0.1; Nexus 5X Build/MMB29P) AppleWebKit/537.36 (KHTML, like Gecko) Chrome/144.0.7559.132 Mobile Safari/537.36 (compatible; Googlebot/2.1; +http://www.google.com/bot.html)"
185.191.171.5 - - [25/Feb/2026:22:15:53 +0100] "GET /7933871289.htm HTTP/1.1" 404 87047 "-" "Mozilla/5.0 (compatible; SemrushBot/7~bl; +http://www.semrush.com/bot.html)"
66.249.77.36 - - [25/Feb/2026:22:15:57 +0100] "GET /?l=0469145401606 HTTP/1.1" 301 - "-" "Mozilla/5.0 (Linux; Android 6.0.1; Nexus 5X Build/MMB29P) AppleWebKit/537.36 (KHTML, like Gecko) Chrome/144.0.7559.132 Mobile Safari/537.36 (compatible; Googlebot/2.1; +http://www.google.com/bot.html)"
185.191.171.11 - - [25/Feb/2026:22:15:58 +0100] "GET /80239251562.htm HTTP/1.1" 404 87047 "-" "Mozilla/5.0 (compatible; SemrushBot/7~bl; +http://www.semrush.com/bot.html)"
