75.119.155.172 - - [25/Feb/2026:20:00:57 +0100] "GET /products/i-see-stars-band-shirt/7642492/ HTTP/1.1" 404 91446 "-" "Mozilla/5.0 (compatible; MJ12bot/v1.4.8; http://mj12bot.com/)"
75.119.155.172 - - [25/Feb/2026:20:01:00 +0100] "GET /products/i-sobot-remote-controlled-robot/459141/ HTTP/1.1" 404 91446 "-" "Mozilla/5.0 (compatible; MJ12bot/v1.4.8; http://mj12bot.com/)"
75.119.155.172 - - [25/Feb/2026:20:01:02 +0100] "GET /products/i-sound-huge-blue-tooth-speaker-on-wheels/19874415/ HTTP/1.1" 404 91446 "-" "Mozilla/5.0 (compatible; MJ12bot/v1.4.8; http://mj12bot.com/)"
75.119.155.172 - - [25/Feb/2026:20:01:04 +0100] "GET /products/i-spiewak-sons-jacket/2775593/ HTTP/1.1" 404 91446 "-" "Mozilla/5.0 (compatible; MJ12bot/v1.4.8; http://mj12bot.com/)"
75.119.155.172 - - [25/Feb/2026:20:01:06 +0100] "GET /products/i-spy-5-led-outdoor-flush-mount-3500k-black-finish/202599516/ HTTP/1.1" 404 91446 "-" "Mozilla/5.0 (compatible; MJ12bot/v1.4.8; http://mj12bot.com/)"
75.119.155.172 - - [25/Feb/2026:20:01:07 +0100] "GET /products/i-spy-season-3-bill-cosby-robert-culp-1967-68-tv-show-5-disc/11787415/ HTTP/1.1" 404 91446 "-" "Mozilla/5.0 (compatible; MJ12bot/v1.4.8; http://mj12bot.com/)"
75.119.155.172 - - [25/Feb/2026:20:01:09 +0100] "GET /products/i-style-sportswear-pole-set-purple-high-waist-crop-top-bra-m/950751/ HTTP/1.1" 404 91446 "-" "Mozilla/5.0 (compatible; MJ12bot/v1.4.8; http://mj12bot.com/)"
85.208.96.198 - - [25/Feb/2026:20:01:10 +0100] "GET /7986553003.htm HTTP/1.1" 404 87047 "-" "Mozilla/5.0 (compatible; SemrushBot/7~bl; +http://www.semrush.com/bot.html)"
75.119.155.172 - - [25/Feb/2026:20:01:11 +0100] "GET /products/i-survived-book-lot-of-22-by-lauren-tarshis-chapter-books-ne/21751837/ HTTP/1.1" 404 91446 "-" "Mozilla/5.0 (compatible; MJ12bot/v1.4.8; http://mj12bot.com/)"
75.119.155.172 - - [25/Feb/2026:20:01:13 +0100] "GET /products/i-swear-by-gary-bakerfrank-myers-recorded-by-all-4-one-atlan/6240866/ HTTP/1.1" 404 91446 "-" "Mozilla/5.0 (compatible; MJ12bot/v1.4.8; http://mj12bot.com/)"
75.119.155.172 - - [25/Feb/2026:20:01:15 +0100] "GET /products/i-v-pole-stand-2-hook/203334406/ HTTP/1.1" 404 91446 "-" "Mozilla/5.0 (compatible; MJ12bot/v1.4.8; http://mj12bot.com/)"
75.119.155.172 - - [25/Feb/2026:20:01:16 +0100] "GET /products/i-want-to-be-fire-engine-truck-costume-dress-up-pretend-play/1383899/ HTTP/1.1" 404 91446 "-" "Mozilla/5.0 (compatible; MJ12bot/v1.4.8; http://mj12bot.com/)"
185.191.171.15 - - [25/Feb/2026:20:01:18 +0100] "GET /51205164412.htm HTTP/1.1" 404 87047 "-" "Mozilla/5.0 (compatible; SemrushBot/7~bl; +http://www.semrush.com/bot.html)"
75.119.155.172 - - [25/Feb/2026:20:01:18 +0100] "GET /products/i-want-to-die-in-new-orleans/1168851/ HTTP/1.1" 404 91446 "-" "Mozilla/5.0 (compatible; MJ12bot/v1.4.8; http://mj12bot.com/)"
75.119.155.172 - - [25/Feb/2026:20:01:20 +0100] "GET /products/i-want-to-sell-gatorade-gx-30-oz-bottle-is-new-not-used-yet/17173427/ HTTP/1.1" 404 91446 "-" "Mozilla/5.0 (compatible; MJ12bot/v1.4.8; http://mj12bot.com/)"
75.119.155.172 - - [25/Feb/2026:20:01:22 +0100] "GET /products/i-want-you-to-make-me-beautiful-josei-complete-manga/9827364/ HTTP/1.1" 404 91446 "-" "Mozilla/5.0 (compatible; MJ12bot/v1.4.8; http://mj12bot.com/)"
75.119.155.172 - - [25/Feb/2026:20:01:24 +0100] "GET /products/i-wish-i-knew-sheet-music-1945-diamon-horseshoe-mack-gordon/6240802/ HTTP/1.1" 404 91446 "-" "Mozilla/5.0 (compatible; MJ12bot/v1.4.8; http://mj12bot.com/)"
185.191.171.4 - - [25/Feb/2026:20:01:25 +0100] "GET /51205136547.htm HTTP/1.1" 404 87047 "-" "Mozilla/5.0 (compatible; SemrushBot/7~bl; +http://www.semrush.com/bot.html)"
75.119.155.172 - - [25/Feb/2026:20:01:26 +0100] "GET /products/i2systems-apeiron-screw-mount-red-cool-white-blue-brushed-ni/202969205/ HTTP/1.1" 404 91446 "-" "Mozilla/5.0 (compatible; MJ12bot/v1.4.8; http://mj12bot.com/)"
185.191.171.11 - - [25/Feb/2026:20:01:27 +0100] "GET /7986559180.htm HTTP/1.1" 404 87047 "-" "Mozilla/5.0 (compatible; SemrushBot/7~bl; +http://www.semrush.com/bot.html)"
75.119.155.172 - - [25/Feb/2026:20:01:28 +0100] "GET /products/i5-12400-dark-angel-fast-gaming-pc-rtx-3050-16gb-ram-ssd-15t/22700412/ HTTP/1.1" 404 91446 "-" "Mozilla/5.0 (compatible; MJ12bot/v1.4.8; http://mj12bot.com/)"
52.167.144.216 - - [25/Feb/2026:20:01:29 +0100] "GET /?l=42047286934403 HTTP/2.0" 200 192282 "-" "Mozilla/5.0 AppleWebKit/537.36 (KHTML, like Gecko; compatible; bingbot/2.0; +http://www.bing.com/bingbot.htm) Chrome/116.0.1938.76 Safari/537.36"
185.191.171.9 - - [25/Feb/2026:20:01:30 +0100] "GET /51205278610.htm HTTP/1.1" 404 87047 "-" "Mozilla/5.0 (compatible; SemrushBot/7~bl; +http://www.semrush.com/bot.html)"
75.119.155.172 - - [25/Feb/2026:20:01:30 +0100] "GET /products/i5-8th-generation-2-in-1-touchscreen-plc-programmable-logic/22725976/ HTTP/1.1" 404 91446 "-" "Mozilla/5.0 (compatible; MJ12bot/v1.4.8; http://mj12bot.com/)"
75.119.155.172 - - [25/Feb/2026:20:01:32 +0100] "GET /products/i7-3770-24gb-of-ram-and-intel-stock-cooler/299370/ HTTP/1.1" 404 91446 "-" "Mozilla/5.0 (compatible; MJ12bot/v1.4.8; http://mj12bot.com/)"
75.119.155.172 - - [25/Feb/2026:20:01:34 +0100] "GET /products/i7-4790-cpu-msi-z97-pc-mate-bundle/6989699/ HTTP/1.1" 404 91446 "-" "Mozilla/5.0 (compatible; MJ12bot/v1.4.8; http://mj12bot.com/)"
75.119.155.172 - - [25/Feb/2026:20:01:36 +0100] "GET /products/i7-9700t-intel-processor-cpu-lot-of-2/22290288/ HTTP/1.1" 404 91446 "-" "Mozilla/5.0 (compatible; MJ12bot/v1.4.8; http://mj12bot.com/)"
75.119.155.172 - - [25/Feb/2026:20:01:38 +0100] "GET /products/iadapt-20-h13-hepa-filter-air-purifier-reduces-99-of-viruses-mold-dust-smoke-pollen-odors-quietest-on-the-market-wifi-compatible-1325-sq-ft-of-clean-air/201014962/ HTTP/1.1" 404 91446 "-" "Mozilla/5.0 (compatible; MJ12bot/v1.4.8; http://mj12bot.com/)"
75.119.155.172 - - [25/Feb/2026:20:01:40 +0100] "GET /products/iadapt-20-h13-hepa-filter-air-purifier-reduces-99-of-viruses-mold-dust-smoke-pollen-odors-quietest-on-the-market-wifi-compatible-2650-sq-ft-of-clean-air/201014951/ HTTP/1.1" 404 91446 "-" "Mozilla/5.0 (compatible; MJ12bot/v1.4.8; http://mj12bot.com/)"
75.119.155.172 - - [25/Feb/2026:20:01:42 +0100] "GET /products/iadapt-20-h13-hepa-filter-air-purifier-reduces-99-of-viruses-mold-dust-smoke-pollen-odors-quietest-on-the-market-wifi-compatible-2650-sq-ft-of-clean-air/201014968/ HTTP/1.1" 404 91446 "-" "Mozilla/5.0 (compatible; MJ12bot/v1.4.8; http://mj12bot.com/)"
23.88.19.39 - - [25/Feb/2026:20:01:44 +0100] "POST /wp-cron.php?doing_wp_cron=1772046104.2160398960113525390625 HTTP/1.1" 404 87047 "-" "WordPress/6.9.1; https://alfouzantransport.com"
75.119.155.172 - - [25/Feb/2026:20:01:43 +0100] "GET /products/iadapt-20-h13-hepa-filter-air-purifier-reduces-99-of-viruses-mold-dust-smoke-pollen-odors-quietest-on-the-market-wifi-compatible-3975-sq-ft-of-clean-air/201014950/ HTTP/1.1" 404 91446 "-" "Mozilla/5.0 (compatible; MJ12bot/v1.4.8; http://mj12bot.com/)"
75.119.155.172 - - [25/Feb/2026:20:01:46 +0100] "GET /products/iadapt-20-h13-hepa-filter-air-purifier-reduces-99-of-viruses-mold-dust-smoke-pollen-odors-quietest-on-the-market-wifi-compatible-3975-sq-ft-of-clean-air/201014964/ HTTP/1.1" 404 91446 "-" "Mozilla/5.0 (compatible; MJ12bot/v1.4.8; http://mj12bot.com/)"
75.119.155.172 - - [25/Feb/2026:20:01:48 +0100] "GET /products/iadapt-20-h13-hepa-filter-air-purifier-reduces-up-to-99-of-viruses-mold-dust-smoke-pollen-odors-whisper-quiet-operation-wifi-compatible-5474-sq-ft-of-clean-air/201014967/ HTTP/1.1" 404 91446 "-" "Mozilla/5.0 (compatible; MJ12bot/v1.4.8; http://mj12bot.com/)"
75.119.155.172 - - [25/Feb/2026:20:01:50 +0100] "GET /products/iaeger-west-virginia-its-where-my-story-began-t-shirt-mens-s/6687948/ HTTP/1.1" 404 91446 "-" "Mozilla/5.0 (compatible; MJ12bot/v1.4.8; http://mj12bot.com/)"
75.119.155.172 - - [25/Feb/2026:20:01:53 +0100] "GET /products/ialozon-blu-dentifricio-100-ml/202046415/ HTTP/1.1" 404 91446 "-" "Mozilla/5.0 (compatible; MJ12bot/v1.4.8; http://mj12bot.com/)"
85.208.96.211 - - [25/Feb/2026:20:01:54 +0100] "GET /11865154997.htm HTTP/1.1" 404 87047 "-" "Mozilla/5.0 (compatible; SemrushBot/7~bl; +http://www.semrush.com/bot.html)"
75.119.155.172 - - [25/Feb/2026:20:01:55 +0100] "GET /products/iamgia-amina-set-tan-burnout/20161728/ HTTP/1.1" 404 91446 "-" "Mozilla/5.0 (compatible; MJ12bot/v1.4.8; http://mj12bot.com/)"
85.208.96.196 - - [25/Feb/2026:20:01:56 +0100] "GET /51205268479.htm HTTP/1.1" 404 87047 "-" "Mozilla/5.0 (compatible; SemrushBot/7~bl; +http://www.semrush.com/bot.html)"
75.119.155.172 - - [25/Feb/2026:20:01:57 +0100] "GET /products/iamgia-butterfly-bow-cut-out-mesh-festival-pants-xs-gingham/2002573/ HTTP/1.1" 404 91446 "-" "Mozilla/5.0 (compatible; MJ12bot/v1.4.8; http://mj12bot.com/)"
185.191.171.18 - - [25/Feb/2026:20:01:58 +0100] "GET /80239323210.htm HTTP/1.1" 404 87047 "-" "Mozilla/5.0 (compatible; SemrushBot/7~bl; +http://www.semrush.com/bot.html)"
75.119.155.172 - - [25/Feb/2026:20:01:59 +0100] "GET /products/iamgia-cosima-tie-dye-crew-neck-sweatshirt-size-small/1833946/ HTTP/1.1" 404 91446 "-" "Mozilla/5.0 (compatible; MJ12bot/v1.4.8; http://mj12bot.com/)"
75.119.155.172 - - [25/Feb/2026:20:02:01 +0100] "GET /products/iamgia-halo-wrap-ruched-blue-pants-leggings-trousers/5031913/ HTTP/1.1" 404 91446 "-" "Mozilla/5.0 (compatible; MJ12bot/v1.4.8; http://mj12bot.com/)"
75.119.155.172 - - [25/Feb/2026:20:02:03 +0100] "GET /products/iamgia-m-pixie-pile-teddy-fleece-coat-120-retail/5344126/ HTTP/1.1" 404 91446 "-" "Mozilla/5.0 (compatible; MJ12bot/v1.4.8; http://mj12bot.com/)"
185.191.171.14 - - [25/Feb/2026:20:02:03 +0100] "GET /5120532662.htm HTTP/1.1" 404 87047 "-" "Mozilla/5.0 (compatible; SemrushBot/7~bl; +http://www.semrush.com/bot.html)"
75.119.155.172 - - [25/Feb/2026:20:02:04 +0100] "GET /products/iamgia-siren-skirt/2526715/ HTTP/1.1" 404 91446 "-" "Mozilla/5.0 (compatible; MJ12bot/v1.4.8; http://mj12bot.com/)"
75.119.155.172 - - [25/Feb/2026:20:02:06 +0100] "GET /products/iampanda-spiral-journal-notebookstrong-twin-wire-binding-wit/202682954/ HTTP/1.1" 404 91446 "-" "Mozilla/5.0 (compatible; MJ12bot/v1.4.8; http://mj12bot.com/)"
75.119.155.172 - - [25/Feb/2026:20:02:08 +0100] "GET /products/iams-cat-food-bundle/9606906/ HTTP/1.1" 404 91446 "-" "Mozilla/5.0 (compatible; MJ12bot/v1.4.8; http://mj12bot.com/)"
75.119.155.172 - - [25/Feb/2026:20:02:10 +0100] "GET /products/iams-healthy-kitten-35-lb-4-pack/202808849/ HTTP/1.1" 404 91446 "-" "Mozilla/5.0 (compatible; MJ12bot/v1.4.8; http://mj12bot.com/)"
75.119.155.172 - - [25/Feb/2026:20:02:12 +0100] "GET /products/iams-proactive-health-healthy-adult-with-salmon-tuna-35-lb-4-pack/202808845/ HTTP/1.1" 404 91446 "-" "Mozilla/5.0 (compatible; MJ12bot/v1.4.8; http://mj12bot.com/)"
75.119.155.172 - - [25/Feb/2026:20:02:14 +0100] "GET /products/iams-smart-puppy-dry-dog-food-real-chicken-7lb/203585913/ HTTP/1.1" 404 91446 "-" "Mozilla/5.0 (compatible; MJ12bot/v1.4.8; http://mj12bot.com/)"
75.119.155.172 - - [25/Feb/2026:20:02:18 +0100] "GET /products/ian-dury-the-blockheads-laughter/203164943/ HTTP/1.1" 404 91446 "-" "Mozilla/5.0 (compatible; MJ12bot/v1.4.8; http://mj12bot.com/)"
185.191.171.19 - - [25/Feb/2026:20:02:18 +0100] "GET /79338258639.htm HTTP/1.1" 404 87047 "-" "Mozilla/5.0 (compatible; SemrushBot/7~bl; +http://www.semrush.com/bot.html)"
75.119.155.172 - - [25/Feb/2026:20:02:20 +0100] "GET /products/ian-happ-chicago-c-script/201223402/ HTTP/1.1" 404 91446 "-" "Mozilla/5.0 (compatible; MJ12bot/v1.4.8; http://mj12bot.com/)"
75.119.155.172 - - [25/Feb/2026:20:02:22 +0100] "GET /products/ians-panko-breadcrumbs-gluten-free-case-of-8-7-ounce/202504732/ HTTP/1.1" 404 91446 "-" "Mozilla/5.0 (compatible; MJ12bot/v1.4.8; http://mj12bot.com/)"
75.119.155.172 - - [25/Feb/2026:20:02:26 +0100] "GET /products/iarthand-3-pcs-patio-chaise-lounge-with-coffee-table-cushion/201856330/ HTTP/1.1" 404 91446 "-" "Mozilla/5.0 (compatible; MJ12bot/v1.4.8; http://mj12bot.com/)"
75.119.155.172 - - [25/Feb/2026:20:02:28 +0100] "GET /products/iatan-stainless-steel-watch/16325191/ HTTP/1.1" 404 91446 "-" "Mozilla/5.0 (compatible; MJ12bot/v1.4.8; http://mj12bot.com/)"
75.119.155.172 - - [25/Feb/2026:20:02:29 +0100] "GET /products/ibagbar-canvas-laptop-versatile-bag-carry-on-black-waterproo/345662/ HTTP/1.1" 404 91446 "-" "Mozilla/5.0 (compatible; MJ12bot/v1.4.8; http://mj12bot.com/)"
75.119.155.172 - - [25/Feb/2026:20:02:32 +0100] "GET /products/ibanez-6-string-bass-guitar/22565651/ HTTP/1.1" 404 91446 "-" "Mozilla/5.0 (compatible; MJ12bot/v1.4.8; http://mj12bot.com/)"
75.119.155.172 - - [25/Feb/2026:20:02:34 +0100] "GET /products/ibanez-bp10-bass-compressor-1980s-japan/12522904/ HTTP/1.1" 404 91446 "-" "Mozilla/5.0 (compatible; MJ12bot/v1.4.8; http://mj12bot.com/)"
75.119.155.172 - - [25/Feb/2026:20:02:36 +0100] "GET /products/ibanez-electric-bass-message-before-buy/6232107/ HTTP/1.1" 404 91446 "-" "Mozilla/5.0 (compatible; MJ12bot/v1.4.8; http://mj12bot.com/)"
66.249.72.5 - - [25/Feb/2026:20:02:36 +0100] "GET /robots.txt HTTP/1.1" 200 122 "-" "Mozilla/5.0 (compatible; Googlebot/2.1; +http://www.google.com/bot.html)"
66.249.72.5 - - [25/Feb/2026:20:02:36 +0100] "GET /?l=91593190463400 HTTP/1.1" 200 192282 "-" "Mozilla/5.0 (Linux; Android 6.0.1; Nexus 5X Build/MMB29P) AppleWebKit/537.36 (KHTML, like Gecko) Chrome/144.0.7559.132 Mobile Safari/537.36 (compatible; Googlebot/2.1; +http://www.google.com/bot.html)"
75.119.155.172 - - [25/Feb/2026:20:02:38 +0100] "GET /products/ibanez-guitar-amplifier/6233912/ HTTP/1.1" 404 91446 "-" "Mozilla/5.0 (compatible; MJ12bot/v1.4.8; http://mj12bot.com/)"
75.119.155.172 - - [25/Feb/2026:20:02:40 +0100] "GET /products/ibanez-guitar/16287562/ HTTP/1.1" 404 91446 "-" "Mozilla/5.0 (compatible; MJ12bot/v1.4.8; http://mj12bot.com/)"
75.119.155.172 - - [25/Feb/2026:20:02:43 +0100] "GET /products/ibanez-soundgear-four-stringed-bass-black-case-included/17308369/ HTTP/1.1" 404 91446 "-" "Mozilla/5.0 (compatible; MJ12bot/v1.4.8; http://mj12bot.com/)"
23.88.19.39 - - [25/Feb/2026:20:02:45 +0100] "POST /wp-cron.php?doing_wp_cron=1772046165.3871130943298339843750 HTTP/1.1" 404 87047 "-" "WordPress/6.9.1; https://alfouzantransport.com"
75.119.155.172 - - [25/Feb/2026:20:02:45 +0100] "GET /products/ibanez-super-stereo-chorus-sc-10-it-makes-a-difference/13788189/ HTTP/1.1" 404 91446 "-" "Mozilla/5.0 (compatible; MJ12bot/v1.4.8; http://mj12bot.com/)"
85.208.96.195 - - [25/Feb/2026:20:02:45 +0100] "GET /51205215019.htm HTTP/1.1" 404 87047 "-" "Mozilla/5.0 (compatible; SemrushBot/7~bl; +http://www.semrush.com/bot.html)"
75.119.155.172 - - [25/Feb/2026:20:02:47 +0100] "GET /products/ibanez-tremolo-arm-uta20/200695583/ HTTP/1.1" 404 91446 "-" "Mozilla/5.0 (compatible; MJ12bot/v1.4.8; http://mj12bot.com/)"
75.119.155.172 - - [25/Feb/2026:20:02:49 +0100] "GET /products/ibanez-v70ce-acousticelectric-guitar/1287046/ HTTP/1.1" 404 91446 "-" "Mozilla/5.0 (compatible; MJ12bot/v1.4.8; http://mj12bot.com/)"
75.119.155.172 - - [25/Feb/2026:20:02:51 +0100] "GET /products/ibara-saegusa-big-visual-towel-the-midnight-sun-ensemble-sta/3178319/ HTTP/1.1" 404 91446 "-" "Mozilla/5.0 (compatible; MJ12bot/v1.4.8; http://mj12bot.com/)"
75.119.155.172 - - [25/Feb/2026:20:02:52 +0100] "GET /products/ibara-saegusa-ensemble-stars-enstars-card-pasha-lot/13431444/ HTTP/1.1" 404 91446 "-" "Mozilla/5.0 (compatible; MJ12bot/v1.4.8; http://mj12bot.com/)"
75.119.155.172 - - [25/Feb/2026:20:02:54 +0100] "GET /products/ibara-saegusa-lot/14328629/ HTTP/1.1" 404 91446 "-" "Mozilla/5.0 (compatible; MJ12bot/v1.4.8; http://mj12bot.com/)"
75.119.155.172 - - [25/Feb/2026:20:02:56 +0100] "GET /products/ibattz-mojo-refuel-usb-charger-kit/5790609/ HTTP/1.1" 404 91446 "-" "Mozilla/5.0 (compatible; MJ12bot/v1.4.8; http://mj12bot.com/)"
75.119.155.172 - - [25/Feb/2026:20:02:58 +0100] "GET /products/ibayam-78-pack-drawing-set-sketching-kit-pro-art-supplies-with-75-sheets-3-color-sketch-pad-coloring-book-charcoal-metallic-colored-watercolor/200470701/ HTTP/1.1" 404 91446 "-" "Mozilla/5.0 (compatible; MJ12bot/v1.4.8; http://mj12bot.com/)"
185.191.171.14 - - [25/Feb/2026:20:02:59 +0100] "GET /80239279453.htm HTTP/1.1" 404 87047 "-" "Mozilla/5.0 (compatible; SemrushBot/7~bl; +http://www.semrush.com/bot.html)"
75.119.155.172 - - [25/Feb/2026:20:03:00 +0100] "GET /products/ibayam-stocking-stuffers-for-kids-teens-18-colors-fine-point-038-mm-marker-pens-cute-coloring-pens-colored-marker-pen-set-fun-stationary-scrapbook-art-school-supplies-halloween-christmas-gifts/200907666/ HTTP/1.1" 404 91446 "-" "Mozilla/5.0 (compatible; MJ12bot/v1.4.8; http://mj12bot.com/)"
75.119.155.172 - - [25/Feb/2026:20:03:02 +0100] "GET /products/ibaycon-solar-halloween-lights-42ft-15-led-bulbs-flickering-flame-string-light-outdoor-waterproof-solar-flame-lights-for-garden-yard-patio-halloween-decorations-warm-white/201149792/ HTTP/1.1" 404 91446 "-" "Mozilla/5.0 (compatible; MJ12bot/v1.4.8; http://mj12bot.com/)"
75.119.155.172 - - [25/Feb/2026:20:03:03 +0100] "GET /products/ibc-diet-root-beer-glass-bottle-12-fl-oz-6case/201671826/ HTTP/1.1" 404 91446 "-" "Mozilla/5.0 (compatible; MJ12bot/v1.4.8; http://mj12bot.com/)"
85.208.96.196 - - [25/Feb/2026:20:03:05 +0100] "GET /79865127962.htm HTTP/1.1" 404 87047 "-" "Mozilla/5.0 (compatible; SemrushBot/7~bl; +http://www.semrush.com/bot.html)"
157.55.39.56 - - [25/Feb/2026:20:03:05 +0100] "GET /?l=47458155078003 HTTP/2.0" 200 192282 "-" "Mozilla/5.0 AppleWebKit/537.36 (KHTML, like Gecko; compatible; bingbot/2.0; +http://www.bing.com/bingbot.htm) Chrome/116.0.1938.76 Safari/537.36"
75.119.155.172 - - [25/Feb/2026:20:03:05 +0100] "GET /products/iberian-wolf-therian-mask/1445832/ HTTP/1.1" 404 91446 "-" "Mozilla/5.0 (compatible; MJ12bot/v1.4.8; http://mj12bot.com/)"
75.119.155.172 - - [25/Feb/2026:20:03:07 +0100] "GET /products/ibex-el-fito-new-zealand-merino-wool-blend-cycle-knicker-pan/12063880/ HTTP/1.1" 404 91446 "-" "Mozilla/5.0 (compatible; MJ12bot/v1.4.8; http://mj12bot.com/)"
75.119.155.172 - - [25/Feb/2026:20:03:09 +0100] "GET /products/ibex-skirt-size-8-tan-organic-cotton-hemp-tennis-prep-golf/3447148/ HTTP/1.1" 404 91446 "-" "Mozilla/5.0 (compatible; MJ12bot/v1.4.8; http://mj12bot.com/)"
75.119.155.172 - - [25/Feb/2026:20:03:10 +0100] "GET /products/ibex-womens-climawool-cirrus-soft-shell-full-zip-jacket-yell/22981734/ HTTP/1.1" 404 91446 "-" "Mozilla/5.0 (compatible; MJ12bot/v1.4.8; http://mj12bot.com/)"
75.119.155.172 - - [25/Feb/2026:20:03:12 +0100] "GET /products/ibiza-cathyguetia-edp-spray-25-oz-rare/22428547/ HTTP/1.1" 404 91446 "-" "Mozilla/5.0 (compatible; MJ12bot/v1.4.8; http://mj12bot.com/)"
75.119.155.172 - - [25/Feb/2026:20:03:14 +0100] "GET /products/ibkul-l-krista-plumlavender-swing-skort/1530509/ HTTP/1.1" 404 91446 "-" "Mozilla/5.0 (compatible; MJ12bot/v1.4.8; http://mj12bot.com/)"
75.119.155.172 - - [25/Feb/2026:20:03:16 +0100] "GET /products/ibkul-upf-50-long-sleeve-mock-neck-top-hearts-black-white-go/19026297/ HTTP/1.1" 404 91446 "-" "Mozilla/5.0 (compatible; MJ12bot/v1.4.8; http://mj12bot.com/)"
75.119.155.172 - - [25/Feb/2026:20:03:18 +0100] "GET /products/ibkul-womens-kinsley-print-long-sleeve-mock-neck-top-plum-la/3233330/ HTTP/1.1" 404 91446 "-" "Mozilla/5.0 (compatible; MJ12bot/v1.4.8; http://mj12bot.com/)"
75.119.155.172 - - [25/Feb/2026:20:03:20 +0100] "GET /products/ibkul-womens-sleeveless-14-zip-polo-tennis-top-venus-hot-pin/2024419/ HTTP/1.1" 404 91446 "-" "Mozilla/5.0 (compatible; MJ12bot/v1.4.8; http://mj12bot.com/)"
185.191.171.12 - - [25/Feb/2026:20:03:21 +0100] "GET /5120523667.htm HTTP/1.1" 404 87047 "-" "Mozilla/5.0 (compatible; SemrushBot/7~bl; +http://www.semrush.com/bot.html)"
52.167.144.56 - - [25/Feb/2026:20:03:21 +0100] "GET /robots.txt HTTP/2.0" 200 122 "-" "Mozilla/5.0 AppleWebKit/537.36 (KHTML, like Gecko; compatible; bingbot/2.0; +http://www.bing.com/bingbot.htm) Chrome/116.0.1938.76 Safari/537.36"
52.167.144.216 - - [25/Feb/2026:20:03:22 +0100] "GET /?l=9388351708700 HTTP/2.0" 200 192282 "-" "Mozilla/5.0 AppleWebKit/537.36 (KHTML, like Gecko; compatible; bingbot/2.0; +http://www.bing.com/bingbot.htm) Chrome/116.0.1938.76 Safari/537.36"
75.119.155.172 - - [25/Feb/2026:20:03:23 +0100] "GET /products/ibloom-bread-dolls/19237244/ HTTP/1.1" 404 91446 "-" "Mozilla/5.0 (compatible; MJ12bot/v1.4.8; http://mj12bot.com/)"
75.119.155.172 - - [25/Feb/2026:20:03:24 +0100] "GET /products/ibloom-cutie-wata-ame-squishy/6753476/ HTTP/1.1" 404 91446 "-" "Mozilla/5.0 (compatible; MJ12bot/v1.4.8; http://mj12bot.com/)"
75.119.155.172 - - [25/Feb/2026:20:03:26 +0100] "GET /products/ibloom-marmo-strawberry-chigiri-bread-squishy/6289558/ HTTP/1.1" 404 91446 "-" "Mozilla/5.0 (compatible; MJ12bot/v1.4.8; http://mj12bot.com/)"
75.119.155.172 - - [25/Feb/2026:20:03:28 +0100] "GET /products/ibloom-marmo-sushi-squishies-5-pc-top-middle-sold/22976934/ HTTP/1.1" 404 91446 "-" "Mozilla/5.0 (compatible; MJ12bot/v1.4.8; http://mj12bot.com/)"
75.119.155.172 - - [25/Feb/2026:20:03:31 +0100] "GET /products/ibloom-rainbow-toast/6290100/ HTTP/1.1" 404 91446 "-" "Mozilla/5.0 (compatible; MJ12bot/v1.4.8; http://mj12bot.com/)"
75.119.155.172 - - [25/Feb/2026:20:03:33 +0100] "GET /products/ibloom-sumikko-gurashi-mashlo-squishy/7843814/ HTTP/1.1" 404 91446 "-" "Mozilla/5.0 (compatible; MJ12bot/v1.4.8; http://mj12bot.com/)"
75.119.155.172 - - [25/Feb/2026:20:03:35 +0100] "GET /products/ibm-5140-pc-convertible-vintage-portable-laptop-computer/16553522/ HTTP/1.1" 404 91446 "-" "Mozilla/5.0 (compatible; MJ12bot/v1.4.8; http://mj12bot.com/)"
75.119.155.172 - - [25/Feb/2026:20:03:37 +0100] "GET /products/ibm-intel-expi9404ptl-pro1000-pt-quad-port-server-adapter-pc/8365765/ HTTP/1.1" 404 91446 "-" "Mozilla/5.0 (compatible; MJ12bot/v1.4.8; http://mj12bot.com/)"
157.55.39.56 - - [25/Feb/2026:20:03:36 +0100] "GET /?l=8328260852000 HTTP/2.0" 200 192282 "-" "Mozilla/5.0 AppleWebKit/537.36 (KHTML, like Gecko; compatible; bingbot/2.0; +http://www.bing.com/bingbot.htm) Chrome/116.0.1938.76 Safari/537.36"
75.119.155.172 - - [25/Feb/2026:20:03:38 +0100] "GET /products/ibm-lenovo-thinkstation-pc/7154729/ HTTP/1.1" 404 91446 "-" "Mozilla/5.0 (compatible; MJ12bot/v1.4.8; http://mj12bot.com/)"
75.119.155.172 - - [25/Feb/2026:20:03:40 +0100] "GET /products/ibm-rational-clearquest-suite-version-2000-new-in-box-sealed/17874079/ HTTP/1.1" 404 91446 "-" "Mozilla/5.0 (compatible; MJ12bot/v1.4.8; http://mj12bot.com/)"
75.119.155.172 - - [25/Feb/2026:20:03:42 +0100] "GET /products/ibook-g4-full-set-4-disks-system-restore-installation-test-m/12678842/ HTTP/1.1" 404 91446 "-" "Mozilla/5.0 (compatible; MJ12bot/v1.4.8; http://mj12bot.com/)"
75.119.155.172 - - [25/Feb/2026:20:03:44 +0100] "GET /products/ibuyke-teddy-velvet-round-footrest-stool-ottoman-makeup-vani/201187868/ HTTP/1.1" 404 91446 "-" "Mozilla/5.0 (compatible; MJ12bot/v1.4.8; http://mj12bot.com/)"
23.88.19.39 - - [25/Feb/2026:20:03:46 +0100] "POST /wp-cron.php?doing_wp_cron=1772046226.6744670867919921875000 HTTP/1.1" 404 87047 "-" "WordPress/6.9.1; https://alfouzantransport.com"
75.119.155.172 - - [25/Feb/2026:20:03:46 +0100] "GET /products/ibuypower-aio-cpu-cooler/12687622/ HTTP/1.1" 404 91446 "-" "Mozilla/5.0 (compatible; MJ12bot/v1.4.8; http://mj12bot.com/)"
75.119.155.172 - - [25/Feb/2026:20:03:48 +0100] "GET /products/ibuypower-element-mini-9300/18413138/ HTTP/1.1" 404 91446 "-" "Mozilla/5.0 (compatible; MJ12bot/v1.4.8; http://mj12bot.com/)"
75.119.155.172 - - [25/Feb/2026:20:03:50 +0100] "GET /products/ibuypower-gaming-pc/22735165/ HTTP/1.1" 404 91446 "-" "Mozilla/5.0 (compatible; MJ12bot/v1.4.8; http://mj12bot.com/)"
75.119.155.172 - - [25/Feb/2026:20:03:52 +0100] "GET /products/ibuypower-pc/22682541/ HTTP/1.1" 404 91446 "-" "Mozilla/5.0 (compatible; MJ12bot/v1.4.8; http://mj12bot.com/)"
75.119.155.172 - - [25/Feb/2026:20:03:54 +0100] "GET /products/ic-berlin-womens-sunglasses/453577/ HTTP/1.1" 404 91446 "-" "Mozilla/5.0 (compatible; MJ12bot/v1.4.8; http://mj12bot.com/)"
85.208.96.200 - - [25/Feb/2026:20:03:55 +0100] "GET /7933849744.htm HTTP/1.1" 404 87047 "-" "Mozilla/5.0 (compatible; SemrushBot/7~bl; +http://www.semrush.com/bot.html)"
75.119.155.172 - - [25/Feb/2026:20:03:56 +0100] "GET /products/ic-by-connie-k-size-xl-soft-knit-cowl-neck-long-sleeve-tunic/8173386/ HTTP/1.1" 404 91446 "-" "Mozilla/5.0 (compatible; MJ12bot/v1.4.8; http://mj12bot.com/)"
75.119.155.172 - - [25/Feb/2026:20:03:57 +0100] "GET /products/ic-connie-k-jacket-black-brown-button-front-collared-artsy-s/18932997/ HTTP/1.1" 404 91446 "-" "Mozilla/5.0 (compatible; MJ12bot/v1.4.8; http://mj12bot.com/)"
75.119.155.172 - - [25/Feb/2026:20:03:59 +0100] "GET /products/icanvas-the-whale-by-terry-fan-gallery-wrapped-canvas-18x12/19097697/ HTTP/1.1" 404 91446 "-" "Mozilla/5.0 (compatible; MJ12bot/v1.4.8; http://mj12bot.com/)"
75.119.155.172 - - [25/Feb/2026:20:04:01 +0100] "GET /products/icd-10-cm-coding-book-2024/144561/ HTTP/1.1" 404 91446 "-" "Mozilla/5.0 (compatible; MJ12bot/v1.4.8; http://mj12bot.com/)"
75.119.155.172 - - [25/Feb/2026:20:04:03 +0100] "GET /products/ice-age-t-shirt-size-extra-large/5519826/ HTTP/1.1" 404 91446 "-" "Mozilla/5.0 (compatible; MJ12bot/v1.4.8; http://mj12bot.com/)"
185.191.171.19 - - [25/Feb/2026:20:04:05 +0100] "GET /8890094099.htm HTTP/1.1" 404 87047 "-" "Mozilla/5.0 (compatible; SemrushBot/7~bl; +http://www.semrush.com/bot.html)"
75.119.155.172 - - [25/Feb/2026:20:04:05 +0100] "GET /products/ice-blue-lululemon-align-leggings-25/18636962/ HTTP/1.1" 404 91446 "-" "Mozilla/5.0 (compatible; MJ12bot/v1.4.8; http://mj12bot.com/)"
75.119.155.172 - - [25/Feb/2026:20:04:07 +0100] "GET /products/ice-blue-trapstar-hoodiepuffer/2571858/ HTTP/1.1" 404 91446 "-" "Mozilla/5.0 (compatible; MJ12bot/v1.4.8; http://mj12bot.com/)"
75.119.155.172 - - [25/Feb/2026:20:04:10 +0100] "GET /products/ice-breaker-merino-unisex-6-panel-hat-black/202996825/ HTTP/1.1" 404 91446 "-" "Mozilla/5.0 (compatible; MJ12bot/v1.4.8; http://mj12bot.com/)"
75.119.155.172 - - [25/Feb/2026:20:04:12 +0100] "GET /products/ice-breaker-womans-red-top/18836624/ HTTP/1.1" 404 91446 "-" "Mozilla/5.0 (compatible; MJ12bot/v1.4.8; http://mj12bot.com/)"
75.119.155.172 - - [25/Feb/2026:20:04:15 +0100] "GET /products/ice-bucket-by-aldo-tura-for-macabo-italy-1960s-silver-plated/12728069/ HTTP/1.1" 404 91446 "-" "Mozilla/5.0 (compatible; MJ12bot/v1.4.8; http://mj12bot.com/)"
75.119.155.172 - - [25/Feb/2026:20:04:17 +0100] "GET /products/ice-cream-baby-bottle-tumbler/14088233/ HTTP/1.1" 404 91446 "-" "Mozilla/5.0 (compatible; MJ12bot/v1.4.8; http://mj12bot.com/)"
75.119.155.172 - - [25/Feb/2026:20:04:19 +0100] "GET /products/ice-cream-by-billionaire-boys-club-eu-card-holder/10009142/ HTTP/1.1" 404 91446 "-" "Mozilla/5.0 (compatible; MJ12bot/v1.4.8; http://mj12bot.com/)"
75.119.155.172 - - [25/Feb/2026:20:04:20 +0100] "GET /products/ice-cream-hard-serve-mint-chip-frozen8-14-fluid/202403533/ HTTP/1.1" 404 91446 "-" "Mozilla/5.0 (compatible; MJ12bot/v1.4.8; http://mj12bot.com/)"
52.167.144.216 - - [25/Feb/2026:20:04:21 +0100] "GET /?l=99723114702005 HTTP/2.0" 200 192282 "-" "Mozilla/5.0 AppleWebKit/537.36 (KHTML, like Gecko; compatible; bingbot/2.0; +http://www.bing.com/bingbot.htm) Chrome/116.0.1938.76 Safari/537.36"
75.119.155.172 - - [25/Feb/2026:20:04:22 +0100] "GET /products/ice-cream-keychains/8476756/ HTTP/1.1" 404 91446 "-" "Mozilla/5.0 (compatible; MJ12bot/v1.4.8; http://mj12bot.com/)"
75.119.155.172 - - [25/Feb/2026:20:04:24 +0100] "GET /products/ice-cream-maker-a-collectors-item/12114631/ HTTP/1.1" 404 91446 "-" "Mozilla/5.0 (compatible; MJ12bot/v1.4.8; http://mj12bot.com/)"
75.119.155.172 - - [25/Feb/2026:20:04:26 +0100] "GET /products/ice-cream-maker/14519815/ HTTP/1.1" 404 91446 "-" "Mozilla/5.0 (compatible; MJ12bot/v1.4.8; http://mj12bot.com/)"
75.119.155.172 - - [25/Feb/2026:20:04:28 +0100] "GET /products/ice-cream-maker/9124917/ HTTP/1.1" 404 91446 "-" "Mozilla/5.0 (compatible; MJ12bot/v1.4.8; http://mj12bot.com/)"
75.119.155.172 - - [25/Feb/2026:20:04:30 +0100] "GET /products/ice-cream-man-5-cvr-a-morazzo-ohalloran-mr/201586267/ HTTP/1.1" 404 91446 "-" "Mozilla/5.0 (compatible; MJ12bot/v1.4.8; http://mj12bot.com/)"
75.119.155.172 - - [25/Feb/2026:20:04:32 +0100] "GET /products/ice-cream-pants/16783225/ HTTP/1.1" 404 91446 "-" "Mozilla/5.0 (compatible; MJ12bot/v1.4.8; http://mj12bot.com/)"
85.208.96.193 - - [25/Feb/2026:20:04:32 +0100] "GET /79865580.htm HTTP/1.1" 404 87047 "-" "Mozilla/5.0 (compatible; SemrushBot/7~bl; +http://www.semrush.com/bot.html)"
75.119.155.172 - - [25/Feb/2026:20:04:34 +0100] "GET /products/ice-cream-patchwork-knit-sweater-multicolor-novelty-knitwear/17198956/ HTTP/1.1" 404 91446 "-" "Mozilla/5.0 (compatible; MJ12bot/v1.4.8; http://mj12bot.com/)"
167.86.83.231 - - [25/Feb/2026:20:04:36 +0100] "HEAD / HTTP/1.1" 200 - "-" "python-requests/2.32.5"
167.86.83.231 - - [25/Feb/2026:20:04:36 +0100] "GET /wp-admin/ HTTP/1.1" 302 - "binance.com" "Mozilla/5.0 (iPhone; CPU iPhone OS 17_2 like Mac OS X) AppleWebKit/605.1.15 (KHTML, like Gecko) Version/17.2 Mobile/15E148 Safari/604.1"
167.86.83.231 - - [25/Feb/2026:20:04:36 +0100] "GET /wp-login.php?redirect_to=https%3A%2F%2Falfouzantransport.com%2Fwp-admin%2F&reauth=1 HTTP/1.1" 200 12273 "binance.com" "Mozilla/5.0 (iPhone; CPU iPhone OS 17_2 like Mac OS X) AppleWebKit/605.1.15 (KHTML, like Gecko) Version/17.2 Mobile/15E148 Safari/604.1"
167.86.83.231 - - [25/Feb/2026:20:04:37 +0100] "GET /xmlrpc.php HTTP/1.1" 404 87047 "binance.com" "Mozilla/5.0 (X11; Ubuntu; Linux x86_64; rv:121.0) Gecko/20100101 Firefox/121.0"
75.119.155.172 - - [25/Feb/2026:20:04:37 +0100] "GET /products/ice-cream-wooden-clothing-hookshangers/12829971/ HTTP/1.1" 404 91446 "-" "Mozilla/5.0 (compatible; MJ12bot/v1.4.8; http://mj12bot.com/)"
75.119.155.172 - - [25/Feb/2026:20:04:39 +0100] "GET /products/ice-cream/13532595/ HTTP/1.1" 404 91446 "-" "Mozilla/5.0 (compatible; MJ12bot/v1.4.8; http://mj12bot.com/)"
75.119.155.172 - - [25/Feb/2026:20:04:41 +0100] "GET /products/ice-cube-death-certificate-original-vinyl-1991/20413574/ HTTP/1.1" 404 91446 "-" "Mozilla/5.0 (compatible; MJ12bot/v1.4.8; http://mj12bot.com/)"
75.119.155.172 - - [25/Feb/2026:20:04:43 +0100] "GET /products/ice-cube-earrings-18k-rose-gold/22547859/ HTTP/1.1" 404 91446 "-" "Mozilla/5.0 (compatible; MJ12bot/v1.4.8; http://mj12bot.com/)"
157.55.39.16 - - [25/Feb/2026:20:04:44 +0100] "GET /?l=21514109275003 HTTP/2.0" 301 - "-" "Mozilla/5.0 AppleWebKit/537.36 (KHTML, like Gecko; compatible; bingbot/2.0; +http://www.bing.com/bingbot.htm) Chrome/116.0.1938.76 Safari/537.36"
75.119.155.172 - - [25/Feb/2026:20:04:45 +0100] "GET /products/ice-cube-maker-portable/5709400/ HTTP/1.1" 404 91446 "-" "Mozilla/5.0 (compatible; MJ12bot/v1.4.8; http://mj12bot.com/)"
85.208.96.193 - - [25/Feb/2026:20:04:45 +0100] "GET /79865131282.htm HTTP/1.1" 404 87047 "-" "Mozilla/5.0 (compatible; SemrushBot/7~bl; +http://www.semrush.com/bot.html)"
23.88.19.39 - - [25/Feb/2026:20:04:48 +0100] "POST /wp-cron.php?doing_wp_cron=1772046288.7125129699707031250000 HTTP/1.1" 404 87047 "-" "WordPress/6.9.1; https://alfouzantransport.com"
75.119.155.172 - - [25/Feb/2026:20:04:48 +0100] "GET /products/ice-cube-painting/19167041/ HTTP/1.1" 404 91446 "-" "Mozilla/5.0 (compatible; MJ12bot/v1.4.8; http://mj12bot.com/)"
75.119.155.172 - - [25/Feb/2026:20:04:50 +0100] "GET /products/ice-globes-for-face-facial-ice-glove-facial-ice-globes-facia/202196092/ HTTP/1.1" 404 91446 "-" "Mozilla/5.0 (compatible; MJ12bot/v1.4.8; http://mj12bot.com/)"
52.167.144.216 - - [25/Feb/2026:20:04:52 +0100] "GET /?l=91810261758206 HTTP/2.0" 200 192282 "-" "Mozilla/5.0 AppleWebKit/537.36 (KHTML, like Gecko; compatible; bingbot/2.0; +http://www.bing.com/bingbot.htm) Chrome/116.0.1938.76 Safari/537.36"
75.119.155.172 - - [25/Feb/2026:20:04:53 +0100] "GET /products/ice-hockey-bauer-bhh7500-helmet-adult-small-like-new/11740934/ HTTP/1.1" 404 91446 "-" "Mozilla/5.0 (compatible; MJ12bot/v1.4.8; http://mj12bot.com/)"
75.119.155.172 - - [25/Feb/2026:20:04:59 +0100] "GET /products/ice-hockey-goalie-pads/11756644/ HTTP/1.1" 404 91446 "-" "Mozilla/5.0 (compatible; MJ12bot/v1.4.8; http://mj12bot.com/)"
75.119.155.172 - - [25/Feb/2026:20:05:01 +0100] "GET /products/ice-hockey-skates/15059002/ HTTP/1.1" 404 91446 "-" "Mozilla/5.0 (compatible; MJ12bot/v1.4.8; http://mj12bot.com/)"
75.119.155.172 - - [25/Feb/2026:20:05:03 +0100] "GET /products/ice-maker-machine/15432571/ HTTP/1.1" 404 91446 "-" "Mozilla/5.0 (compatible; MJ12bot/v1.4.8; http://mj12bot.com/)"
85.208.96.197 - - [25/Feb/2026:20:05:03 +0100] "GET /51205281375.htm HTTP/1.1" 404 87047 "-" "Mozilla/5.0 (compatible; SemrushBot/7~bl; +http://www.semrush.com/bot.html)"
75.119.155.172 - - [25/Feb/2026:20:05:05 +0100] "GET /products/ice-maker/16765730/ HTTP/1.1" 404 91446 "-" "Mozilla/5.0 (compatible; MJ12bot/v1.4.8; http://mj12bot.com/)"
185.191.171.8 - - [25/Feb/2026:20:05:06 +0100] "GET /11865226888.htm HTTP/1.1" 404 87047 "-" "Mozilla/5.0 (compatible; SemrushBot/7~bl; +http://www.semrush.com/bot.html)"
75.119.155.172 - - [25/Feb/2026:20:05:08 +0100] "GET /products/ice-makers-countertop-portable-ice-machine-with-carry-handle/21632928/ HTTP/1.1" 404 91446 "-" "Mozilla/5.0 (compatible; MJ12bot/v1.4.8; http://mj12bot.com/)"
75.119.155.172 - - [25/Feb/2026:20:05:09 +0100] "GET /products/ice-melt-pet-safe-ice-melt-de-icer-for-sidewalks-driveways-d/200880794/ HTTP/1.1" 404 91446 "-" "Mozilla/5.0 (compatible; MJ12bot/v1.4.8; http://mj12bot.com/)"
75.119.155.172 - - [25/Feb/2026:20:05:13 +0100] "GET /products/ice-nine-kills-concert-sweatshirt-with-jason/20742639/ HTTP/1.1" 404 91446 "-" "Mozilla/5.0 (compatible; MJ12bot/v1.4.8; http://mj12bot.com/)"
75.119.155.172 - - [25/Feb/2026:20:05:14 +0100] "GET /products/ice-nine-kills-halfway-to-halloween-2023-3rd-annual-poster/19372918/ HTTP/1.1" 404 91446 "-" "Mozilla/5.0 (compatible; MJ12bot/v1.4.8; http://mj12bot.com/)"
75.119.155.172 - - [25/Feb/2026:20:05:16 +0100] "GET /products/ice-nine-kills-the-silver-scream-cd-special-limited-edition/1339954/ HTTP/1.1" 404 91446 "-" "Mozilla/5.0 (compatible; MJ12bot/v1.4.8; http://mj12bot.com/)"
75.119.155.172 - - [25/Feb/2026:20:05:18 +0100] "GET /products/ice-press-craft-modern-ice-molds-stamps-for-cocktails-whiske/202320547/ HTTP/1.1" 404 91446 "-" "Mozilla/5.0 (compatible; MJ12bot/v1.4.8; http://mj12bot.com/)"
85.208.96.211 - - [25/Feb/2026:20:05:19 +0100] "GET /51205213491.htm HTTP/1.1" 404 87047 "-" "Mozilla/5.0 (compatible; SemrushBot/7~bl; +http://www.semrush.com/bot.html)"
75.119.155.172 - - [25/Feb/2026:20:05:20 +0100] "GET /products/ice-prism-set-tupperware-set-of-3/14625722/ HTTP/1.1" 404 91446 "-" "Mozilla/5.0 (compatible; MJ12bot/v1.4.8; http://mj12bot.com/)"
75.119.155.172 - - [25/Feb/2026:20:05:22 +0100] "GET /products/ice-river-kso-pro/21246504/ HTTP/1.1" 404 91446 "-" "Mozilla/5.0 (compatible; MJ12bot/v1.4.8; http://mj12bot.com/)"
185.191.171.14 - - [25/Feb/2026:20:05:22 +0100] "GET /79865112095.htm HTTP/1.1" 404 87047 "-" "Mozilla/5.0 (compatible; SemrushBot/7~bl; +http://www.semrush.com/bot.html)"
75.119.155.172 - - [25/Feb/2026:20:05:26 +0100] "GET /products/ice-silk-t-shirt-mens-summer-quick-drying-t-shirt/202486083/ HTTP/1.1" 404 91446 "-" "Mozilla/5.0 (compatible; MJ12bot/v1.4.8; http://mj12bot.com/)"
85.208.96.201 - - [25/Feb/2026:20:05:28 +0100] "GET /889004242.htm HTTP/1.1" 404 87047 "-" "Mozilla/5.0 (compatible; SemrushBot/7~bl; +http://www.semrush.com/bot.html)"
75.119.155.172 - - [25/Feb/2026:20:05:29 +0100] "GET /products/ice-skates-bauer-impact-20-hockey-shoes-blades-size-medium-4/5733963/ HTTP/1.1" 404 91446 "-" "Mozilla/5.0 (compatible; MJ12bot/v1.4.8; http://mj12bot.com/)"
75.119.155.172 - - [25/Feb/2026:20:05:31 +0100] "GET /products/ice-skates-youth-size-9/21119690/ HTTP/1.1" 404 91446 "-" "Mozilla/5.0 (compatible; MJ12bot/v1.4.8; http://mj12bot.com/)"
75.119.155.172 - - [25/Feb/2026:20:05:35 +0100] "GET /products/ice-skates/15502304/ HTTP/1.1" 404 91446 "-" "Mozilla/5.0 (compatible; MJ12bot/v1.4.8; http://mj12bot.com/)"
85.208.96.193 - - [25/Feb/2026:20:05:36 +0100] "GET /robots.txt HTTP/1.1" 200 122 "-" "Mozilla/5.0 (compatible; SemrushBot/7~bl; +http://www.semrush.com/bot.html)"
85.208.96.210 - - [25/Feb/2026:20:05:36 +0100] "GET /79338228012.htm HTTP/1.1" 404 87047 "-" "Mozilla/5.0 (compatible; SemrushBot/7~bl; +http://www.semrush.com/bot.html)"
75.119.155.172 - - [25/Feb/2026:20:05:37 +0100] "GET /products/ice-skates/22997295/ HTTP/1.1" 404 91446 "-" "Mozilla/5.0 (compatible; MJ12bot/v1.4.8; http://mj12bot.com/)"
185.191.171.4 - - [25/Feb/2026:20:05:39 +0100] "GET /1186520964.htm HTTP/1.1" 404 87047 "-" "Mozilla/5.0 (compatible; SemrushBot/7~bl; +http://www.semrush.com/bot.html)"
75.119.155.172 - - [25/Feb/2026:20:05:39 +0100] "GET /products/ice-spice-dazed-confused-magazine-279-2023/10171084/ HTTP/1.1" 404 91446 "-" "Mozilla/5.0 (compatible; MJ12bot/v1.4.8; http://mj12bot.com/)"
75.119.155.172 - - [25/Feb/2026:20:05:42 +0100] "GET /products/ice-spice-hoodie-sweatshirt-tour-official-concert-merchandis/19514908/ HTTP/1.1" 404 91446 "-" "Mozilla/5.0 (compatible; MJ12bot/v1.4.8; http://mj12bot.com/)"
185.191.171.15 - - [25/Feb/2026:20:05:43 +0100] "GET /51205225614.htm HTTP/1.1" 404 87047 "-" "Mozilla/5.0 (compatible; SemrushBot/7~bl; +http://www.semrush.com/bot.html)"
75.119.155.172 - - [25/Feb/2026:20:05:44 +0100] "GET /products/ice-t-power-rarities-rsd-2025/203160716/ HTTP/1.1" 404 91446 "-" "Mozilla/5.0 (compatible; MJ12bot/v1.4.8; http://mj12bot.com/)"
75.119.155.172 - - [25/Feb/2026:20:05:45 +0100] "GET /products/ice-tongs/8680535/ HTTP/1.1" 404 91446 "-" "Mozilla/5.0 (compatible; MJ12bot/v1.4.8; http://mj12bot.com/)"
23.88.19.39 - - [25/Feb/2026:20:05:49 +0100] "POST /wp-cron.php?doing_wp_cron=1772046349.9101409912109375000000 HTTP/1.1" 404 87047 "-" "WordPress/6.9.1; https://alfouzantransport.com"
75.119.155.172 - - [25/Feb/2026:20:05:49 +0100] "GET /products/ice-watch-pour-enfants/10168856/ HTTP/1.1" 404 91446 "-" "Mozilla/5.0 (compatible; MJ12bot/v1.4.8; http://mj12bot.com/)"
75.119.155.172 - - [25/Feb/2026:20:05:52 +0100] "GET /products/ice-white-instax-mini/14540687/ HTTP/1.1" 404 91446 "-" "Mozilla/5.0 (compatible; MJ12bot/v1.4.8; http://mj12bot.com/)"
75.119.155.172 - - [25/Feb/2026:20:05:56 +0100] "GET /products/iceacid-wash-jeans/3319913/ HTTP/1.1" 404 91446 "-" "Mozilla/5.0 (compatible; MJ12bot/v1.4.8; http://mj12bot.com/)"
75.119.155.172 - - [25/Feb/2026:20:05:58 +0100] "GET /products/icearmor-ascent-float-parka-2xl-16892/200928839/ HTTP/1.1" 404 91446 "-" "Mozilla/5.0 (compatible; MJ12bot/v1.4.8; http://mj12bot.com/)"
75.119.155.172 - - [25/Feb/2026:20:06:00 +0100] "GET /products/iceberg-arc-adjustable-height-table-rectangular-36-x-72-x-30/202180685/ HTTP/1.1" 404 91446 "-" "Mozilla/5.0 (compatible; MJ12bot/v1.4.8; http://mj12bot.com/)"
75.119.155.172 - - [25/Feb/2026:20:06:02 +0100] "GET /products/iceberg-indestructable-classic-folding-table-round-top-200-l/202480882/ HTTP/1.1" 404 91446 "-" "Mozilla/5.0 (compatible; MJ12bot/v1.4.8; http://mj12bot.com/)"
85.208.96.211 - - [25/Feb/2026:20:06:04 +0100] "GET /51205214280.htm HTTP/1.1" 404 87047 "-" "Mozilla/5.0 (compatible; SemrushBot/7~bl; +http://www.semrush.com/bot.html)"
75.119.155.172 - - [25/Feb/2026:20:06:04 +0100] "GET /products/iceberg-indestructable-too-1200-series-foldlng-table-rectang/201687037/ HTTP/1.1" 404 91446 "-" "Mozilla/5.0 (compatible; MJ12bot/v1.4.8; http://mj12bot.com/)"
75.119.155.172 - - [25/Feb/2026:20:06:07 +0100] "GET /products/iceberg-ingenuity-portable-flipchart-easel-with-dry-erase-surface-35-x-30-white-surface-charcoal-gray-polyethylene-frame/202170078/ HTTP/1.1" 404 91446 "-" "Mozilla/5.0 (compatible; MJ12bot/v1.4.8; http://mj12bot.com/)"
85.208.96.207 - - [25/Feb/2026:20:06:08 +0100] "GET /11865150355.htm HTTP/1.1" 404 87047 "-" "Mozilla/5.0 (compatible; SemrushBot/7~bl; +http://www.semrush.com/bot.html)"
40.77.167.136 - - [25/Feb/2026:20:06:10 +0100] "GET /?l=28821292891203 HTTP/2.0" 200 192282 "-" "Mozilla/5.0 AppleWebKit/537.36 (KHTML, like Gecko; compatible; bingbot/2.0; +http://www.bing.com/bingbot.htm) Chrome/116.0.1938.76 Safari/537.36"
75.119.155.172 - - [25/Feb/2026:20:06:15 +0100] "GET /products/iceberg-officeworks-commercial-wood-laminate-folding-table-r/202180779/ HTTP/1.1" 404 91446 "-" "Mozilla/5.0 (compatible; MJ12bot/v1.4.8; http://mj12bot.com/)"
185.191.171.14 - - [25/Feb/2026:20:06:16 +0100] "GET /79865156231.htm HTTP/1.1" 404 87047 "-" "Mozilla/5.0 (compatible; SemrushBot/7~bl; +http://www.semrush.com/bot.html)"
75.119.155.172 - - [25/Feb/2026:20:06:18 +0100] "GET /products/iceberg-polarity-magnetic-dry-erase-white-board-48-x-32-whit/202339804/ HTTP/1.1" 404 91446 "-" "Mozilla/5.0 (compatible; MJ12bot/v1.4.8; http://mj12bot.com/)"
85.208.96.202 - - [25/Feb/2026:20:06:19 +0100] "GET /79865127304.htm HTTP/1.1" 404 87047 "-" "Mozilla/5.0 (compatible; SemrushBot/7~bl; +http://www.semrush.com/bot.html)"
75.119.155.172 - - [25/Feb/2026:20:06:20 +0100] "GET /products/iceberg-rough-n-ready-stack-chair-supports-up-to-500-lb-175/202349221/ HTTP/1.1" 404 91446 "-" "Mozilla/5.0 (compatible; MJ12bot/v1.4.8; http://mj12bot.com/)"
75.119.155.172 - - [25/Feb/2026:20:06:22 +0100] "GET /products/iceberg-set-l/17198120/ HTTP/1.1" 404 91446 "-" "Mozilla/5.0 (compatible; MJ12bot/v1.4.8; http://mj12bot.com/)"
75.119.155.172 - - [25/Feb/2026:20:06:23 +0100] "GET /products/iceberg-stretch-fabric-table-cover-72-length-x-30-width-polyester-spandex-white-1-each/201674953/ HTTP/1.1" 404 91446 "-" "Mozilla/5.0 (compatible; MJ12bot/v1.4.8; http://mj12bot.com/)"
75.119.155.172 - - [25/Feb/2026:20:06:25 +0100] "GET /products/iceberg-taglia-33/10869200/ HTTP/1.1" 404 91446 "-" "Mozilla/5.0 (compatible; MJ12bot/v1.4.8; http://mj12bot.com/)"
75.119.155.172 - - [25/Feb/2026:20:06:27 +0100] "GET /products/icebreaker-100-merino-wool-body-fit-200-base-layer-layering/5474084/ HTTP/1.1" 404 91446 "-" "Mozilla/5.0 (compatible; MJ12bot/v1.4.8; http://mj12bot.com/)"
75.119.155.172 - - [25/Feb/2026:20:06:29 +0100] "GET /products/icebreaker-200-oasis-merino-baselayer-long-sleeve-crewe-shir/1092796/ HTTP/1.1" 404 91446 "-" "Mozilla/5.0 (compatible; MJ12bot/v1.4.8; http://mj12bot.com/)"
75.119.155.172 - - [25/Feb/2026:20:06:31 +0100] "GET /products/icebreaker-320-sport-merino-wool-14-zip-med/4605363/ HTTP/1.1" 404 91446 "-" "Mozilla/5.0 (compatible; MJ12bot/v1.4.8; http://mj12bot.com/)"
75.119.155.172 - - [25/Feb/2026:20:06:33 +0100] "GET /products/icebreaker-cabelas-merino-wool-gloves-camouflage/12018682/ HTTP/1.1" 404 91446 "-" "Mozilla/5.0 (compatible; MJ12bot/v1.4.8; http://mj12bot.com/)"
75.119.155.172 - - [25/Feb/2026:20:06:34 +0100] "GET /products/icebreaker-girls/18903237/ HTTP/1.1" 404 91446 "-" "Mozilla/5.0 (compatible; MJ12bot/v1.4.8; http://mj12bot.com/)"
75.119.155.172 - - [25/Feb/2026:20:06:36 +0100] "GET /products/icebreaker-mens-merino-bodyfit-200-black-leggings-size-l/18712665/ HTTP/1.1" 404 91446 "-" "Mozilla/5.0 (compatible; MJ12bot/v1.4.8; http://mj12bot.com/)"
75.119.155.172 - - [25/Feb/2026:20:06:38 +0100] "GET /products/icebreaker-mens-multisport-hiking-merino-socks-medium-ankle-bundle-x-2/12342519/ HTTP/1.1" 404 91446 "-" "Mozilla/5.0 (compatible; MJ12bot/v1.4.8; http://mj12bot.com/)"
75.119.155.172 - - [25/Feb/2026:20:06:40 +0100] "GET /products/icebreaker-merinoloft-jacket-mens/201512454/ HTTP/1.1" 404 91446 "-" "Mozilla/5.0 (compatible; MJ12bot/v1.4.8; http://mj12bot.com/)"
85.208.96.212 - - [25/Feb/2026:20:06:44 +0100] "GET /79865139457.htm HTTP/1.1" 404 87047 "-" "Mozilla/5.0 (compatible; SemrushBot/7~bl; +http://www.semrush.com/bot.html)"
23.88.19.39 - - [25/Feb/2026:20:07:20 +0100] "POST /wp-cron.php?doing_wp_cron=1772046440.3720600605010986328125 HTTP/1.1" 404 87047 "-" "WordPress/6.9.1; https://alfouzantransport.com"
85.208.96.211 - - [25/Feb/2026:20:07:20 +0100] "GET /5120529939.htm HTTP/1.1" 404 87047 "-" "Mozilla/5.0 (compatible; SemrushBot/7~bl; +http://www.semrush.com/bot.html)"
185.191.171.4 - - [25/Feb/2026:20:07:22 +0100] "GET /79865150252.htm HTTP/1.1" 404 87047 "-" "Mozilla/5.0 (compatible; SemrushBot/7~bl; +http://www.semrush.com/bot.html)"
157.55.39.56 - - [25/Feb/2026:20:07:26 +0100] "GET /?l=79379164511603 HTTP/2.0" 200 192282 "-" "Mozilla/5.0 AppleWebKit/537.36 (KHTML, like Gecko; compatible; bingbot/2.0; +http://www.bing.com/bingbot.htm) Chrome/116.0.1938.76 Safari/537.36"
185.191.171.5 - - [25/Feb/2026:20:07:37 +0100] "GET /7933836538.htm HTTP/1.1" 404 87047 "-" "Mozilla/5.0 (compatible; SemrushBot/7~bl; +http://www.semrush.com/bot.html)"
40.77.167.230 - - [25/Feb/2026:20:07:42 +0100] "GET /?l=10976297236801 HTTP/2.0" 301 - "-" "Mozilla/5.0 AppleWebKit/537.36 (KHTML, like Gecko; compatible; bingbot/2.0; +http://www.bing.com/bingbot.htm) Chrome/116.0.1938.76 Safari/537.36"
40.77.167.230 - - [25/Feb/2026:20:07:42 +0100] "GET /?l=1227717526404 HTTP/2.0" 301 - "-" "Mozilla/5.0 AppleWebKit/537.36 (KHTML, like Gecko; compatible; bingbot/2.0; +http://www.bing.com/bingbot.htm) Chrome/116.0.1938.76 Safari/537.36"
85.208.96.207 - - [25/Feb/2026:20:08:01 +0100] "GET /7986515126.htm HTTP/1.1" 404 87047 "-" "Mozilla/5.0 (compatible; SemrushBot/7~bl; +http://www.semrush.com/bot.html)"
207.46.13.160 - - [25/Feb/2026:20:08:04 +0100] "GET /?l=2026844734800 HTTP/2.0" 301 - "-" "Mozilla/5.0 AppleWebKit/537.36 (KHTML, like Gecko; compatible; bingbot/2.0; +http://www.bing.com/bingbot.htm) Chrome/116.0.1938.76 Safari/537.36"
207.46.13.52 - - [25/Feb/2026:20:08:16 +0100] "GET /?l=2026844734800 HTTP/2.0" 200 192282 "-" "Mozilla/5.0 AppleWebKit/537.36 (KHTML, like Gecko; compatible; bingbot/2.0; +http://www.bing.com/bingbot.htm) Chrome/116.0.1938.76 Safari/537.36"
85.208.96.193 - - [25/Feb/2026:20:08:16 +0100] "GET /51205162855.htm HTTP/1.1" 404 87047 "-" "Mozilla/5.0 (compatible; SemrushBot/7~bl; +http://www.semrush.com/bot.html)"
185.191.171.5 - - [25/Feb/2026:20:08:19 +0100] "GET /3655851751.htm HTTP/1.1" 404 87047 "-" "Mozilla/5.0 (compatible; SemrushBot/7~bl; +http://www.semrush.com/bot.html)"
23.88.19.39 - - [25/Feb/2026:20:08:42 +0100] "POST /wp-cron.php?doing_wp_cron=1772046522.2341699600219726562500 HTTP/1.1" 404 87047 "-" "WordPress/6.9.1; https://alfouzantransport.com"
40.77.167.230 - - [25/Feb/2026:20:08:41 +0100] "GET /?l=13831219921207 HTTP/2.0" 301 - "-" "Mozilla/5.0 AppleWebKit/537.36 (KHTML, like Gecko; compatible; bingbot/2.0; +http://www.bing.com/bingbot.htm) Chrome/116.0.1938.76 Safari/537.36"
40.77.167.230 - - [25/Feb/2026:20:08:42 +0100] "GET /?l=01947241116002 HTTP/2.0" 301 - "-" "Mozilla/5.0 AppleWebKit/537.36 (KHTML, like Gecko; compatible; bingbot/2.0; +http://www.bing.com/bingbot.htm) Chrome/116.0.1938.76 Safari/537.36"
207.46.13.52 - - [25/Feb/2026:20:08:48 +0100] "GET /?l=53806285577300 HTTP/2.0" 200 192282 "-" "Mozilla/5.0 AppleWebKit/537.36 (KHTML, like Gecko; compatible; bingbot/2.0; +http://www.bing.com/bingbot.htm) Chrome/116.0.1938.76 Safari/537.36"
40.77.167.230 - - [25/Feb/2026:20:08:53 +0100] "GET /?l=254274960804 HTTP/2.0" 301 - "-" "Mozilla/5.0 AppleWebKit/537.36 (KHTML, like Gecko; compatible; bingbot/2.0; +http://www.bing.com/bingbot.htm) Chrome/116.0.1938.76 Safari/537.36"
207.46.13.160 - - [25/Feb/2026:20:08:56 +0100] "GET /?l=28912119644802 HTTP/2.0" 301 - "-" "Mozilla/5.0 AppleWebKit/537.36 (KHTML, like Gecko; compatible; bingbot/2.0; +http://www.bing.com/bingbot.htm) Chrome/116.0.1938.76 Safari/537.36"
207.46.13.160 - - [25/Feb/2026:20:08:57 +0100] "GET /?l=0676588395209 HTTP/2.0" 301 - "-" "Mozilla/5.0 AppleWebKit/537.36 (KHTML, like Gecko; compatible; bingbot/2.0; +http://www.bing.com/bingbot.htm) Chrome/116.0.1938.76 Safari/537.36"
85.208.96.211 - - [25/Feb/2026:20:08:58 +0100] "GET /8023911752.htm HTTP/1.1" 404 87047 "-" "Mozilla/5.0 (compatible; SemrushBot/7~bl; +http://www.semrush.com/bot.html)"
207.46.13.52 - - [25/Feb/2026:20:08:59 +0100] "GET /?l=90521233007607 HTTP/2.0" 200 192282 "-" "Mozilla/5.0 AppleWebKit/537.36 (KHTML, like Gecko; compatible; bingbot/2.0; +http://www.bing.com/bingbot.htm) Chrome/116.0.1938.76 Safari/537.36"
52.167.144.229 - - [25/Feb/2026:20:09:01 +0100] "GET /?l=80772160365902 HTTP/2.0" 200 192282 "-" "Mozilla/5.0 AppleWebKit/537.36 (KHTML, like Gecko; compatible; bingbot/2.0; +http://www.bing.com/bingbot.htm) Chrome/116.0.1938.76 Safari/537.36"
85.208.96.211 - - [25/Feb/2026:20:09:05 +0100] "GET /11865151199.htm HTTP/1.1" 404 87047 "-" "Mozilla/5.0 (compatible; SemrushBot/7~bl; +http://www.semrush.com/bot.html)"
40.77.167.136 - - [25/Feb/2026:20:09:05 +0100] "GET /?l=38209245448303 HTTP/2.0" 200 192282 "-" "Mozilla/5.0 AppleWebKit/537.36 (KHTML, like Gecko; compatible; bingbot/2.0; +http://www.bing.com/bingbot.htm) Chrome/116.0.1938.76 Safari/537.36"
40.77.167.136 - - [25/Feb/2026:20:09:06 +0100] "GET /?l=8572027211803 HTTP/2.0" 200 192282 "-" "Mozilla/5.0 AppleWebKit/537.36 (KHTML, like Gecko; compatible; bingbot/2.0; +http://www.bing.com/bingbot.htm) Chrome/116.0.1938.76 Safari/537.36"
185.191.171.13 - - [25/Feb/2026:20:09:11 +0100] "GET /148176449.htm HTTP/1.1" 404 87047 "-" "Mozilla/5.0 (compatible; SemrushBot/7~bl; +http://www.semrush.com/bot.html)"
185.191.171.4 - - [25/Feb/2026:20:09:23 +0100] "GET /79338294626.htm HTTP/1.1" 404 87047 "-" "Mozilla/5.0 (compatible; SemrushBot/7~bl; +http://www.semrush.com/bot.html)"
40.77.167.230 - - [25/Feb/2026:20:09:24 +0100] "GET /?l=992017711609 HTTP/2.0" 301 - "-" "Mozilla/5.0 AppleWebKit/537.36 (KHTML, like Gecko; compatible; bingbot/2.0; +http://www.bing.com/bingbot.htm) Chrome/116.0.1938.76 Safari/537.36"
40.77.167.230 - - [25/Feb/2026:20:09:25 +0100] "GET /?l=19287232237200 HTTP/2.0" 301 - "-" "Mozilla/5.0 AppleWebKit/537.36 (KHTML, like Gecko; compatible; bingbot/2.0; +http://www.bing.com/bingbot.htm) Chrome/116.0.1938.76 Safari/537.36"
185.191.171.4 - - [25/Feb/2026:20:09:26 +0100] "GET /5120535843.htm HTTP/1.1" 404 87047 "-" "Mozilla/5.0 (compatible; SemrushBot/7~bl; +http://www.semrush.com/bot.html)"
207.46.13.52 - - [25/Feb/2026:20:09:30 +0100] "GET /?l=57780117268002 HTTP/2.0" 200 192282 "-" "Mozilla/5.0 AppleWebKit/537.36 (KHTML, like Gecko; compatible; bingbot/2.0; +http://www.bing.com/bingbot.htm) Chrome/116.0.1938.76 Safari/537.36"
