185.191.171.6 - - [25/Feb/2026:23:25:07 +0100] "GET /7986553082.htm HTTP/1.1" 404 87047 "-" "Mozilla/5.0 (compatible; SemrushBot/7~bl; +http://www.semrush.com/bot.html)"
85.208.96.203 - - [25/Feb/2026:23:25:10 +0100] "GET /79865300628.htm HTTP/1.1" 404 87047 "-" "Mozilla/5.0 (compatible; SemrushBot/7~bl; +http://www.semrush.com/bot.html)"
185.191.171.6 - - [25/Feb/2026:23:25:19 +0100] "GET /79865123492.htm HTTP/1.1" 404 87047 "-" "Mozilla/5.0 (compatible; SemrushBot/7~bl; +http://www.semrush.com/bot.html)"
185.191.171.12 - - [25/Feb/2026:23:25:25 +0100] "GET /79865168974.htm HTTP/1.1" 404 87047 "-" "Mozilla/5.0 (compatible; SemrushBot/7~bl; +http://www.semrush.com/bot.html)"
85.208.96.206 - - [25/Feb/2026:23:25:34 +0100] "GET /51205249986.htm HTTP/1.1" 404 87047 "-" "Mozilla/5.0 (compatible; SemrushBot/7~bl; +http://www.semrush.com/bot.html)"
85.208.96.205 - - [25/Feb/2026:23:25:44 +0100] "GET /79865144744.htm HTTP/1.1" 404 87047 "-" "Mozilla/5.0 (compatible; SemrushBot/7~bl; +http://www.semrush.com/bot.html)"
85.208.96.202 - - [25/Feb/2026:23:25:53 +0100] "GET /25330112599.htm HTTP/1.1" 404 87047 "-" "Mozilla/5.0 (compatible; SemrushBot/7~bl; +http://www.semrush.com/bot.html)"
85.208.96.204 - - [25/Feb/2026:23:25:55 +0100] "GET /3655839748.htm HTTP/1.1" 404 87047 "-" "Mozilla/5.0 (compatible; SemrushBot/7~bl; +http://www.semrush.com/bot.html)"
185.191.171.2 - - [25/Feb/2026:23:26:06 +0100] "GET /5120517952.htm HTTP/1.1" 404 87047 "-" "Mozilla/5.0 (compatible; SemrushBot/7~bl; +http://www.semrush.com/bot.html)"
23.88.19.39 - - [25/Feb/2026:23:26:08 +0100] "POST /wp-cron.php?doing_wp_cron=1772058368.7543859481811523437500 HTTP/1.1" 404 87047 "-" "WordPress/6.9.1; https://alfouzantransport.com"
85.208.96.205 - - [25/Feb/2026:23:26:08 +0100] "GET /79338290348.htm HTTP/1.1" 404 87047 "-" "Mozilla/5.0 (compatible; SemrushBot/7~bl; +http://www.semrush.com/bot.html)"
66.249.77.36 - - [25/Feb/2026:23:26:28 +0100] "GET /?l=48678170878801 HTTP/1.1" 301 - "-" "Mozilla/5.0 (Linux; Android 6.0.1; Nexus 5X Build/MMB29P) AppleWebKit/537.36 (KHTML, like Gecko) Chrome/144.0.7559.132 Mobile Safari/537.36 (compatible; Googlebot/2.1; +http://www.google.com/bot.html)"
66.249.77.36 - - [25/Feb/2026:23:26:28 +0100] "GET /robots.txt HTTP/1.1" 301 - "-" "Mozilla/5.0 (compatible; Googlebot/2.1; +http://www.google.com/bot.html)"
66.249.72.7 - - [25/Feb/2026:23:26:29 +0100] "GET /robots.txt HTTP/1.1" 200 122 "-" "Mozilla/5.0 (compatible; Googlebot/2.1; +http://www.google.com/bot.html)"
66.249.72.7 - - [25/Feb/2026:23:26:29 +0100] "GET /?l=48678170878801 HTTP/1.1" 200 192282 "-" "Mozilla/5.0 (Linux; Android 6.0.1; Nexus 5X Build/MMB29P) AppleWebKit/537.36 (KHTML, like Gecko) Chrome/144.0.7559.132 Mobile Safari/537.36 (compatible; Googlebot/2.1; +http://www.google.com/bot.html)"
185.191.171.17 - - [25/Feb/2026:23:26:53 +0100] "GET /5120562920.htm HTTP/1.1" 404 87047 "-" "Mozilla/5.0 (compatible; SemrushBot/7~bl; +http://www.semrush.com/bot.html)"
85.208.96.197 - - [25/Feb/2026:23:26:55 +0100] "GET /5120522632.htm HTTP/1.1" 404 87047 "-" "Mozilla/5.0 (compatible; SemrushBot/7~bl; +http://www.semrush.com/bot.html)"
40.77.167.77 - - [25/Feb/2026:23:27:08 +0100] "GET /?l=23925128754800 HTTP/2.0" 301 - "-" "Mozilla/5.0 AppleWebKit/537.36 (KHTML, like Gecko; compatible; bingbot/2.0; +http://www.bing.com/bingbot.htm) Chrome/116.0.1938.76 Safari/537.36"
23.88.19.39 - - [25/Feb/2026:23:27:18 +0100] "POST /wp-cron.php?doing_wp_cron=1772058438.7627520561218261718750 HTTP/1.1" 404 87047 "-" "WordPress/6.9.1; https://alfouzantransport.com"
52.167.144.21 - - [25/Feb/2026:23:27:18 +0100] "GET /?l=23925128754800 HTTP/2.0" 200 192282 "-" "Mozilla/5.0 AppleWebKit/537.36 (KHTML, like Gecko; compatible; bingbot/2.0; +http://www.bing.com/bingbot.htm) Chrome/116.0.1938.76 Safari/537.36"
66.249.72.7 - - [25/Feb/2026:23:27:22 +0100] "GET /cgi-sys/suspendedpage.cgi?l=57269218083103 HTTP/1.1" 200 7766 "-" "Mozilla/5.0 (Linux; Android 6.0.1; Nexus 5X Build/MMB29P) AppleWebKit/537.36 (KHTML, like Gecko) Chrome/144.0.7559.132 Mobile Safari/537.36 (compatible; Googlebot/2.1; +http://www.google.com/bot.html)"
66.249.77.37 - - [25/Feb/2026:23:27:22 +0100] "GET /?l=5829032077603 HTTP/1.1" 301 - "-" "Mozilla/5.0 (Linux; Android 6.0.1; Nexus 5X Build/MMB29P) AppleWebKit/537.36 (KHTML, like Gecko) Chrome/144.0.7559.132 Mobile Safari/537.36 (compatible; Googlebot/2.1; +http://www.google.com/bot.html)"
66.249.72.5 - - [25/Feb/2026:23:27:22 +0100] "GET /?l=5829032077603 HTTP/1.1" 200 192282 "-" "Mozilla/5.0 (Linux; Android 6.0.1; Nexus 5X Build/MMB29P) AppleWebKit/537.36 (KHTML, like Gecko) Chrome/144.0.7559.132 Mobile Safari/537.36 (compatible; Googlebot/2.1; +http://www.google.com/bot.html)"
185.191.171.2 - - [25/Feb/2026:23:27:26 +0100] "GET /80239294946.htm HTTP/1.1" 404 87047 "-" "Mozilla/5.0 (compatible; SemrushBot/7~bl; +http://www.semrush.com/bot.html)"
66.249.77.36 - - [25/Feb/2026:23:27:49 +0100] "GET /robots.txt HTTP/1.1" 301 - "-" "Mozilla/5.0 (compatible; Googlebot/2.1; +http://www.google.com/bot.html)"
66.249.77.37 - - [25/Feb/2026:23:27:49 +0100] "GET /?l=09872226441003 HTTP/1.1" 301 - "-" "Mozilla/5.0 (Linux; Android 6.0.1; Nexus 5X Build/MMB29P) AppleWebKit/537.36 (KHTML, like Gecko) Chrome/144.0.7559.132 Mobile Safari/537.36 (compatible; Googlebot/2.1; +http://www.google.com/bot.html)"
66.249.72.6 - - [25/Feb/2026:23:27:50 +0100] "GET /robots.txt HTTP/1.1" 200 122 "-" "Mozilla/5.0 (compatible; Googlebot/2.1; +http://www.google.com/bot.html)"
66.249.72.5 - - [25/Feb/2026:23:27:50 +0100] "GET /?l=09872226441003 HTTP/1.1" 200 192282 "-" "Mozilla/5.0 (Linux; Android 6.0.1; Nexus 5X Build/MMB29P) AppleWebKit/537.36 (KHTML, like Gecko) Chrome/144.0.7559.132 Mobile Safari/537.36 (compatible; Googlebot/2.1; +http://www.google.com/bot.html)"
45.131.195.72 - - [25/Feb/2026:23:28:10 +0100] "POST /wp-login.php HTTP/1.1" 200 12689 "-" "Mozilla/5.0"
185.191.171.15 - - [25/Feb/2026:23:28:15 +0100] "GET /7986579367.htm HTTP/1.1" 404 87047 "-" "Mozilla/5.0 (compatible; SemrushBot/7~bl; +http://www.semrush.com/bot.html)"
23.88.19.39 - - [25/Feb/2026:23:28:34 +0100] "POST /wp-cron.php?doing_wp_cron=1772058514.8819999694824218750000 HTTP/1.1" 404 87047 "-" "WordPress/6.9.1; https://alfouzantransport.com"
185.191.171.18 - - [25/Feb/2026:23:28:34 +0100] "GET /802398243.htm HTTP/1.1" 404 87047 "-" "Mozilla/5.0 (compatible; SemrushBot/7~bl; +http://www.semrush.com/bot.html)"
185.191.171.4 - - [25/Feb/2026:23:28:37 +0100] "GET /11865148225.htm HTTP/1.1" 404 87047 "-" "Mozilla/5.0 (compatible; SemrushBot/7~bl; +http://www.semrush.com/bot.html)"
185.191.171.15 - - [25/Feb/2026:23:28:40 +0100] "GET /11865162179.htm HTTP/1.1" 404 87047 "-" "Mozilla/5.0 (compatible; SemrushBot/7~bl; +http://www.semrush.com/bot.html)"
185.191.171.12 - - [25/Feb/2026:23:28:45 +0100] "GET /80239175417.htm HTTP/1.1" 404 87047 "-" "Mozilla/5.0 (compatible; SemrushBot/7~bl; +http://www.semrush.com/bot.html)"
185.191.171.1 - - [25/Feb/2026:23:28:55 +0100] "GET /51205263025.htm HTTP/1.1" 404 87047 "-" "Mozilla/5.0 (compatible; SemrushBot/7~bl; +http://www.semrush.com/bot.html)"
85.208.96.200 - - [25/Feb/2026:23:29:09 +0100] "GET /79865147360.htm HTTP/1.1" 404 87047 "-" "Mozilla/5.0 (compatible; SemrushBot/7~bl; +http://www.semrush.com/bot.html)"
85.208.96.201 - - [25/Feb/2026:23:29:16 +0100] "GET /7933851401.htm HTTP/1.1" 404 87047 "-" "Mozilla/5.0 (compatible; SemrushBot/7~bl; +http://www.semrush.com/bot.html)"
85.208.96.193 - - [25/Feb/2026:23:29:19 +0100] "GET /80239159625.htm HTTP/1.1" 404 87047 "-" "Mozilla/5.0 (compatible; SemrushBot/7~bl; +http://www.semrush.com/bot.html)"
66.249.77.37 - - [25/Feb/2026:23:29:23 +0100] "GET /?l=5711788919807 HTTP/1.1" 301 - "-" "Mozilla/5.0 (Linux; Android 6.0.1; Nexus 5X Build/MMB29P) AppleWebKit/537.36 (KHTML, like Gecko) Chrome/144.0.7559.132 Mobile Safari/537.36 (compatible; Googlebot/2.1; +http://www.google.com/bot.html)"
66.249.77.37 - - [25/Feb/2026:23:29:23 +0100] "GET /?l=51148249034821 HTTP/1.1" 301 - "-" "Mozilla/5.0 (Linux; Android 6.0.1; Nexus 5X Build/MMB29P) AppleWebKit/537.36 (KHTML, like Gecko) Chrome/144.0.7559.132 Mobile Safari/537.36 (compatible; Googlebot/2.1; +http://www.google.com/bot.html)"
185.191.171.12 - - [25/Feb/2026:23:29:24 +0100] "GET /5120537140.htm HTTP/1.1" 404 87047 "-" "Mozilla/5.0 (compatible; SemrushBot/7~bl; +http://www.semrush.com/bot.html)"
66.249.72.6 - - [25/Feb/2026:23:29:24 +0100] "GET /robots.txt HTTP/1.1" 200 122 "-" "Mozilla/5.0 (compatible; Googlebot/2.1; +http://www.google.com/bot.html)"
66.249.72.7 - - [25/Feb/2026:23:29:24 +0100] "GET /?l=5711788919807 HTTP/1.1" 200 192282 "-" "Mozilla/5.0 (Linux; Android 6.0.1; Nexus 5X Build/MMB29P) AppleWebKit/537.36 (KHTML, like Gecko) Chrome/144.0.7559.132 Mobile Safari/537.36 (compatible; Googlebot/2.1; +http://www.google.com/bot.html)"
66.249.72.6 - - [25/Feb/2026:23:29:24 +0100] "GET /?l=51148249034821 HTTP/1.1" 200 192282 "-" "Mozilla/5.0 (Linux; Android 6.0.1; Nexus 5X Build/MMB29P) AppleWebKit/537.36 (KHTML, like Gecko) Chrome/144.0.7559.132 Mobile Safari/537.36 (compatible; Googlebot/2.1; +http://www.google.com/bot.html)"
85.208.96.200 - - [25/Feb/2026:23:29:27 +0100] "GET /80239290181.htm HTTP/1.1" 404 87047 "-" "Mozilla/5.0 (compatible; SemrushBot/7~bl; +http://www.semrush.com/bot.html)"
23.88.19.39 - - [25/Feb/2026:23:29:36 +0100] "POST /wp-cron.php?doing_wp_cron=1772058576.8716130256652832031250 HTTP/1.1" 404 87047 "-" "WordPress/6.9.1; https://alfouzantransport.com"
185.191.171.4 - - [25/Feb/2026:23:29:36 +0100] "GET /798651153.htm HTTP/1.1" 404 87047 "-" "Mozilla/5.0 (compatible; SemrushBot/7~bl; +http://www.semrush.com/bot.html)"
85.208.96.195 - - [25/Feb/2026:23:30:06 +0100] "GET /7933838119.htm HTTP/1.1" 404 87047 "-" "Mozilla/5.0 (compatible; SemrushBot/7~bl; +http://www.semrush.com/bot.html)"
185.191.171.9 - - [25/Feb/2026:23:30:08 +0100] "GET /51205247004.htm HTTP/1.1" 404 87047 "-" "Mozilla/5.0 (compatible; SemrushBot/7~bl; +http://www.semrush.com/bot.html)"
185.191.171.17 - - [25/Feb/2026:23:30:10 +0100] "GET /79338104725.htm HTTP/1.1" 404 87047 "-" "Mozilla/5.0 (compatible; SemrushBot/7~bl; +http://www.semrush.com/bot.html)"
85.208.96.195 - - [25/Feb/2026:23:30:12 +0100] "GET /51205162709.htm HTTP/1.1" 404 87047 "-" "Mozilla/5.0 (compatible; SemrushBot/7~bl; +http://www.semrush.com/bot.html)"
66.249.77.38 - - [25/Feb/2026:23:30:12 +0100] "GET /?l=4821610736605 HTTP/1.1" 301 - "-" "Mozilla/5.0 (Linux; Android 6.0.1; Nexus 5X Build/MMB29P) AppleWebKit/537.36 (KHTML, like Gecko) Chrome/144.0.7559.132 Mobile Safari/537.36 (compatible; Googlebot/2.1; +http://www.google.com/bot.html)"
66.249.72.5 - - [25/Feb/2026:23:30:13 +0100] "GET /?l=4821610736605 HTTP/1.1" 200 192282 "-" "Mozilla/5.0 (Linux; Android 6.0.1; Nexus 5X Build/MMB29P) AppleWebKit/537.36 (KHTML, like Gecko) Chrome/144.0.7559.132 Mobile Safari/537.36 (compatible; Googlebot/2.1; +http://www.google.com/bot.html)"
85.208.96.203 - - [25/Feb/2026:23:30:15 +0100] "GET /51205235435.htm HTTP/1.1" 404 87047 "-" "Mozilla/5.0 (compatible; SemrushBot/7~bl; +http://www.semrush.com/bot.html)"
185.191.171.19 - - [25/Feb/2026:23:30:34 +0100] "GET /51205258382.htm HTTP/1.1" 404 87047 "-" "Mozilla/5.0 (compatible; SemrushBot/7~bl; +http://www.semrush.com/bot.html)"
23.88.19.39 - - [25/Feb/2026:23:30:40 +0100] "POST /wp-cron.php?doing_wp_cron=1772058640.8540420532226562500000 HTTP/1.1" 404 87047 "-" "WordPress/6.9.1; https://alfouzantransport.com"
66.249.77.36 - - [25/Feb/2026:23:30:40 +0100] "GET /?l=68799288177002 HTTP/1.1" 301 - "-" "Mozilla/5.0 (Linux; Android 6.0.1; Nexus 5X Build/MMB29P) AppleWebKit/537.36 (KHTML, like Gecko) Chrome/144.0.7559.132 Mobile Safari/537.36 (compatible; Googlebot/2.1; +http://www.google.com/bot.html)"
66.249.72.5 - - [25/Feb/2026:23:30:41 +0100] "GET /robots.txt HTTP/1.1" 200 122 "-" "Mozilla/5.0 (compatible; Googlebot/2.1; +http://www.google.com/bot.html)"
66.249.72.5 - - [25/Feb/2026:23:30:41 +0100] "GET /?l=68799288177002 HTTP/1.1" 200 192282 "-" "Mozilla/5.0 (Linux; Android 6.0.1; Nexus 5X Build/MMB29P) AppleWebKit/537.36 (KHTML, like Gecko) Chrome/144.0.7559.132 Mobile Safari/537.36 (compatible; Googlebot/2.1; +http://www.google.com/bot.html)"
185.191.171.8 - - [25/Feb/2026:23:30:50 +0100] "GET /11865157902.htm HTTP/1.1" 404 87047 "-" "Mozilla/5.0 (compatible; SemrushBot/7~bl; +http://www.semrush.com/bot.html)"
40.77.167.38 - - [25/Feb/2026:23:31:08 +0100] "GET /?l=9270544887004 HTTP/2.0" 301 - "-" "Mozilla/5.0 AppleWebKit/537.36 (KHTML, like Gecko; compatible; bingbot/2.0; +http://www.bing.com/bingbot.htm) Chrome/116.0.1938.76 Safari/537.36"
40.77.167.79 - - [25/Feb/2026:23:31:19 +0100] "GET /?l=9270544887004 HTTP/2.0" 200 192282 "-" "Mozilla/5.0 AppleWebKit/537.36 (KHTML, like Gecko; compatible; bingbot/2.0; +http://www.bing.com/bingbot.htm) Chrome/116.0.1938.76 Safari/537.36"
23.88.19.39 - - [25/Feb/2026:23:31:49 +0100] "POST /wp-cron.php?doing_wp_cron=1772058709.9384529590606689453125 HTTP/1.1" 404 87047 "-" "WordPress/6.9.1; https://alfouzantransport.com"
185.191.171.15 - - [25/Feb/2026:23:31:49 +0100] "GET /7933898946.htm HTTP/1.1" 404 87047 "-" "Mozilla/5.0 (compatible; SemrushBot/7~bl; +http://www.semrush.com/bot.html)"
66.249.77.37 - - [25/Feb/2026:23:32:13 +0100] "GET /?l=772935412401 HTTP/1.1" 301 - "-" "Mozilla/5.0 (Linux; Android 6.0.1; Nexus 5X Build/MMB29P) AppleWebKit/537.36 (KHTML, like Gecko) Chrome/144.0.7559.132 Mobile Safari/537.36 (compatible; Googlebot/2.1; +http://www.google.com/bot.html)"
66.249.72.5 - - [25/Feb/2026:23:32:14 +0100] "GET /robots.txt HTTP/1.1" 200 122 "-" "Mozilla/5.0 (compatible; Googlebot/2.1; +http://www.google.com/bot.html)"
66.249.72.5 - - [25/Feb/2026:23:32:14 +0100] "GET /?l=772935412401 HTTP/1.1" 200 192282 "-" "Mozilla/5.0 (Linux; Android 6.0.1; Nexus 5X Build/MMB29P) AppleWebKit/537.36 (KHTML, like Gecko) Chrome/144.0.7559.132 Mobile Safari/537.36 (compatible; Googlebot/2.1; +http://www.google.com/bot.html)"
52.167.144.176 - - [25/Feb/2026:23:32:23 +0100] "GET /?l=97927293392202 HTTP/2.0" 200 192282 "-" "Mozilla/5.0 AppleWebKit/537.36 (KHTML, like Gecko; compatible; bingbot/2.0; +http://www.bing.com/bingbot.htm) Chrome/116.0.1938.76 Safari/537.36"
185.191.171.12 - - [25/Feb/2026:23:32:29 +0100] "GET /79338244577.htm HTTP/1.1" 404 87047 "-" "Mozilla/5.0 (compatible; SemrushBot/7~bl; +http://www.semrush.com/bot.html)"
66.249.77.36 - - [25/Feb/2026:23:32:33 +0100] "GET /?l=72265173328200 HTTP/1.1" 301 - "-" "Mozilla/5.0 (Linux; Android 6.0.1; Nexus 5X Build/MMB29P) AppleWebKit/537.36 (KHTML, like Gecko) Chrome/144.0.7559.132 Mobile Safari/537.36 (compatible; Googlebot/2.1; +http://www.google.com/bot.html)"
66.249.72.5 - - [25/Feb/2026:23:32:34 +0100] "GET /?l=72265173328200 HTTP/1.1" 200 192282 "-" "Mozilla/5.0 (Linux; Android 6.0.1; Nexus 5X Build/MMB29P) AppleWebKit/537.36 (KHTML, like Gecko) Chrome/144.0.7559.132 Mobile Safari/537.36 (compatible; Googlebot/2.1; +http://www.google.com/bot.html)"
185.191.171.5 - - [25/Feb/2026:23:32:36 +0100] "GET /51205217272.htm HTTP/1.1" 404 87047 "-" "Mozilla/5.0 (compatible; SemrushBot/7~bl; +http://www.semrush.com/bot.html)"
52.167.144.176 - - [25/Feb/2026:23:32:44 +0100] "GET /?l=19049283949400 HTTP/2.0" 200 192282 "-" "Mozilla/5.0 AppleWebKit/537.36 (KHTML, like Gecko; compatible; bingbot/2.0; +http://www.bing.com/bingbot.htm) Chrome/116.0.1938.76 Safari/537.36"
23.88.19.39 - - [25/Feb/2026:23:32:51 +0100] "POST /wp-cron.php?doing_wp_cron=1772058771.8489670753479003906250 HTTP/1.1" 404 87047 "-" "WordPress/6.9.1; https://alfouzantransport.com"
185.191.171.14 - - [25/Feb/2026:23:32:51 +0100] "GET /7986567812.htm HTTP/1.1" 404 87047 "-" "Mozilla/5.0 (compatible; SemrushBot/7~bl; +http://www.semrush.com/bot.html)"
185.191.171.17 - - [25/Feb/2026:23:32:53 +0100] "GET /2533064007.htm HTTP/1.1" 404 87047 "-" "Mozilla/5.0 (compatible; SemrushBot/7~bl; +http://www.semrush.com/bot.html)"
185.191.171.17 - - [25/Feb/2026:23:32:56 +0100] "GET /581301741.htm HTTP/1.1" 404 87047 "-" "Mozilla/5.0 (compatible; SemrushBot/7~bl; +http://www.semrush.com/bot.html)"
185.191.171.7 - - [25/Feb/2026:23:32:59 +0100] "GET /11865208800.htm HTTP/1.1" 404 87047 "-" "Mozilla/5.0 (compatible; SemrushBot/7~bl; +http://www.semrush.com/bot.html)"
85.208.96.211 - - [25/Feb/2026:23:33:10 +0100] "GET /7933895924.htm HTTP/1.1" 404 87047 "-" "Mozilla/5.0 (compatible; SemrushBot/7~bl; +http://www.semrush.com/bot.html)"
66.249.77.38 - - [25/Feb/2026:23:33:14 +0100] "GET /?l=83033106989602 HTTP/1.1" 301 - "-" "Mozilla/5.0 (Linux; Android 6.0.1; Nexus 5X Build/MMB29P) AppleWebKit/537.36 (KHTML, like Gecko) Chrome/144.0.7559.132 Mobile Safari/537.36 (compatible; Googlebot/2.1; +http://www.google.com/bot.html)"
66.249.72.7 - - [25/Feb/2026:23:33:15 +0100] "GET /?l=83033106989602 HTTP/1.1" 200 192282 "-" "Mozilla/5.0 (Linux; Android 6.0.1; Nexus 5X Build/MMB29P) AppleWebKit/537.36 (KHTML, like Gecko) Chrome/144.0.7559.132 Mobile Safari/537.36 (compatible; Googlebot/2.1; +http://www.google.com/bot.html)"
185.191.171.14 - - [25/Feb/2026:23:33:27 +0100] "GET /51205265055.htm HTTP/1.1" 404 87047 "-" "Mozilla/5.0 (compatible; SemrushBot/7~bl; +http://www.semrush.com/bot.html)"
185.191.171.17 - - [25/Feb/2026:23:33:32 +0100] "GET /8023911491.htm HTTP/1.1" 404 87047 "-" "Mozilla/5.0 (compatible; SemrushBot/7~bl; +http://www.semrush.com/bot.html)"
185.191.171.12 - - [25/Feb/2026:23:33:36 +0100] "GET /8023947031.htm HTTP/1.1" 404 87047 "-" "Mozilla/5.0 (compatible; SemrushBot/7~bl; +http://www.semrush.com/bot.html)"
185.191.171.12 - - [25/Feb/2026:23:33:46 +0100] "GET /8023912764.htm HTTP/1.1" 404 87047 "-" "Mozilla/5.0 (compatible; SemrushBot/7~bl; +http://www.semrush.com/bot.html)"
185.191.171.17 - - [25/Feb/2026:23:33:51 +0100] "GET /80239153437.htm HTTP/1.1" 404 87047 "-" "Mozilla/5.0 (compatible; SemrushBot/7~bl; +http://www.semrush.com/bot.html)"
23.88.19.39 - - [25/Feb/2026:23:34:04 +0100] "POST /wp-cron.php?doing_wp_cron=1772058844.2875289916992187500000 HTTP/1.1" 404 87047 "-" "WordPress/6.9.1; https://alfouzantransport.com"
85.208.96.197 - - [25/Feb/2026:23:34:04 +0100] "GET /11865158098.htm HTTP/1.1" 404 87047 "-" "Mozilla/5.0 (compatible; SemrushBot/7~bl; +http://www.semrush.com/bot.html)"
85.208.96.204 - - [25/Feb/2026:23:34:12 +0100] "GET /11865100303.htm HTTP/1.1" 404 87047 "-" "Mozilla/5.0 (compatible; SemrushBot/7~bl; +http://www.semrush.com/bot.html)"
185.191.171.7 - - [25/Feb/2026:23:34:21 +0100] "GET /51205279476.htm HTTP/1.1" 404 87047 "-" "Mozilla/5.0 (compatible; SemrushBot/7~bl; +http://www.semrush.com/bot.html)"
66.249.77.36 - - [25/Feb/2026:23:34:23 +0100] "GET /?l=69079208844600 HTTP/1.1" 301 - "-" "Mozilla/5.0 (Linux; Android 6.0.1; Nexus 5X Build/MMB29P) AppleWebKit/537.36 (KHTML, like Gecko) Chrome/144.0.7559.132 Mobile Safari/537.36 (compatible; Googlebot/2.1; +http://www.google.com/bot.html)"
66.249.72.7 - - [25/Feb/2026:23:34:24 +0100] "GET /?l=69079208844600 HTTP/1.1" 200 192282 "-" "Mozilla/5.0 (Linux; Android 6.0.1; Nexus 5X Build/MMB29P) AppleWebKit/537.36 (KHTML, like Gecko) Chrome/144.0.7559.132 Mobile Safari/537.36 (compatible; Googlebot/2.1; +http://www.google.com/bot.html)"
185.191.171.15 - - [25/Feb/2026:23:34:28 +0100] "GET /7933834790.htm HTTP/1.1" 404 87047 "-" "Mozilla/5.0 (compatible; SemrushBot/7~bl; +http://www.semrush.com/bot.html)"
185.191.171.2 - - [25/Feb/2026:23:34:33 +0100] "GET /79865144018.htm HTTP/1.1" 404 87047 "-" "Mozilla/5.0 (compatible; SemrushBot/7~bl; +http://www.semrush.com/bot.html)"
185.191.171.7 - - [25/Feb/2026:23:34:59 +0100] "GET /51205272477.htm HTTP/1.1" 404 87047 "-" "Mozilla/5.0 (compatible; SemrushBot/7~bl; +http://www.semrush.com/bot.html)"
23.88.19.39 - - [25/Feb/2026:23:35:11 +0100] "POST /wp-cron.php?doing_wp_cron=1772058911.6313428878784179687500 HTTP/1.1" 404 87047 "-" "WordPress/6.9.1; https://alfouzantransport.com"
13.71.184.165 - - [25/Feb/2026:23:35:11 +0100] "GET /wp-content/plugins/hellopress/wp_filemanager.php HTTP/1.1" 404 91446 "-" "-"
13.71.184.165 - - [25/Feb/2026:23:35:12 +0100] "GET /c99.php HTTP/1.1" 404 87047 "-" "-"
13.71.184.165 - - [25/Feb/2026:23:35:12 +0100] "GET /old.php HTTP/1.1" 404 87047 "-" "-"
13.71.184.165 - - [25/Feb/2026:23:35:13 +0100] "GET /z.php HTTP/1.1" 404 87047 "-" "-"
13.71.184.165 - - [25/Feb/2026:23:35:14 +0100] "GET /ultra.php HTTP/1.1" 404 87047 "-" "-"
13.71.184.165 - - [25/Feb/2026:23:35:14 +0100] "GET /abc.php HTTP/1.1" 404 87047 "-" "-"
13.71.184.165 - - [25/Feb/2026:23:35:15 +0100] "GET /info.php HTTP/1.1" 404 87047 "-" "-"
13.71.184.165 - - [25/Feb/2026:23:35:15 +0100] "GET /log.php HTTP/1.1" 404 87047 "-" "-"
13.71.184.165 - - [25/Feb/2026:23:35:16 +0100] "GET /test.php HTTP/1.1" 404 87047 "-" "-"
13.71.184.165 - - [25/Feb/2026:23:35:17 +0100] "GET /1.php HTTP/1.1" 404 87047 "-" "-"
13.71.184.165 - - [25/Feb/2026:23:35:17 +0100] "GET /check.php HTTP/1.1" 404 87047 "-" "-"
13.71.184.165 - - [25/Feb/2026:23:35:18 +0100] "GET /wso.php HTTP/1.1" 404 87047 "-" "-"
13.71.184.165 - - [25/Feb/2026:23:35:18 +0100] "GET /inject.php HTTP/1.1" 404 87047 "-" "-"
13.71.184.165 - - [25/Feb/2026:23:35:19 +0100] "GET /t.php HTTP/1.1" 404 87047 "-" "-"
13.71.184.165 - - [25/Feb/2026:23:35:20 +0100] "GET /pro.php HTTP/1.1" 404 87047 "-" "-"
13.71.184.165 - - [25/Feb/2026:23:35:20 +0100] "GET /e.php HTTP/1.1" 404 87047 "-" "-"
13.71.184.165 - - [25/Feb/2026:23:35:21 +0100] "GET /d.php HTTP/1.1" 404 87047 "-" "-"
13.71.184.165 - - [25/Feb/2026:23:35:21 +0100] "GET /phpinfo.php HTTP/1.1" 404 87047 "-" "-"
13.71.184.165 - - [25/Feb/2026:23:35:22 +0100] "GET /bypass.php HTTP/1.1" 404 87047 "-" "-"
13.71.184.165 - - [25/Feb/2026:23:35:23 +0100] "GET /error.php HTTP/1.1" 404 87047 "-" "-"
13.71.184.165 - - [25/Feb/2026:23:35:23 +0100] "GET /p.php HTTP/1.1" 404 87047 "-" "-"
13.71.184.165 - - [25/Feb/2026:23:35:24 +0100] "GET /mini.php HTTP/1.1" 404 87047 "-" "-"
13.71.184.165 - - [25/Feb/2026:23:35:24 +0100] "GET /x.php HTTP/1.1" 404 87047 "-" "-"
13.71.184.165 - - [25/Feb/2026:23:35:25 +0100] "GET /a.php HTTP/1.1" 404 87047 "-" "-"
13.71.184.165 - - [25/Feb/2026:23:35:25 +0100] "GET /debug.php HTTP/1.1" 404 87047 "-" "-"
13.71.184.165 - - [25/Feb/2026:23:35:26 +0100] "GET /0.php HTTP/1.1" 404 87047 "-" "-"
185.191.171.19 - - [25/Feb/2026:23:35:26 +0100] "GET /51205265872.htm HTTP/1.1" 404 87047 "-" "Mozilla/5.0 (compatible; SemrushBot/7~bl; +http://www.semrush.com/bot.html)"
13.71.184.165 - - [25/Feb/2026:23:35:27 +0100] "GET /manager.php HTTP/1.1" 404 87047 "-" "-"
13.71.184.165 - - [25/Feb/2026:23:35:27 +0100] "GET /999.php HTTP/1.1" 404 87047 "-" "-"
13.71.184.165 - - [25/Feb/2026:23:35:28 +0100] "GET /system.php HTTP/1.1" 404 87047 "-" "-"
13.71.184.165 - - [25/Feb/2026:23:35:28 +0100] "GET /data.php HTTP/1.1" 404 87047 "-" "-"
13.71.184.165 - - [25/Feb/2026:23:35:29 +0100] "GET /xx.php HTTP/1.1" 404 87047 "-" "-"
66.249.77.37 - - [25/Feb/2026:23:35:30 +0100] "GET /?l=42164123120809 HTTP/1.1" 301 - "-" "Mozilla/5.0 (Linux; Android 6.0.1; Nexus 5X Build/MMB29P) AppleWebKit/537.36 (KHTML, like Gecko) Chrome/144.0.7559.132 Mobile Safari/537.36 (compatible; Googlebot/2.1; +http://www.google.com/bot.html)"
13.71.184.165 - - [25/Feb/2026:23:35:30 +0100] "GET /2.php HTTP/1.1" 404 87047 "-" "-"
13.71.184.165 - - [25/Feb/2026:23:35:30 +0100] "GET /new.php HTTP/1.1" 404 87047 "-" "-"
66.249.72.6 - - [25/Feb/2026:23:35:30 +0100] "GET /?l=42164123120809 HTTP/1.1" 200 192282 "-" "Mozilla/5.0 (Linux; Android 6.0.1; Nexus 5X Build/MMB29P) AppleWebKit/537.36 (KHTML, like Gecko) Chrome/144.0.7559.132 Mobile Safari/537.36 (compatible; Googlebot/2.1; +http://www.google.com/bot.html)"
13.71.184.165 - - [25/Feb/2026:23:35:31 +0100] "GET /backup.php HTTP/1.1" 404 87047 "-" "-"
13.71.184.165 - - [25/Feb/2026:23:35:32 +0100] "GET /222.php HTTP/1.1" 404 87047 "-" "-"
13.71.184.165 - - [25/Feb/2026:23:35:32 +0100] "GET /security.php HTTP/1.1" 404 87047 "-" "-"
13.71.184.165 - - [25/Feb/2026:23:35:33 +0100] "GET /404.php HTTP/1.1" 404 87047 "-" "-"
13.71.184.165 - - [25/Feb/2026:23:35:33 +0100] "GET /simple.php HTTP/1.1" 404 87047 "-" "-"
13.71.184.165 - - [25/Feb/2026:23:35:34 +0100] "GET /up.php HTTP/1.1" 404 87047 "-" "-"
13.71.184.165 - - [25/Feb/2026:23:35:35 +0100] "GET /c.php HTTP/1.1" 404 87047 "-" "-"
13.71.184.165 - - [25/Feb/2026:23:35:35 +0100] "GET /b.php HTTP/1.1" 404 87047 "-" "-"
13.71.184.165 - - [25/Feb/2026:23:35:36 +0100] "GET /db.php HTTP/1.1" 404 87047 "-" "-"
13.71.184.165 - - [25/Feb/2026:23:35:36 +0100] "GET /u.php HTTP/1.1" 404 87047 "-" "-"
13.71.184.165 - - [25/Feb/2026:23:35:37 +0100] "GET /alfa.php HTTP/1.1" 404 87047 "-" "-"
13.71.184.165 - - [25/Feb/2026:23:35:38 +0100] "GET /file3.php HTTP/1.1" 404 87047 "-" "-"
13.71.184.165 - - [25/Feb/2026:23:35:38 +0100] "GET /file5.php HTTP/1.1" 404 87047 "-" "-"
13.71.184.165 - - [25/Feb/2026:23:35:39 +0100] "GET /law.php HTTP/1.1" 404 87047 "-" "-"
13.71.184.165 - - [25/Feb/2026:23:35:40 +0100] "GET /file6.php HTTP/1.1" 404 87047 "-" "-"
13.71.184.165 - - [25/Feb/2026:23:35:40 +0100] "GET /ss.php HTTP/1.1" 404 87047 "-" "-"
13.71.184.165 - - [25/Feb/2026:23:35:41 +0100] "GET /file2.php HTTP/1.1" 404 87047 "-" "-"
13.71.184.165 - - [25/Feb/2026:23:35:41 +0100] "GET /file4.php HTTP/1.1" 404 87047 "-" "-"
13.71.184.165 - - [25/Feb/2026:23:35:42 +0100] "GET /file7.php HTTP/1.1" 404 87047 "-" "-"
13.71.184.165 - - [25/Feb/2026:23:35:43 +0100] "GET /dejavu.php HTTP/1.1" 404 87047 "-" "-"
13.71.184.165 - - [25/Feb/2026:23:35:43 +0100] "GET /CLA.php HTTP/1.1" 404 87047 "-" "-"
13.71.184.165 - - [25/Feb/2026:23:35:44 +0100] "GET /aa.php HTTP/1.1" 404 87047 "-" "-"
13.71.184.165 - - [25/Feb/2026:23:35:44 +0100] "GET /file9.php HTTP/1.1" 404 87047 "-" "-"
13.71.184.165 - - [25/Feb/2026:23:35:45 +0100] "GET /lock.php HTTP/1.1" 404 87047 "-" "-"
13.71.184.165 - - [25/Feb/2026:23:35:46 +0100] "GET /.trash7309/index.php HTTP/1.1" 301 - "-" "-"
13.71.184.165 - - [25/Feb/2026:23:35:46 +0100] "GET /.trash7309/ HTTP/1.1" 404 87047 "-" "-"
13.71.184.165 - - [25/Feb/2026:23:35:47 +0100] "GET /mah.php HTTP/1.1" 404 87047 "-" "-"
13.71.184.165 - - [25/Feb/2026:23:35:47 +0100] "GET /file.php HTTP/1.1" 404 87047 "-" "-"
13.71.184.165 - - [25/Feb/2026:23:35:48 +0100] "GET /file17.php HTTP/1.1" 404 87047 "-" "-"
13.71.184.165 - - [25/Feb/2026:23:35:49 +0100] "GET /footer.php HTTP/1.1" 404 87047 "-" "-"
13.71.184.165 - - [25/Feb/2026:23:35:49 +0100] "GET /file8.php HTTP/1.1" 404 87047 "-" "-"
13.71.184.165 - - [25/Feb/2026:23:35:50 +0100] "GET /wp.php HTTP/1.1" 404 87047 "-" "-"
13.71.184.165 - - [25/Feb/2026:23:35:50 +0100] "GET /wp-conflg.php HTTP/1.1" 404 87047 "-" "-"
185.191.171.6 - - [25/Feb/2026:23:36:04 +0100] "GET /79865142547.htm HTTP/1.1" 404 87047 "-" "Mozilla/5.0 (compatible; SemrushBot/7~bl; +http://www.semrush.com/bot.html)"
23.88.19.39 - - [25/Feb/2026:23:36:20 +0100] "POST /wp-cron.php?doing_wp_cron=1772058980.4377439022064208984375 HTTP/1.1" 404 87047 "-" "WordPress/6.9.1; https://alfouzantransport.com"
185.191.171.16 - - [25/Feb/2026:23:36:20 +0100] "GET /51205270195.htm HTTP/1.1" 404 87047 "-" "Mozilla/5.0 (compatible; SemrushBot/7~bl; +http://www.semrush.com/bot.html)"
66.249.77.38 - - [25/Feb/2026:23:36:28 +0100] "GET /?l=98266147606801 HTTP/1.1" 301 - "-" "Mozilla/5.0 (Linux; Android 6.0.1; Nexus 5X Build/MMB29P) AppleWebKit/537.36 (KHTML, like Gecko) Chrome/144.0.7559.132 Mobile Safari/537.36 (compatible; Googlebot/2.1; +http://www.google.com/bot.html)"
66.249.72.7 - - [25/Feb/2026:23:36:29 +0100] "GET /?l=98266147606801 HTTP/1.1" 200 192282 "-" "Mozilla/5.0 (Linux; Android 6.0.1; Nexus 5X Build/MMB29P) AppleWebKit/537.36 (KHTML, like Gecko) Chrome/144.0.7559.132 Mobile Safari/537.36 (compatible; Googlebot/2.1; +http://www.google.com/bot.html)"
185.191.171.18 - - [25/Feb/2026:23:36:32 +0100] "GET /robots.txt HTTP/1.1" 200 122 "-" "Mozilla/5.0 (compatible; SemrushBot/7~bl; +http://www.semrush.com/bot.html)"
185.191.171.4 - - [25/Feb/2026:23:36:33 +0100] "GET /79865112524.htm HTTP/1.1" 404 87047 "-" "Mozilla/5.0 (compatible; SemrushBot/7~bl; +http://www.semrush.com/bot.html)"
185.191.171.17 - - [25/Feb/2026:23:36:49 +0100] "GET /79865113647.htm HTTP/1.1" 404 87047 "-" "Mozilla/5.0 (compatible; SemrushBot/7~bl; +http://www.semrush.com/bot.html)"
185.191.171.8 - - [25/Feb/2026:23:36:56 +0100] "GET /51205294499.htm HTTP/1.1" 404 87047 "-" "Mozilla/5.0 (compatible; SemrushBot/7~bl; +http://www.semrush.com/bot.html)"
40.77.167.38 - - [25/Feb/2026:23:37:10 +0100] "GET /?l=87099110410900 HTTP/2.0" 301 - "-" "Mozilla/5.0 AppleWebKit/537.36 (KHTML, like Gecko; compatible; bingbot/2.0; +http://www.bing.com/bingbot.htm) Chrome/116.0.1938.76 Safari/537.36"
85.208.96.205 - - [25/Feb/2026:23:37:11 +0100] "GET /51205280474.htm HTTP/1.1" 404 87047 "-" "Mozilla/5.0 (compatible; SemrushBot/7~bl; +http://www.semrush.com/bot.html)"
85.208.96.206 - - [25/Feb/2026:23:37:14 +0100] "GET /79865130814.htm HTTP/1.1" 404 87047 "-" "Mozilla/5.0 (compatible; SemrushBot/7~bl; +http://www.semrush.com/bot.html)"
185.191.171.3 - - [25/Feb/2026:23:37:19 +0100] "GET /51205166624.htm HTTP/1.1" 404 87047 "-" "Mozilla/5.0 (compatible; SemrushBot/7~bl; +http://www.semrush.com/bot.html)"
23.88.19.39 - - [25/Feb/2026:23:37:21 +0100] "POST /wp-cron.php?doing_wp_cron=1772059041.5084059238433837890625 HTTP/1.1" 404 87047 "-" "WordPress/6.9.1; https://alfouzantransport.com"
185.191.171.10 - - [25/Feb/2026:23:37:21 +0100] "GET /7933856439.htm HTTP/1.1" 404 87047 "-" "Mozilla/5.0 (compatible; SemrushBot/7~bl; +http://www.semrush.com/bot.html)"
40.77.167.79 - - [25/Feb/2026:23:37:21 +0100] "GET /?l=40073131925200 HTTP/2.0" 200 192282 "-" "Mozilla/5.0 AppleWebKit/537.36 (KHTML, like Gecko; compatible; bingbot/2.0; +http://www.bing.com/bingbot.htm) Chrome/116.0.1938.76 Safari/537.36"
157.55.39.193 - - [25/Feb/2026:23:37:30 +0100] "GET /?l=30181229732800 HTTP/2.0" 200 192282 "-" "Mozilla/5.0 AppleWebKit/537.36 (KHTML, like Gecko; compatible; bingbot/2.0; +http://www.bing.com/bingbot.htm) Chrome/116.0.1938.76 Safari/537.36"
185.191.171.15 - - [25/Feb/2026:23:37:31 +0100] "GET /88900121745.htm HTTP/1.1" 404 87047 "-" "Mozilla/5.0 (compatible; SemrushBot/7~bl; +http://www.semrush.com/bot.html)"
52.167.144.216 - - [25/Feb/2026:23:37:35 +0100] "GET /?l=68766108125602 HTTP/2.0" 301 - "-" "Mozilla/5.0 AppleWebKit/537.36 (KHTML, like Gecko; compatible; bingbot/2.0; +http://www.bing.com/bingbot.htm) Chrome/116.0.1938.76 Safari/537.36"
52.167.144.216 - - [25/Feb/2026:23:37:36 +0100] "GET /?l=88582292120206 HTTP/2.0" 301 - "-" "Mozilla/5.0 AppleWebKit/537.36 (KHTML, like Gecko; compatible; bingbot/2.0; +http://www.bing.com/bingbot.htm) Chrome/116.0.1938.76 Safari/537.36"
85.208.96.204 - - [25/Feb/2026:23:37:39 +0100] "GET /79338291798.htm HTTP/1.1" 404 87047 "-" "Mozilla/5.0 (compatible; SemrushBot/7~bl; +http://www.semrush.com/bot.html)"
185.191.171.2 - - [25/Feb/2026:23:37:44 +0100] "GET /51205285021.htm HTTP/1.1" 404 87047 "-" "Mozilla/5.0 (compatible; SemrushBot/7~bl; +http://www.semrush.com/bot.html)"
85.208.96.193 - - [25/Feb/2026:23:37:49 +0100] "GET /79865134839.htm HTTP/1.1" 404 87047 "-" "Mozilla/5.0 (compatible; SemrushBot/7~bl; +http://www.semrush.com/bot.html)"
207.46.13.52 - - [25/Feb/2026:23:37:51 +0100] "GET /?l=07036260519803 HTTP/2.0" 200 192282 "-" "Mozilla/5.0 AppleWebKit/537.36 (KHTML, like Gecko; compatible; bingbot/2.0; +http://www.bing.com/bingbot.htm) Chrome/116.0.1938.76 Safari/537.36"
207.46.13.52 - - [25/Feb/2026:23:37:53 +0100] "GET /?l=13180259398903 HTTP/2.0" 200 192282 "-" "Mozilla/5.0 AppleWebKit/537.36 (KHTML, like Gecko; compatible; bingbot/2.0; +http://www.bing.com/bingbot.htm) Chrome/116.0.1938.76 Safari/537.36"
66.249.77.37 - - [25/Feb/2026:23:37:59 +0100] "GET /?l=21729242801200 HTTP/1.1" 301 - "-" "Mozilla/5.0 (Linux; Android 6.0.1; Nexus 5X Build/MMB29P) AppleWebKit/537.36 (KHTML, like Gecko) Chrome/144.0.7559.132 Mobile Safari/537.36 (compatible; Googlebot/2.1; +http://www.google.com/bot.html)"
66.249.72.7 - - [25/Feb/2026:23:38:00 +0100] "GET /?l=21729242801200 HTTP/1.1" 200 192282 "-" "Mozilla/5.0 (Linux; Android 6.0.1; Nexus 5X Build/MMB29P) AppleWebKit/537.36 (KHTML, like Gecko) Chrome/144.0.7559.132 Mobile Safari/537.36 (compatible; Googlebot/2.1; +http://www.google.com/bot.html)"
66.249.72.5 - - [25/Feb/2026:23:38:06 +0100] "GET /wp-includes/css/dist/editor/style.min.css?ver=6.9.1 HTTP/1.1" 200 59559 "https://alfouzantransport.com/?l=21729242801200" "Mozilla/5.0 (Linux; Android 6.0.1; Nexus 5X Build/MMB29P) AppleWebKit/537.36 (KHTML, like Gecko) Chrome/144.0.7559.132 Mobile Safari/537.36 (compatible; Googlebot/2.1; +http://www.google.com/bot.html)"
66.249.77.37 - - [25/Feb/2026:23:38:06 +0100] "GET /?l=66511197193600 HTTP/1.1" 301 - "-" "Mozilla/5.0 (Linux; Android 6.0.1; Nexus 5X Build/MMB29P) AppleWebKit/537.36 (KHTML, like Gecko) Chrome/144.0.7559.132 Mobile Safari/537.36 (compatible; Googlebot/2.1; +http://www.google.com/bot.html)"
66.249.72.5 - - [25/Feb/2026:23:38:07 +0100] "GET /?l=66511197193600 HTTP/1.1" 200 192282 "-" "Mozilla/5.0 (Linux; Android 6.0.1; Nexus 5X Build/MMB29P) AppleWebKit/537.36 (KHTML, like Gecko) Chrome/144.0.7559.132 Mobile Safari/537.36 (compatible; Googlebot/2.1; +http://www.google.com/bot.html)"
66.249.72.5 - - [25/Feb/2026:23:38:14 +0100] "GET /wp-includes/css/dist/editor/style.min.css?ver=6.9.1 HTTP/1.1" 200 59559 "https://alfouzantransport.com/?l=66511197193600" "Mozilla/5.0 (Linux; Android 6.0.1; Nexus 5X Build/MMB29P) AppleWebKit/537.36 (KHTML, like Gecko) Chrome/144.0.7559.132 Mobile Safari/537.36 (compatible; Googlebot/2.1; +http://www.google.com/bot.html)"
23.88.19.39 - - [25/Feb/2026:23:38:21 +0100] "POST /wp-cron.php?doing_wp_cron=1772059101.7000160217285156250000 HTTP/1.1" 404 87047 "-" "WordPress/6.9.1; https://alfouzantransport.com"
185.191.171.15 - - [25/Feb/2026:23:38:21 +0100] "GET /51205257307.htm HTTP/1.1" 404 87047 "-" "Mozilla/5.0 (compatible; SemrushBot/7~bl; +http://www.semrush.com/bot.html)"
85.208.96.193 - - [25/Feb/2026:23:38:24 +0100] "GET /11865150535.htm HTTP/1.1" 404 87047 "-" "Mozilla/5.0 (compatible; SemrushBot/7~bl; +http://www.semrush.com/bot.html)"
85.208.96.202 - - [25/Feb/2026:23:38:30 +0100] "GET /51205275012.htm HTTP/1.1" 404 87047 "-" "Mozilla/5.0 (compatible; SemrushBot/7~bl; +http://www.semrush.com/bot.html)"
40.77.167.74 - - [25/Feb/2026:23:38:35 +0100] "GET /?l=49727180028202 HTTP/2.0" 200 192282 "-" "Mozilla/5.0 AppleWebKit/537.36 (KHTML, like Gecko; compatible; bingbot/2.0; +http://www.bing.com/bingbot.htm) Chrome/116.0.1938.76 Safari/537.36"
85.208.96.202 - - [25/Feb/2026:23:38:36 +0100] "GET /80239274225.htm HTTP/1.1" 404 87047 "-" "Mozilla/5.0 (compatible; SemrushBot/7~bl; +http://www.semrush.com/bot.html)"
85.208.96.193 - - [25/Feb/2026:23:38:53 +0100] "GET /7986596004.htm HTTP/1.1" 404 87047 "-" "Mozilla/5.0 (compatible; SemrushBot/7~bl; +http://www.semrush.com/bot.html)"
185.191.171.15 - - [25/Feb/2026:23:39:04 +0100] "GET /51205297104.htm HTTP/1.1" 404 87047 "-" "Mozilla/5.0 (compatible; SemrushBot/7~bl; +http://www.semrush.com/bot.html)"
85.208.96.198 - - [25/Feb/2026:23:39:13 +0100] "GET /79865110557.htm HTTP/1.1" 404 87047 "-" "Mozilla/5.0 (compatible; SemrushBot/7~bl; +http://www.semrush.com/bot.html)"
23.88.19.39 - - [25/Feb/2026:23:40:05 +0100] "POST /wp-cron.php?doing_wp_cron=1772059205.3055510520935058593750 HTTP/1.1" 404 87047 "-" "WordPress/6.9.1; https://alfouzantransport.com"
185.191.171.18 - - [25/Feb/2026:23:40:04 +0100] "GET /79865143881.htm HTTP/1.1" 404 87047 "-" "Mozilla/5.0 (compatible; SemrushBot/7~bl; +http://www.semrush.com/bot.html)"
40.77.167.79 - - [25/Feb/2026:23:40:19 +0100] "GET /?l=77287215618702 HTTP/2.0" 200 192282 "-" "Mozilla/5.0 AppleWebKit/537.36 (KHTML, like Gecko; compatible; bingbot/2.0; +http://www.bing.com/bingbot.htm) Chrome/116.0.1938.76 Safari/537.36"
185.191.171.16 - - [25/Feb/2026:23:40:22 +0100] "GET /11865174038.htm HTTP/1.1" 404 87047 "-" "Mozilla/5.0 (compatible; SemrushBot/7~bl; +http://www.semrush.com/bot.html)"
85.208.96.210 - - [25/Feb/2026:23:40:32 +0100] "GET /80239188656.htm HTTP/1.1" 404 87047 "-" "Mozilla/5.0 (compatible; SemrushBot/7~bl; +http://www.semrush.com/bot.html)"
85.208.96.194 - - [25/Feb/2026:23:40:41 +0100] "GET /7933876339.htm HTTP/1.1" 404 87047 "-" "Mozilla/5.0 (compatible; SemrushBot/7~bl; +http://www.semrush.com/bot.html)"
185.191.171.9 - - [25/Feb/2026:23:40:56 +0100] "GET /11865150633.htm HTTP/1.1" 404 87047 "-" "Mozilla/5.0 (compatible; SemrushBot/7~bl; +http://www.semrush.com/bot.html)"
185.191.171.12 - - [25/Feb/2026:23:41:01 +0100] "GET /11865152804.htm HTTP/1.1" 404 87047 "-" "Mozilla/5.0 (compatible; SemrushBot/7~bl; +http://www.semrush.com/bot.html)"
23.88.19.39 - - [25/Feb/2026:23:41:05 +0100] "POST /wp-cron.php?doing_wp_cron=1772059265.4102010726928710937500 HTTP/1.1" 404 87047 "-" "WordPress/6.9.1; https://alfouzantransport.com"
66.249.77.36 - - [25/Feb/2026:23:41:05 +0100] "GET /?l=1947718198005 HTTP/1.1" 301 - "-" "Mozilla/5.0 (Linux; Android 6.0.1; Nexus 5X Build/MMB29P) AppleWebKit/537.36 (KHTML, like Gecko) Chrome/144.0.7559.132 Mobile Safari/537.36 (compatible; Googlebot/2.1; +http://www.google.com/bot.html)"
66.249.72.5 - - [25/Feb/2026:23:41:06 +0100] "GET /?l=1947718198005 HTTP/1.1" 200 192282 "-" "Mozilla/5.0 (Linux; Android 6.0.1; Nexus 5X Build/MMB29P) AppleWebKit/537.36 (KHTML, like Gecko) Chrome/144.0.7559.132 Mobile Safari/537.36 (compatible; Googlebot/2.1; +http://www.google.com/bot.html)"
185.191.171.14 - - [25/Feb/2026:23:41:15 +0100] "GET /7986569286.htm HTTP/1.1" 404 87047 "-" "Mozilla/5.0 (compatible; SemrushBot/7~bl; +http://www.semrush.com/bot.html)"
185.191.171.14 - - [25/Feb/2026:23:41:24 +0100] "GET /79865288223.htm HTTP/1.1" 404 87047 "-" "Mozilla/5.0 (compatible; SemrushBot/7~bl; +http://www.semrush.com/bot.html)"
85.208.96.196 - - [25/Feb/2026:23:41:32 +0100] "GET /11865157437.htm HTTP/1.1" 404 87047 "-" "Mozilla/5.0 (compatible; SemrushBot/7~bl; +http://www.semrush.com/bot.html)"
85.208.96.195 - - [25/Feb/2026:23:41:41 +0100] "GET /80239130335.htm HTTP/1.1" 404 87047 "-" "Mozilla/5.0 (compatible; SemrushBot/7~bl; +http://www.semrush.com/bot.html)"
85.208.96.198 - - [25/Feb/2026:23:41:57 +0100] "GET /79865300166.htm HTTP/1.1" 404 87047 "-" "Mozilla/5.0 (compatible; SemrushBot/7~bl; +http://www.semrush.com/bot.html)"
85.208.96.193 - - [25/Feb/2026:23:42:01 +0100] "GET /51205174661.htm HTTP/1.1" 404 87047 "-" "Mozilla/5.0 (compatible; SemrushBot/7~bl; +http://www.semrush.com/bot.html)"
23.88.19.39 - - [25/Feb/2026:23:42:14 +0100] "POST /wp-cron.php?doing_wp_cron=1772059334.0246870517730712890625 HTTP/1.1" 404 87047 "-" "WordPress/6.9.1; https://alfouzantransport.com"
85.208.96.205 - - [25/Feb/2026:23:42:13 +0100] "GET /80239215750.htm HTTP/1.1" 404 87047 "-" "Mozilla/5.0 (compatible; SemrushBot/7~bl; +http://www.semrush.com/bot.html)"
185.191.171.14 - - [25/Feb/2026:23:42:16 +0100] "GET /7933832461.htm HTTP/1.1" 404 87047 "-" "Mozilla/5.0 (compatible; SemrushBot/7~bl; +http://www.semrush.com/bot.html)"
85.208.96.198 - - [25/Feb/2026:23:42:26 +0100] "GET /51205225132.htm HTTP/1.1" 404 87047 "-" "Mozilla/5.0 (compatible; SemrushBot/7~bl; +http://www.semrush.com/bot.html)"
85.208.96.199 - - [25/Feb/2026:23:42:29 +0100] "GET /51205220093.htm HTTP/1.1" 404 87047 "-" "Mozilla/5.0 (compatible; SemrushBot/7~bl; +http://www.semrush.com/bot.html)"
85.208.96.193 - - [25/Feb/2026:23:42:31 +0100] "GET /798654113.htm HTTP/1.1" 404 87047 "-" "Mozilla/5.0 (compatible; SemrushBot/7~bl; +http://www.semrush.com/bot.html)"
40.77.167.243 - - [25/Feb/2026:23:42:31 +0100] "GET /?l=38472242231400 HTTP/2.0" 301 - "-" "Mozilla/5.0 AppleWebKit/537.36 (KHTML, like Gecko; compatible; bingbot/2.0; +http://www.bing.com/bingbot.htm) Chrome/116.0.1938.76 Safari/537.36"
85.208.96.202 - - [25/Feb/2026:23:42:53 +0100] "GET /7933899280.htm HTTP/1.1" 404 87047 "-" "Mozilla/5.0 (compatible; SemrushBot/7~bl; +http://www.semrush.com/bot.html)"
52.167.144.216 - - [25/Feb/2026:23:43:06 +0100] "GET /?l=92108158292203 HTTP/2.0" 301 - "-" "Mozilla/5.0 AppleWebKit/537.36 (KHTML, like Gecko; compatible; bingbot/2.0; +http://www.bing.com/bingbot.htm) Chrome/116.0.1938.76 Safari/537.36"
207.46.13.141 - - [25/Feb/2026:23:43:10 +0100] "GET /?l=70790118490000 HTTP/2.0" 301 - "-" "Mozilla/5.0 AppleWebKit/537.36 (KHTML, like Gecko; compatible; bingbot/2.0; +http://www.bing.com/bingbot.htm) Chrome/116.0.1938.76 Safari/537.36"
40.77.167.243 - - [25/Feb/2026:23:43:11 +0100] "GET /?l=78911204492605 HTTP/2.0" 301 - "-" "Mozilla/5.0 AppleWebKit/537.36 (KHTML, like Gecko; compatible; bingbot/2.0; +http://www.bing.com/bingbot.htm) Chrome/116.0.1938.76 Safari/537.36"
85.208.96.207 - - [25/Feb/2026:23:43:13 +0100] "GET /7986569780.htm HTTP/1.1" 404 87047 "-" "Mozilla/5.0 (compatible; SemrushBot/7~bl; +http://www.semrush.com/bot.html)"
23.88.19.39 - - [25/Feb/2026:23:43:15 +0100] "POST /wp-cron.php?doing_wp_cron=1772059395.9046359062194824218750 HTTP/1.1" 404 87047 "-" "WordPress/6.9.1; https://alfouzantransport.com"
185.191.171.13 - - [25/Feb/2026:23:43:15 +0100] "GET /51205257472.htm HTTP/1.1" 404 87047 "-" "Mozilla/5.0 (compatible; SemrushBot/7~bl; +http://www.semrush.com/bot.html)"
207.46.13.52 - - [25/Feb/2026:23:43:20 +0100] "GET /?l=70790118490000 HTTP/2.0" 200 192282 "-" "Mozilla/5.0 AppleWebKit/537.36 (KHTML, like Gecko; compatible; bingbot/2.0; +http://www.bing.com/bingbot.htm) Chrome/116.0.1938.76 Safari/537.36"
85.208.96.205 - - [25/Feb/2026:23:44:06 +0100] "GET /79865108559.htm HTTP/1.1" 404 87047 "-" "Mozilla/5.0 (compatible; SemrushBot/7~bl; +http://www.semrush.com/bot.html)"
23.88.19.39 - - [25/Feb/2026:23:44:16 +0100] "POST /wp-cron.php?doing_wp_cron=1772059456.3860840797424316406250 HTTP/1.1" 404 87047 "-" "WordPress/6.9.1; https://alfouzantransport.com"
185.191.171.1 - - [25/Feb/2026:23:44:16 +0100] "GET /80239134229.htm HTTP/1.1" 404 87047 "-" "Mozilla/5.0 (compatible; SemrushBot/7~bl; +http://www.semrush.com/bot.html)"
85.208.96.212 - - [25/Feb/2026:23:44:19 +0100] "GET /79338171131.htm HTTP/1.1" 404 87047 "-" "Mozilla/5.0 (compatible; SemrushBot/7~bl; +http://www.semrush.com/bot.html)"
207.46.13.141 - - [25/Feb/2026:23:44:20 +0100] "GET /?l=0127316416002 HTTP/2.0" 301 - "-" "Mozilla/5.0 AppleWebKit/537.36 (KHTML, like Gecko; compatible; bingbot/2.0; +http://www.bing.com/bingbot.htm) Chrome/116.0.1938.76 Safari/537.36"
40.77.167.17 - - [25/Feb/2026:23:44:31 +0100] "GET /?l=04001243276609 HTTP/2.0" 200 192282 "-" "Mozilla/5.0 AppleWebKit/537.36 (KHTML, like Gecko; compatible; bingbot/2.0; +http://www.bing.com/bingbot.htm) Chrome/116.0.1938.76 Safari/537.36"
85.208.96.210 - - [25/Feb/2026:23:45:01 +0100] "GET /51205227960.htm HTTP/1.1" 404 87047 "-" "Mozilla/5.0 (compatible; SemrushBot/7~bl; +http://www.semrush.com/bot.html)"
85.208.96.196 - - [25/Feb/2026:23:45:08 +0100] "GET /7986553693.htm HTTP/1.1" 404 87047 "-" "Mozilla/5.0 (compatible; SemrushBot/7~bl; +http://www.semrush.com/bot.html)"
185.191.171.10 - - [25/Feb/2026:23:45:11 +0100] "GET /51205256341.htm HTTP/1.1" 404 87047 "-" "Mozilla/5.0 (compatible; SemrushBot/7~bl; +http://www.semrush.com/bot.html)"
207.46.13.52 - - [25/Feb/2026:23:45:11 +0100] "GET /?l=27697190103000 HTTP/2.0" 200 192282 "-" "Mozilla/5.0 AppleWebKit/537.36 (KHTML, like Gecko; compatible; bingbot/2.0; +http://www.bing.com/bingbot.htm) Chrome/116.0.1938.76 Safari/537.36"
23.88.19.39 - - [25/Feb/2026:23:45:16 +0100] "POST /wp-cron.php?doing_wp_cron=1772059516.8009591102600097656250 HTTP/1.1" 404 87047 "-" "WordPress/6.9.1; https://alfouzantransport.com"
52.167.144.17 - - [25/Feb/2026:23:45:16 +0100] "GET /?l=79786192629003 HTTP/2.0" 200 192282 "-" "Mozilla/5.0 AppleWebKit/537.36 (KHTML, like Gecko; compatible; bingbot/2.0; +http://www.bing.com/bingbot.htm) Chrome/116.0.1938.76 Safari/537.36"
85.208.96.201 - - [25/Feb/2026:23:45:18 +0100] "GET /7986573010.htm HTTP/1.1" 404 87047 "-" "Mozilla/5.0 (compatible; SemrushBot/7~bl; +http://www.semrush.com/bot.html)"
207.46.13.141 - - [25/Feb/2026:23:45:21 +0100] "GET /?l=41876296221802 HTTP/2.0" 301 - "-" "Mozilla/5.0 AppleWebKit/537.36 (KHTML, like Gecko; compatible; bingbot/2.0; +http://www.bing.com/bingbot.htm) Chrome/116.0.1938.76 Safari/537.36"
52.167.144.216 - - [25/Feb/2026:23:45:25 +0100] "GET /?l=57498265393202 HTTP/2.0" 301 - "-" "Mozilla/5.0 AppleWebKit/537.36 (KHTML, like Gecko; compatible; bingbot/2.0; +http://www.bing.com/bingbot.htm) Chrome/116.0.1938.76 Safari/537.36"
85.208.96.203 - - [25/Feb/2026:23:45:31 +0100] "GET /51205220119.htm HTTP/1.1" 404 87047 "-" "Mozilla/5.0 (compatible; SemrushBot/7~bl; +http://www.semrush.com/bot.html)"
85.208.96.207 - - [25/Feb/2026:23:45:33 +0100] "GET /79865150523.htm HTTP/1.1" 404 87047 "-" "Mozilla/5.0 (compatible; SemrushBot/7~bl; +http://www.semrush.com/bot.html)"
85.208.96.199 - - [25/Feb/2026:23:45:46 +0100] "GET /7986529826.htm HTTP/1.1" 404 87047 "-" "Mozilla/5.0 (compatible; SemrushBot/7~bl; +http://www.semrush.com/bot.html)"
185.191.171.17 - - [25/Feb/2026:23:45:55 +0100] "GET /7933892685.htm HTTP/1.1" 404 87047 "-" "Mozilla/5.0 (compatible; SemrushBot/7~bl; +http://www.semrush.com/bot.html)"
85.208.96.198 - - [25/Feb/2026:23:46:06 +0100] "GET /79865129825.htm HTTP/1.1" 404 87047 "-" "Mozilla/5.0 (compatible; SemrushBot/7~bl; +http://www.semrush.com/bot.html)"
66.249.77.37 - - [25/Feb/2026:23:46:14 +0100] "GET /?l=37013101609003 HTTP/1.1" 301 - "-" "Mozilla/5.0 (Linux; Android 6.0.1; Nexus 5X Build/MMB29P) AppleWebKit/537.36 (KHTML, like Gecko) Chrome/144.0.7559.132 Mobile Safari/537.36 (compatible; Googlebot/2.1; +http://www.google.com/bot.html)"
66.249.72.7 - - [25/Feb/2026:23:46:15 +0100] "GET /?l=37013101609003 HTTP/1.1" 200 192282 "-" "Mozilla/5.0 (Linux; Android 6.0.1; Nexus 5X Build/MMB29P) AppleWebKit/537.36 (KHTML, like Gecko) Chrome/144.0.7559.132 Mobile Safari/537.36 (compatible; Googlebot/2.1; +http://www.google.com/bot.html)"
23.88.19.39 - - [25/Feb/2026:23:46:23 +0100] "POST /wp-cron.php?doing_wp_cron=1772059583.1794440746307373046875 HTTP/1.1" 404 87047 "-" "WordPress/6.9.1; https://alfouzantransport.com"
85.208.96.212 - - [25/Feb/2026:23:46:22 +0100] "GET /253306940.htm HTTP/1.1" 404 87047 "-" "Mozilla/5.0 (compatible; SemrushBot/7~bl; +http://www.semrush.com/bot.html)"
85.208.96.205 - - [25/Feb/2026:23:46:25 +0100] "GET /51205187903.htm HTTP/1.1" 404 87047 "-" "Mozilla/5.0 (compatible; SemrushBot/7~bl; +http://www.semrush.com/bot.html)"
52.167.144.17 - - [25/Feb/2026:23:46:25 +0100] "GET /?l=18814167929204 HTTP/2.0" 200 192282 "-" "Mozilla/5.0 AppleWebKit/537.36 (KHTML, like Gecko; compatible; bingbot/2.0; +http://www.bing.com/bingbot.htm) Chrome/116.0.1938.76 Safari/537.36"
66.249.72.5 - - [25/Feb/2026:23:46:25 +0100] "GET /wp-content/themes/production-factory/assets/js/swiper-bundle.js?ver=1 HTTP/1.1" 200 339611 "https://alfouzantransport.com/?l=37013101609003" "Mozilla/5.0 (Linux; Android 6.0.1; Nexus 5X Build/MMB29P) AppleWebKit/537.36 (KHTML, like Gecko) Chrome/144.0.7559.132 Mobile Safari/537.36 (compatible; Googlebot/2.1; +http://www.google.com/bot.html)"
185.191.171.10 - - [25/Feb/2026:23:46:32 +0100] "GET /51205175689.htm HTTP/1.1" 404 87047 "-" "Mozilla/5.0 (compatible; SemrushBot/7~bl; +http://www.semrush.com/bot.html)"
85.208.96.203 - - [25/Feb/2026:23:46:34 +0100] "GET /79865123459.htm HTTP/1.1" 404 87047 "-" "Mozilla/5.0 (compatible; SemrushBot/7~bl; +http://www.semrush.com/bot.html)"
85.208.96.196 - - [25/Feb/2026:23:46:42 +0100] "GET /11865154412.htm HTTP/1.1" 404 87047 "-" "Mozilla/5.0 (compatible; SemrushBot/7~bl; +http://www.semrush.com/bot.html)"
207.46.13.36 - - [25/Feb/2026:23:47:01 +0100] "GET /?l=57303123426607 HTTP/2.0" 301 - "-" "Mozilla/5.0 AppleWebKit/537.36 (KHTML, like Gecko; compatible; bingbot/2.0; +http://www.bing.com/bingbot.htm) Chrome/116.0.1938.76 Safari/537.36"
207.46.13.52 - - [25/Feb/2026:23:47:11 +0100] "GET /?l=57303123426607 HTTP/2.0" 200 192282 "-" "Mozilla/5.0 AppleWebKit/537.36 (KHTML, like Gecko; compatible; bingbot/2.0; +http://www.bing.com/bingbot.htm) Chrome/116.0.1938.76 Safari/537.36"
85.208.96.198 - - [25/Feb/2026:23:47:18 +0100] "GET /1186521283.htm HTTP/1.1" 404 87047 "-" "Mozilla/5.0 (compatible; SemrushBot/7~bl; +http://www.semrush.com/bot.html)"
85.208.96.205 - - [25/Feb/2026:23:47:21 +0100] "GET /7933822634.htm HTTP/1.1" 404 87047 "-" "Mozilla/5.0 (compatible; SemrushBot/7~bl; +http://www.semrush.com/bot.html)"
23.88.19.39 - - [25/Feb/2026:23:47:32 +0100] "POST /wp-cron.php?doing_wp_cron=1772059652.1242060661315917968750 HTTP/1.1" 404 87047 "-" "WordPress/6.9.1; https://alfouzantransport.com"
207.46.13.36 - - [25/Feb/2026:23:47:31 +0100] "GET /?l=84207279945400 HTTP/2.0" 301 - "-" "Mozilla/5.0 AppleWebKit/537.36 (KHTML, like Gecko; compatible; bingbot/2.0; +http://www.bing.com/bingbot.htm) Chrome/116.0.1938.76 Safari/537.36"
207.46.13.52 - - [25/Feb/2026:23:47:42 +0100] "GET /?l=84207279945400 HTTP/2.0" 200 192282 "-" "Mozilla/5.0 AppleWebKit/537.36 (KHTML, like Gecko; compatible; bingbot/2.0; +http://www.bing.com/bingbot.htm) Chrome/116.0.1938.76 Safari/537.36"
85.208.96.203 - - [25/Feb/2026:23:47:49 +0100] "GET /79865164760.htm HTTP/1.1" 404 87047 "-" "Mozilla/5.0 (compatible; SemrushBot/7~bl; +http://www.semrush.com/bot.html)"
40.77.167.243 - - [25/Feb/2026:23:47:51 +0100] "GET /?l=92097133706008 HTTP/2.0" 301 - "-" "Mozilla/5.0 AppleWebKit/537.36 (KHTML, like Gecko; compatible; bingbot/2.0; +http://www.bing.com/bingbot.htm) Chrome/116.0.1938.76 Safari/537.36"
52.167.144.238 - - [25/Feb/2026:23:48:06 +0100] "GET /?l=191706686404 HTTP/2.0" 301 - "-" "Mozilla/5.0 AppleWebKit/537.36 (KHTML, like Gecko; compatible; bingbot/2.0; +http://www.bing.com/bingbot.htm) Chrome/116.0.1938.76 Safari/537.36"
85.208.96.195 - - [25/Feb/2026:23:48:27 +0100] "GET /79338280382.htm HTTP/1.1" 404 87047 "-" "Mozilla/5.0 (compatible; SemrushBot/7~bl; +http://www.semrush.com/bot.html)"
185.191.171.11 - - [25/Feb/2026:23:48:31 +0100] "GET /79338273435.htm HTTP/1.1" 404 87047 "-" "Mozilla/5.0 (compatible; SemrushBot/7~bl; +http://www.semrush.com/bot.html)"
