File: /home/alfouzantranspor/access-logs/alfouzantransport.com
74.7.227.39 - - [02/Mar/2026:13:28:13 +0100] "GET /wap/forward HTTP/1.1" 301 253 "https://alfouzantransport.com" "Mozilla/5.0 AppleWebKit/537.36 (KHTML, like Gecko; compatible; GPTBot/1.3; +https://openai.com/gptbot)"
74.7.227.39 - - [02/Mar/2026:13:28:59 +0100] "GET /shujuku/phome.php HTTP/1.1" 301 259 "https://alfouzantransport.com" "Mozilla/5.0 AppleWebKit/537.36 (KHTML, like Gecko; compatible; GPTBot/1.3; +https://openai.com/gptbot)"
74.7.227.39 - - [02/Mar/2026:13:34:08 +0100] "GET /static/js/user.js HTTP/1.1" 301 259 "https://alfouzantransport.com" "Mozilla/5.0 AppleWebKit/537.36 (KHTML, like Gecko; compatible; GPTBot/1.3; +https://openai.com/gptbot)"
74.7.227.39 - - [02/Mar/2026:13:35:31 +0100] "GET /api/currency/quotation_new HTTP/1.1" 301 268 "https://alfouzantransport.com" "Mozilla/5.0 AppleWebKit/537.36 (KHTML, like Gecko; compatible; GPTBot/1.3; +https://openai.com/gptbot)"
74.7.227.39 - - [02/Mar/2026:13:36:51 +0100] "GET /api/index HTTP/1.1" 301 251 "https://alfouzantransport.com" "Mozilla/5.0 AppleWebKit/537.36 (KHTML, like Gecko; compatible; GPTBot/1.3; +https://openai.com/gptbot)"
74.7.227.39 - - [02/Mar/2026:13:41:26 +0100] "GET /static/js/config.js HTTP/1.1" 301 261 "https://alfouzantransport.com" "Mozilla/5.0 AppleWebKit/537.36 (KHTML, like Gecko; compatible; GPTBot/1.3; +https://openai.com/gptbot)"
74.7.227.39 - - [02/Mar/2026:13:41:27 +0100] "GET /assets/js/dmshub.js HTTP/1.1" 301 261 "https://alfouzantransport.com" "Mozilla/5.0 AppleWebKit/537.36 (KHTML, like Gecko; compatible; GPTBot/1.3; +https://openai.com/gptbot)"
74.7.227.39 - - [02/Mar/2026:13:41:27 +0100] "GET /room/script/face.js HTTP/1.1" 301 261 "https://alfouzantransport.com" "Mozilla/5.0 AppleWebKit/537.36 (KHTML, like Gecko; compatible; GPTBot/1.3; +https://openai.com/gptbot)"
74.7.230.29 - - [02/Mar/2026:14:22:53 +0100] "GET /robots.txt HTTP/1.1" 301 248 "-" "Mozilla/5.0 (Macintosh; Intel Mac OS X 10_15_7) AppleWebKit/537.36 (KHTML, like Gecko) Chrome/131.0.0.0 Safari/537.36; compatible; OAI-SearchBot/1.3; robots.txt; +https://openai.com/searchbot"
104.28.156.106 - - [02/Mar/2026:14:24:09 +0100] "HEAD / HTTP/1.1" 301 - "https://alfouzantransport.com/" "Mozilla/5.0 (Windows NT 10.0; Win64; x64) AppleWebKit/537.36 (KHTML, like Gecko) Chrome/91.0.4472.124 Safari/537.36"
27.115.124.109 - - [02/Mar/2026:14:42:07 +0100] "GET /wp-content/plugins/pwnd/acp.php HTTP/1.1" 301 269 "-" "Mozilla/5.0 (Linux; Android 11; CPH2185) AppleWebKit/537.36 (KHTML, like Gecko) Chrome/91.0.4472.101 Mobile Safari/537.36"
43.166.136.153 - - [02/Mar/2026:14:43:05 +0100] "GET / HTTP/1.1" 301 238 "-" "Mozilla/5.0 (iPhone; CPU iPhone OS 13_2_3 like Mac OS X) AppleWebKit/605.1.15 (KHTML, like Gecko) Version/13.0.3 Mobile/15E148 Safari/604.1"
27.115.124.45 - - [02/Mar/2026:14:46:48 +0100] "GET / HTTP/1.1" 301 238 "-" "Mozilla/5.0 (Linux; Android 10; HUAWEI P30 Pro) AppleWebKit/537.36 (KHTML, like Gecko) Chrome/89.0.4389.105 Mobile Safari/537.36"
74.7.228.48 - - [02/Mar/2026:15:01:15 +0100] "GET /robots.txt HTTP/1.1" 301 252 "-" "Mozilla/5.0 (Macintosh; Intel Mac OS X 10_15_7) AppleWebKit/537.36 (KHTML, like Gecko) Chrome/131.0.0.0 Safari/537.36; compatible; OAI-SearchBot/1.3; robots.txt; +https://openai.com/searchbot"
74.7.227.39 - - [02/Mar/2026:15:02:10 +0100] "GET / HTTP/1.1" 301 242 "https://alfouzantransport.com" "Mozilla/5.0 AppleWebKit/537.36 (KHTML, like Gecko; compatible; GPTBot/1.3; +https://openai.com/gptbot)"
138.197.172.22 - - [02/Mar/2026:15:03:28 +0100] "GET / HTTP/1.1" 301 238 "-" "Mozilla/5.0 (X11; Linux x86_64) AppleWebKit/537.36 (KHTML, like Gecko) Chrome/142.0.0.0 Safari/537.36"
138.197.172.22 - - [02/Mar/2026:15:03:28 +0100] "GET /favicon.ico HTTP/1.1" 301 249 "http://alfouzantransport.com/" "Mozilla/5.0 (X11; Linux x86_64) AppleWebKit/537.36 (KHTML, like Gecko) Chrome/142.0.0.0 Safari/537.36"
74.7.227.39 - - [02/Mar/2026:15:13:32 +0100] "GET /FCKeditor/fckconfig.js HTTP/1.1" 301 264 "https://alfouzantransport.com" "Mozilla/5.0 AppleWebKit/537.36 (KHTML, like Gecko; compatible; GPTBot/1.3; +https://openai.com/gptbot)"
104.28.156.106 - - [02/Mar/2026:15:13:36 +0100] "HEAD / HTTP/1.1" 301 - "https://alfouzantransport.com/" "Mozilla/5.0 (Windows NT 10.0; Win64; x64) AppleWebKit/537.36 (KHTML, like Gecko) Chrome/91.0.4472.124 Safari/537.36"
104.28.156.106 - - [02/Mar/2026:15:15:16 +0100] "HEAD / HTTP/1.1" 301 - "https://alfouzantransport.com/" "Mozilla/5.0 (Windows NT 10.0; Win64; x64) AppleWebKit/537.36 (KHTML, like Gecko) Chrome/91.0.4472.124 Safari/537.36"
104.28.156.106 - - [02/Mar/2026:15:18:16 +0100] "HEAD / HTTP/1.1" 301 - "https://alfouzantransport.com/" "Mozilla/5.0 (Windows NT 10.0; Win64; x64) AppleWebKit/537.36 (KHTML, like Gecko) Chrome/91.0.4472.124 Safari/537.36"
104.28.156.106 - - [02/Mar/2026:15:18:43 +0100] "HEAD / HTTP/1.1" 301 - "https://alfouzantransport.com/" "Mozilla/5.0 (Windows NT 10.0; Win64; x64) AppleWebKit/537.36 (KHTML, like Gecko) Chrome/91.0.4472.124 Safari/537.36"
74.7.227.39 - - [02/Mar/2026:15:19:36 +0100] "GET /views/commData/commonSite.js HTTP/1.1" 301 270 "https://alfouzantransport.com" "Mozilla/5.0 AppleWebKit/537.36 (KHTML, like Gecko; compatible; GPTBot/1.3; +https://openai.com/gptbot)"
104.28.156.106 - - [02/Mar/2026:15:19:45 +0100] "HEAD / HTTP/1.1" 301 - "https://alfouzantransport.com/" "Mozilla/5.0 (Windows NT 10.0; Win64; x64) AppleWebKit/537.36 (KHTML, like Gecko) Chrome/91.0.4472.124 Safari/537.36"
104.28.156.106 - - [02/Mar/2026:15:21:02 +0100] "HEAD / HTTP/1.1" 301 - "https://alfouzantransport.com/" "Mozilla/5.0 (Windows NT 10.0; Win64; x64) AppleWebKit/537.36 (KHTML, like Gecko) Chrome/91.0.4472.124 Safari/537.36"
104.28.156.106 - - [02/Mar/2026:15:21:03 +0100] "POST /wp-login.php HTTP/1.1" 301 250 "https://www.google.com/" "Mozilla/5.0 (Windows NT 10.0; Win64; x64) AppleWebKit/537.36 (KHTML, like Gecko) Chrome/91.0.4472.124 Safari/537.36"
104.28.156.106 - - [02/Mar/2026:15:21:05 +0100] "POST /wp-login.php HTTP/1.1" 301 250 "http://alfouzantransport.com/wp-admin/" "Mozilla/5.0 (Windows NT 10.0; Win64; x64) AppleWebKit/537.36 (KHTML, like Gecko) Chrome/90.0.4430.85 Safari/537.36"
104.28.156.106 - - [02/Mar/2026:15:21:05 +0100] "GET /wp-admin/ HTTP/1.1" 301 247 "https://www.google.com/" "Mozilla/5.0 (Windows NT 10.0; Win64; x64) AppleWebKit/537.36 (KHTML, like Gecko) Chrome/91.0.4472.124 Safari/537.36"
104.28.156.106 - - [02/Mar/2026:15:21:07 +0100] "GET /wp-admin/plugin-install.php?tab=upload HTTP/1.1" 301 276 "https://www.google.com/" "Mozilla/5.0 (Windows NT 10.0; Win64; x64) AppleWebKit/537.36 (KHTML, like Gecko) Chrome/91.0.4472.124 Safari/537.36"
104.28.156.106 - - [02/Mar/2026:15:21:08 +0100] "GET /wp-admin/ HTTP/1.1" 301 247 "-" "Mozilla/5.0 (Windows NT 10.0; Win64; x64) AppleWebKit/537.36 (KHTML, like Gecko) Chrome/133.0.0.0 Safari/537.36"
104.28.156.106 - - [02/Mar/2026:15:21:10 +0100] "GET /wp-admin/plugin-install.php HTTP/1.1" 301 265 "-" "Mozilla/5.0 (Windows NT 10.0; Win64; x64) AppleWebKit/537.36 (KHTML, like Gecko) Chrome/133.0.0.0 Safari/537.36"
104.28.156.106 - - [02/Mar/2026:15:21:12 +0100] "GET /wp-admin/theme-install.php?tab=upload HTTP/1.1" 301 275 "https://www.google.com/" "Mozilla/5.0 (Windows NT 10.0; Win64; x64) AppleWebKit/537.36 (KHTML, like Gecko) Chrome/91.0.4472.124 Safari/537.36"
104.28.156.106 - - [02/Mar/2026:15:21:13 +0100] "GET /wp-admin/ HTTP/1.1" 301 247 "-" "Mozilla/5.0 (Windows NT 10.0; Win64; x64) AppleWebKit/537.36 (KHTML, like Gecko) Chrome/133.0.0.0 Safari/537.36"
104.28.156.106 - - [02/Mar/2026:15:21:14 +0100] "GET /wp-admin/plugin-install.php HTTP/1.1" 301 265 "-" "Mozilla/5.0 (Windows NT 10.0; Win64; x64) AppleWebKit/537.36 (KHTML, like Gecko) Chrome/133.0.0.0 Safari/537.36"
104.28.156.106 - - [02/Mar/2026:15:21:16 +0100] "POST /wp-admin/admin-ajax.php HTTP/1.1" 301 261 "http://alfouzantransport.com/wp-admin/plugin-editor.php" "Mozilla/5.0 (Windows NT 10.0; Win64; x64) AppleWebKit/537.36 (KHTML, like Gecko) Chrome/138.0.0.0 Safari/537.36"
104.28.156.106 - - [02/Mar/2026:15:21:17 +0100] "GET /wp-admin/plugin-editor.php HTTP/1.1" 301 264 "http://alfouzantransport.com/wp-admin/plugin-editor.php" "Mozilla/5.0 (Windows NT 10.0; Win64; x64) AppleWebKit/537.36 (KHTML, like Gecko) Chrome/138.0.0.0 Safari/537.36"
104.28.156.106 - - [02/Mar/2026:15:22:10 +0100] "HEAD / HTTP/1.1" 301 - "https://alfouzantransport.com/" "Mozilla/5.0 (Windows NT 10.0; Win64; x64) AppleWebKit/537.36 (KHTML, like Gecko) Chrome/91.0.4472.124 Safari/537.36"
74.7.227.39 - - [02/Mar/2026:15:24:30 +0100] "GET /Public/Home/js/cls.js HTTP/1.1" 301 263 "https://alfouzantransport.com" "Mozilla/5.0 AppleWebKit/537.36 (KHTML, like Gecko; compatible; GPTBot/1.3; +https://openai.com/gptbot)"
47.84.36.97 - - [02/Mar/2026:15:29:51 +0100] "POST /wp-login.php HTTP/1.1" 301 250 "http://alfouzantransport.com/wp-admin/" "Mozilla/5.0 (Windows NT 10.0; Win64; x64) AppleWebKit/537.36 (KHTML, like Gecko) Chrome/90.0.4430.85 Safari/537.36"
104.28.156.106 - - [02/Mar/2026:15:30:26 +0100] "HEAD / HTTP/1.1" 301 - "https://alfouzantransport.com/" "Mozilla/5.0 (Windows NT 10.0; Win64; x64) AppleWebKit/537.36 (KHTML, like Gecko) Chrome/91.0.4472.124 Safari/537.36"
104.28.156.106 - - [02/Mar/2026:15:31:58 +0100] "HEAD / HTTP/1.1" 301 - "https://alfouzantransport.com/" "Mozilla/5.0 (Windows NT 10.0; Win64; x64) AppleWebKit/537.36 (KHTML, like Gecko) Chrome/91.0.4472.124 Safari/537.36"
74.7.227.39 - - [02/Mar/2026:15:32:53 +0100] "GET /Template/Mobile/js/main.js HTTP/1.1" 301 268 "https://alfouzantransport.com" "Mozilla/5.0 AppleWebKit/537.36 (KHTML, like Gecko; compatible; GPTBot/1.3; +https://openai.com/gptbot)"
104.28.156.106 - - [02/Mar/2026:15:39:31 +0100] "HEAD / HTTP/1.1" 301 - "https://alfouzantransport.com/" "Mozilla/5.0 (Windows NT 10.0; Win64; x64) AppleWebKit/537.36 (KHTML, like Gecko) Chrome/91.0.4472.124 Safari/537.36"
104.143.84.54 - - [02/Mar/2026:15:40:36 +0100] "GET / HTTP/1.1" 301 238 "-" "Mozilla/5.0 (X11; Ubuntu; Linux x86_64; rv:126.0) Gecko/20100101 Firefox/126.0"
104.143.84.54 - - [02/Mar/2026:15:40:36 +0100] "GET / HTTP/1.1" 301 242 "-" "Mozilla/5.0 (X11; Ubuntu; Linux x86_64; rv:126.0) Gecko/20100101 Firefox/126.0"
104.28.156.106 - - [02/Mar/2026:15:40:48 +0100] "POST /wp-login.php HTTP/1.1" 301 250 "https://www.google.com/" "Mozilla/5.0 (Windows NT 10.0; Win64; x64) AppleWebKit/537.36 (KHTML, like Gecko) Chrome/91.0.4472.124 Safari/537.36"
104.28.156.106 - - [02/Mar/2026:15:40:50 +0100] "POST /wp-login.php HTTP/1.1" 301 250 "http://alfouzantransport.com/wp-admin/" "Mozilla/5.0 (Windows NT 10.0; Win64; x64) AppleWebKit/537.36 (KHTML, like Gecko) Chrome/90.0.4430.85 Safari/537.36"
104.28.156.106 - - [02/Mar/2026:15:40:51 +0100] "GET /wp-admin/ HTTP/1.1" 301 247 "https://www.google.com/" "Mozilla/5.0 (Windows NT 10.0; Win64; x64) AppleWebKit/537.36 (KHTML, like Gecko) Chrome/91.0.4472.124 Safari/537.36"
104.28.156.106 - - [02/Mar/2026:15:40:53 +0100] "GET /wp-admin/plugin-install.php?tab=upload HTTP/1.1" 301 276 "https://www.google.com/" "Mozilla/5.0 (Windows NT 10.0; Win64; x64) AppleWebKit/537.36 (KHTML, like Gecko) Chrome/91.0.4472.124 Safari/537.36"
104.28.156.106 - - [02/Mar/2026:15:40:54 +0100] "GET /wp-admin/ HTTP/1.1" 301 247 "-" "Mozilla/5.0 (Windows NT 10.0; Win64; x64) AppleWebKit/537.36 (KHTML, like Gecko) Chrome/133.0.0.0 Safari/537.36"
104.28.156.106 - - [02/Mar/2026:15:40:55 +0100] "GET /wp-admin/plugin-install.php HTTP/1.1" 301 265 "-" "Mozilla/5.0 (Windows NT 10.0; Win64; x64) AppleWebKit/537.36 (KHTML, like Gecko) Chrome/133.0.0.0 Safari/537.36"
104.28.156.106 - - [02/Mar/2026:15:40:57 +0100] "GET /wp-admin/theme-install.php?tab=upload HTTP/1.1" 301 275 "https://www.google.com/" "Mozilla/5.0 (Windows NT 10.0; Win64; x64) AppleWebKit/537.36 (KHTML, like Gecko) Chrome/91.0.4472.124 Safari/537.36"
104.28.156.106 - - [02/Mar/2026:15:40:58 +0100] "GET /wp-admin/ HTTP/1.1" 301 247 "-" "Mozilla/5.0 (Windows NT 10.0; Win64; x64) AppleWebKit/537.36 (KHTML, like Gecko) Chrome/133.0.0.0 Safari/537.36"
104.28.156.106 - - [02/Mar/2026:15:40:59 +0100] "GET /wp-admin/plugin-install.php HTTP/1.1" 301 265 "-" "Mozilla/5.0 (Windows NT 10.0; Win64; x64) AppleWebKit/537.36 (KHTML, like Gecko) Chrome/133.0.0.0 Safari/537.36"
104.28.156.106 - - [02/Mar/2026:15:41:01 +0100] "POST /wp-admin/admin-ajax.php HTTP/1.1" 301 261 "http://alfouzantransport.com/wp-admin/plugin-editor.php" "Mozilla/5.0 (Windows NT 10.0; Win64; x64) AppleWebKit/537.36 (KHTML, like Gecko) Chrome/138.0.0.0 Safari/537.36"
104.28.156.106 - - [02/Mar/2026:15:41:02 +0100] "GET /wp-admin/plugin-editor.php HTTP/1.1" 301 264 "http://alfouzantransport.com/wp-admin/plugin-editor.php" "Mozilla/5.0 (Windows NT 10.0; Win64; x64) AppleWebKit/537.36 (KHTML, like Gecko) Chrome/138.0.0.0 Safari/537.36"
74.7.227.39 - - [02/Mar/2026:16:07:56 +0100] "GET /leftDao.php?callback=jQuery183016740860980352856_1604309800583 HTTP/1.1" 301 304 "https://alfouzantransport.com" "Mozilla/5.0 AppleWebKit/537.36 (KHTML, like Gecko; compatible; GPTBot/1.3; +https://openai.com/gptbot)"
74.7.227.39 - - [02/Mar/2026:16:11:56 +0100] "GET /wap/trading/lastKlineParameter HTTP/1.1" 301 272 "https://alfouzantransport.com" "Mozilla/5.0 AppleWebKit/537.36 (KHTML, like Gecko; compatible; GPTBot/1.3; +https://openai.com/gptbot)"
74.7.227.39 - - [02/Mar/2026:16:17:33 +0100] "GET /home/main/login HTTP/1.1" 301 257 "https://alfouzantransport.com" "Mozilla/5.0 AppleWebKit/537.36 (KHTML, like Gecko; compatible; GPTBot/1.3; +https://openai.com/gptbot)"
74.7.227.39 - - [02/Mar/2026:16:18:31 +0100] "GET /uploads/include/calendar/calendar-cn.js HTTP/1.1" 301 281 "https://alfouzantransport.com" "Mozilla/5.0 AppleWebKit/537.36 (KHTML, like Gecko; compatible; GPTBot/1.3; +https://openai.com/gptbot)"
20.63.41.168 - - [02/Mar/2026:16:24:35 +0100] "GET /wp-content/plugins/hellopress/wp_filemanager.php HTTP/1.1" 301 286 "-" "-"
20.63.41.168 - - [02/Mar/2026:16:24:36 +0100] "GET /trx24.php HTTP/1.1" 301 247 "-" "-"
20.63.41.168 - - [02/Mar/2026:16:24:36 +0100] "GET /wp-includes/SimplePie/cah.php HTTP/1.1" 301 267 "-" "-"
20.63.41.168 - - [02/Mar/2026:16:24:37 +0100] "GET /cah.php HTTP/1.1" 301 245 "-" "-"
20.63.41.168 - - [02/Mar/2026:16:24:37 +0100] "GET /wp-content/plugins/pwnd/acp.php HTTP/1.1" 301 269 "-" "-"
104.28.156.106 - - [02/Mar/2026:16:31:45 +0100] "HEAD / HTTP/1.1" 301 - "https://alfouzantransport.com/" "Mozilla/5.0 (Windows NT 10.0; Win64; x64) AppleWebKit/537.36 (KHTML, like Gecko) Chrome/91.0.4472.124 Safari/537.36"
165.227.161.238 - - [02/Mar/2026:16:52:27 +0100] "GET / HTTP/1.1" 301 243 "-" "Mozilla/5.0 (X11; Linux x86_64) AppleWebKit/537.36 (KHTML, like Gecko) Chrome/142.0.0.0 Safari/537.36"
165.227.161.238 - - [02/Mar/2026:16:52:27 +0100] "GET /favicon.ico HTTP/1.1" 301 254 "http://mail.alfouzantransport.com/" "Mozilla/5.0 (X11; Linux x86_64) AppleWebKit/537.36 (KHTML, like Gecko) Chrome/142.0.0.0 Safari/537.36"
43.158.91.71 - - [02/Mar/2026:16:53:35 +0100] "GET / HTTP/1.1" 301 242 "-" "Mozilla/5.0 (iPhone; CPU iPhone OS 13_2_3 like Mac OS X) AppleWebKit/605.1.15 (KHTML, like Gecko) Version/13.0.3 Mobile/15E148 Safari/604.1"
119.249.100.112 - - [02/Mar/2026:17:53:37 +0100] "GET /robots.txt HTTP/1.1" 301 247 "-" "Mozilla/5.0 (Windows NT 10.0; WOW64) AppleWebKit/537.36 (KHTML, like Gecko) Chrome/48.0.2564.116 Safari/537.36"
220.181.51.118 - - [02/Mar/2026:17:53:43 +0100] "GET /robots.txt HTTP/1.1" 301 247 "-" "Mozilla/5.0 (Windows NT 10.0; WOW64) AppleWebKit/537.36 (KHTML, like Gecko) Chrome/48.0.2564.116 Safari/537.36"
66.249.72.6 - - [02/Mar/2026:18:28:38 +0100] "GET /robots.txt HTTP/1.1" 301 248 "-" "Mozilla/5.0 (compatible; Googlebot/2.1; +http://www.google.com/bot.html)"
66.249.72.7 - - [02/Mar/2026:18:28:39 +0100] "GET / HTTP/1.1" 301 238 "-" "Mozilla/5.0 (Linux; Android 6.0.1; Nexus 5X Build/MMB29P) AppleWebKit/537.36 (KHTML, like Gecko) Chrome/144.0.7559.132 Mobile Safari/537.36 (compatible; Googlebot/2.1; +http://www.google.com/bot.html)"
66.249.72.5 - - [02/Mar/2026:18:28:58 +0100] "GET / HTTP/1.1" 301 238 "-" "Mozilla/5.0 (Linux; Android 6.0.1; Nexus 5X Build/MMB29P) AppleWebKit/537.36 (KHTML, like Gecko) Chrome/99.0.4844.84 Mobile Safari/537.36 (compatible; Googlebot/2.1; +http://www.google.com/bot.html)"
66.249.72.4 - - [02/Mar/2026:18:28:58 +0100] "GET / HTTP/1.1" 301 238 "-" "Mozilla/5.0 (compatible; Googlebot/2.1; +http://www.google.com/bot.html)"
93.158.90.37 - - [02/Mar/2026:18:38:05 +0100] "GET / HTTP/1.1" 301 238 "-" "Mozilla/5.0 (Windows NT 10.0; Win64; x64) AppleWebKit/537.36 (KHTML, like Gecko) Chrome/121.0.0.0 Safari/537.3"
20.151.217.152 - - [02/Mar/2026:19:40:36 +0100] "GET /wp-content/plugins/hellopress/wp_filemanager.php HTTP/1.1" 301 286 "-" "-"
20.151.217.152 - - [02/Mar/2026:19:40:37 +0100] "GET /wp-includes/SimplePie/cah.php HTTP/1.1" 301 267 "-" "-"
20.151.217.152 - - [02/Mar/2026:19:40:38 +0100] "GET /cah.php HTTP/1.1" 301 245 "-" "-"
20.151.217.152 - - [02/Mar/2026:19:40:38 +0100] "GET /wp-content/plugins/pwnd/acp.php HTTP/1.1" 301 269 "-" "-"
74.7.227.39 - - [02/Mar/2026:20:01:06 +0100] "GET /api/Index/getLottery HTTP/1.1" 301 262 "https://alfouzantransport.com" "Mozilla/5.0 AppleWebKit/537.36 (KHTML, like Gecko; compatible; GPTBot/1.3; +https://openai.com/gptbot)"
20.104.206.150 - - [02/Mar/2026:20:02:24 +0100] "GET /wp-content/plugins/hellopress/wp_filemanager.php HTTP/1.1" 301 286 "-" "-"
20.104.206.150 - - [02/Mar/2026:20:02:24 +0100] "GET /config.php HTTP/1.1" 301 248 "-" "-"
20.104.206.150 - - [02/Mar/2026:20:02:25 +0100] "GET /wp-configss.php HTTP/1.1" 301 253 "-" "-"
20.104.206.150 - - [02/Mar/2026:20:02:25 +0100] "GET /ba.php HTTP/1.1" 301 244 "-" "-"
20.104.206.150 - - [02/Mar/2026:20:02:26 +0100] "GET /wp-mail.php HTTP/1.1" 301 249 "-" "-"
20.104.206.150 - - [02/Mar/2026:20:02:26 +0100] "GET /wp-mails.php HTTP/1.1" 301 250 "-" "-"
20.104.206.150 - - [02/Mar/2026:20:02:27 +0100] "GET /222.php HTTP/1.1" 301 245 "-" "-"
20.104.206.150 - - [02/Mar/2026:20:02:27 +0100] "GET /t00l.php HTTP/1.1" 301 246 "-" "-"
74.7.227.39 - - [02/Mar/2026:20:05:07 +0100] "GET /common.js HTTP/1.1" 301 251 "https://alfouzantransport.com" "Mozilla/5.0 AppleWebKit/537.36 (KHTML, like Gecko; compatible; GPTBot/1.3; +https://openai.com/gptbot)"
74.7.227.39 - - [02/Mar/2026:20:20:48 +0100] "GET /css/other.css HTTP/1.1" 301 255 "https://alfouzantransport.com" "Mozilla/5.0 AppleWebKit/537.36 (KHTML, like Gecko; compatible; GPTBot/1.3; +https://openai.com/gptbot)"
43.157.168.43 - - [02/Mar/2026:20:21:42 +0100] "GET / HTTP/1.1" 301 238 "-" "Mozilla/5.0 (iPhone; CPU iPhone OS 13_2_3 like Mac OS X) AppleWebKit/605.1.15 (KHTML, like Gecko) Version/13.0.3 Mobile/15E148 Safari/604.1"
74.7.227.39 - - [02/Mar/2026:20:22:06 +0100] "GET /api/appVersion?mobile_system=2 HTTP/1.1" 301 272 "https://alfouzantransport.com" "Mozilla/5.0 AppleWebKit/537.36 (KHTML, like Gecko; compatible; GPTBot/1.3; +https://openai.com/gptbot)"
74.7.227.39 - - [02/Mar/2026:20:22:34 +0100] "GET /client/api/findConfigByKey?configKey=level_config HTTP/1.1" 301 291 "https://alfouzantransport.com" "Mozilla/5.0 AppleWebKit/537.36 (KHTML, like Gecko; compatible; GPTBot/1.3; +https://openai.com/gptbot)"
74.7.227.39 - - [02/Mar/2026:20:25:42 +0100] "GET /api/v1/about HTTP/1.1" 301 254 "https://alfouzantransport.com" "Mozilla/5.0 AppleWebKit/537.36 (KHTML, like Gecko; compatible; GPTBot/1.3; +https://openai.com/gptbot)"
37.203.37.112 - - [02/Mar/2026:20:34:35 +0100] "GET /wp-content/admin.php HTTP/1.1" 301 258 "-" "Mozilla/5.0 (Windows NT 10.0; Win64; x64) AppleWebKit/537.36 (KHTML, like Gecko) Chrome/145.0.0.0 Safari/537.36"
74.7.227.39 - - [02/Mar/2026:20:57:13 +0100] "GET /api/system/systemConfigs/getCustomerServiceLink HTTP/1.1" 301 289 "https://alfouzantransport.com" "Mozilla/5.0 AppleWebKit/537.36 (KHTML, like Gecko; compatible; GPTBot/1.3; +https://openai.com/gptbot)"
74.7.230.29 - - [02/Mar/2026:20:58:47 +0100] "GET /robots.txt HTTP/1.1" 301 248 "-" "Mozilla/5.0 (Macintosh; Intel Mac OS X 10_15_7) AppleWebKit/537.36 (KHTML, like Gecko) Chrome/131.0.0.0 Safari/537.36; compatible; OAI-SearchBot/1.3; robots.txt; +https://openai.com/searchbot"
74.7.228.48 - - [02/Mar/2026:21:17:05 +0100] "GET /robots.txt HTTP/1.1" 301 252 "-" "Mozilla/5.0 (Macintosh; Intel Mac OS X 10_15_7) AppleWebKit/537.36 (KHTML, like Gecko) Chrome/131.0.0.0 Safari/537.36; compatible; OAI-SearchBot/1.3; robots.txt; +https://openai.com/searchbot"
74.7.227.39 - - [02/Mar/2026:21:17:18 +0100] "GET /js/lang.js HTTP/1.1" 301 252 "https://alfouzantransport.com" "Mozilla/5.0 AppleWebKit/537.36 (KHTML, like Gecko; compatible; GPTBot/1.3; +https://openai.com/gptbot)"
74.7.227.39 - - [02/Mar/2026:21:17:21 +0100] "GET /2026.php HTTP/1.1" 301 250 "https://alfouzantransport.com" "Mozilla/5.0 AppleWebKit/537.36 (KHTML, like Gecko; compatible; GPTBot/1.3; +https://openai.com/gptbot)"
74.7.227.39 - - [02/Mar/2026:21:17:21 +0100] "GET /1234.php HTTP/1.1" 301 250 "https://alfouzantransport.com" "Mozilla/5.0 AppleWebKit/537.36 (KHTML, like Gecko; compatible; GPTBot/1.3; +https://openai.com/gptbot)"
54.189.131.228 - - [02/Mar/2026:21:24:02 +0100] "GET / HTTP/1.1" 301 238 "-" "Mozilla/5.0 (Windows NT 10.0; Win64; x64) AppleWebKit/537.36 (KHTML, like Gecko) Chrome/99.0.4844.51 Safari/537.36"
212.34.129.45 - - [02/Mar/2026:21:27:03 +0100] "GET / HTTP/1.0" 301 238 "http://alfouzantransport.com/" "Mozilla/5.0 (Windows NT 10.0; Win64; x64) AppleWebKit/537.36 (KHTML, like Gecko) Chrome/131.0.0.0 Safari/537.36 Avast/131.0.0.0"
104.143.84.54 - - [02/Mar/2026:22:07:25 +0100] "GET / HTTP/1.1" 301 242 "-" "Mozilla/5.0 (X11; Linux x86_64) AppleWebKit/537.36 (KHTML, like Gecko) HeadlessChrome/139.0.7258.5 Safari/537.36"
141.11.36.64 - - [02/Mar/2026:22:44:50 +0100] "GET / HTTP/1.1" 301 238 "-" "Mozilla/5.0 (Windows NT 10.0; Win64; x64) AppleWebKit/537.36 (KHTML, like Gecko) Chrome/95.0.4638.69 Safari/537.36"
43.156.204.134 - - [02/Mar/2026:22:47:49 +0100] "GET / HTTP/1.1" 301 242 "-" "Mozilla/5.0 (iPhone; CPU iPhone OS 13_2_3 like Mac OS X) AppleWebKit/605.1.15 (KHTML, like Gecko) Version/13.0.3 Mobile/15E148 Safari/604.1"
175.6.217.4 - - [02/Mar/2026:22:51:54 +0100] "GET / HTTP/1.1" 301 238 "-" "Mozilla/5.0 (iPhone; CPU iPhone OS 13_2_3 like Mac OS X) AppleWebKit/605.1.15 (KHTML, like Gecko) Version/13.0.3 Mobile/15E148 Safari/604.1"
74.208.27.151 - - [02/Mar/2026:23:07:19 +0100] "HEAD / HTTP/1.1" 301 - "https://alfouzantransport.com/" "Mozilla/5.0 (Windows NT 10.0; Win64; x64) AppleWebKit/537.36 (KHTML, like Gecko) Chrome/91.0.4472.124 Safari/537.36"
74.208.27.151 - - [02/Mar/2026:23:08:12 +0100] "HEAD / HTTP/1.1" 301 - "https://alfouzantransport.com/" "Mozilla/5.0 (Windows NT 10.0; Win64; x64) AppleWebKit/537.36 (KHTML, like Gecko) Chrome/91.0.4472.124 Safari/537.36"
74.208.27.151 - - [02/Mar/2026:23:08:18 +0100] "HEAD / HTTP/1.1" 301 - "https://alfouzantransport.com/" "Mozilla/5.0 (Windows NT 10.0; Win64; x64) AppleWebKit/537.36 (KHTML, like Gecko) Chrome/91.0.4472.124 Safari/537.36"
74.208.27.151 - - [02/Mar/2026:23:08:22 +0100] "HEAD / HTTP/1.1" 301 - "https://alfouzantransport.com/" "Mozilla/5.0 (Windows NT 10.0; Win64; x64) AppleWebKit/537.36 (KHTML, like Gecko) Chrome/91.0.4472.124 Safari/537.36"
74.208.27.151 - - [02/Mar/2026:23:09:30 +0100] "POST /wp-login.php HTTP/1.1" 301 250 "https://www.google.com/" "Mozilla/5.0 (Windows NT 10.0; Win64; x64) AppleWebKit/537.36 (KHTML, like Gecko) Chrome/91.0.4472.124 Safari/537.36"
74.208.27.151 - - [02/Mar/2026:23:09:31 +0100] "POST /wp-login.php HTTP/1.1" 301 250 "http://alfouzantransport.com/wp-admin/" "Mozilla/5.0 (Windows NT 10.0; Win64; x64) AppleWebKit/537.36 (KHTML, like Gecko) Chrome/90.0.4430.85 Safari/537.36"
74.208.27.151 - - [02/Mar/2026:23:09:32 +0100] "GET /wp-admin/ HTTP/1.1" 301 247 "https://www.google.com/" "Mozilla/5.0 (Windows NT 10.0; Win64; x64) AppleWebKit/537.36 (KHTML, like Gecko) Chrome/91.0.4472.124 Safari/537.36"
74.208.27.151 - - [02/Mar/2026:23:09:32 +0100] "GET /wp-admin/plugin-install.php?tab=upload HTTP/1.1" 301 276 "https://www.google.com/" "Mozilla/5.0 (Windows NT 10.0; Win64; x64) AppleWebKit/537.36 (KHTML, like Gecko) Chrome/91.0.4472.124 Safari/537.36"
74.208.27.151 - - [02/Mar/2026:23:09:33 +0100] "GET /wp-admin/ HTTP/1.1" 301 247 "-" "Mozilla/5.0 (Windows NT 10.0; Win64; x64) AppleWebKit/537.36 (KHTML, like Gecko) Chrome/133.0.0.0 Safari/537.36"
74.208.27.151 - - [02/Mar/2026:23:09:34 +0100] "GET /wp-admin/plugin-install.php HTTP/1.1" 301 265 "-" "Mozilla/5.0 (Windows NT 10.0; Win64; x64) AppleWebKit/537.36 (KHTML, like Gecko) Chrome/133.0.0.0 Safari/537.36"
74.208.27.151 - - [02/Mar/2026:23:09:34 +0100] "GET /wp-admin/theme-install.php?tab=upload HTTP/1.1" 301 275 "https://www.google.com/" "Mozilla/5.0 (Windows NT 10.0; Win64; x64) AppleWebKit/537.36 (KHTML, like Gecko) Chrome/91.0.4472.124 Safari/537.36"
74.208.27.151 - - [02/Mar/2026:23:09:35 +0100] "GET /wp-admin/ HTTP/1.1" 301 247 "-" "Mozilla/5.0 (Windows NT 10.0; Win64; x64) AppleWebKit/537.36 (KHTML, like Gecko) Chrome/133.0.0.0 Safari/537.36"
74.208.27.151 - - [02/Mar/2026:23:09:35 +0100] "GET /wp-admin/plugin-install.php HTTP/1.1" 301 265 "-" "Mozilla/5.0 (Windows NT 10.0; Win64; x64) AppleWebKit/537.36 (KHTML, like Gecko) Chrome/133.0.0.0 Safari/537.36"
74.208.27.151 - - [02/Mar/2026:23:09:36 +0100] "POST /wp-admin/admin-ajax.php HTTP/1.1" 301 261 "http://alfouzantransport.com/wp-admin/plugin-editor.php" "Mozilla/5.0 (Windows NT 10.0; Win64; x64) AppleWebKit/537.36 (KHTML, like Gecko) Chrome/138.0.0.0 Safari/537.36"
74.208.27.151 - - [02/Mar/2026:23:09:36 +0100] "GET /wp-admin/plugin-editor.php HTTP/1.1" 301 264 "http://alfouzantransport.com/wp-admin/plugin-editor.php" "Mozilla/5.0 (Windows NT 10.0; Win64; x64) AppleWebKit/537.36 (KHTML, like Gecko) Chrome/138.0.0.0 Safari/537.36"
74.208.27.151 - - [02/Mar/2026:23:10:36 +0100] "HEAD / HTTP/1.1" 301 - "https://alfouzantransport.com/" "Mozilla/5.0 (Windows NT 10.0; Win64; x64) AppleWebKit/537.36 (KHTML, like Gecko) Chrome/91.0.4472.124 Safari/537.36"
74.208.27.151 - - [02/Mar/2026:23:10:36 +0100] "HEAD / HTTP/1.1" 301 - "https://alfouzantransport.com/" "Mozilla/5.0 (Windows NT 10.0; Win64; x64) AppleWebKit/537.36 (KHTML, like Gecko) Chrome/91.0.4472.124 Safari/537.36"
74.208.27.151 - - [02/Mar/2026:23:40:19 +0100] "HEAD / HTTP/1.1" 301 - "https://alfouzantransport.com/" "Mozilla/5.0 (Windows NT 10.0; Win64; x64) AppleWebKit/537.36 (KHTML, like Gecko) Chrome/91.0.4472.124 Safari/537.36"
74.208.27.151 - - [02/Mar/2026:23:48:00 +0100] "HEAD / HTTP/1.1" 301 - "https://alfouzantransport.com/" "Mozilla/5.0 (Windows NT 10.0; Win64; x64) AppleWebKit/537.36 (KHTML, like Gecko) Chrome/91.0.4472.124 Safari/537.36"
103.131.71.37 - - [03/Mar/2026:00:39:17 +0100] "GET /robots.txt HTTP/1.1" 301 248 "-" "Mozilla/5.0 (compatible; coccocbot-image/1.0; +http://help.coccoc.com/searchengine)"
117.26.241.172 - - [03/Mar/2026:01:12:56 +0100] "GET / HTTP/1.1" 301 238 "http://alfouzantransport.com" "Mozilla/5.0 (Windows NT 10.0; Win64; x64) AppleWebKit/537.36 (KHTML, like Gecko) Chrome/90.0.4430.212 Safari/537.36"
117.26.241.172 - - [03/Mar/2026:01:12:58 +0100] "GET / HTTP/1.1" 301 238 "http://alfouzantransport.com" "Mozilla/5.0+(compatible;+Googlebot/2.1;++http://www.google.com/bot.html)"
20.220.227.4 - - [03/Mar/2026:01:13:57 +0100] "GET /wp-content/plugins/hellopress/wp_filemanager.php HTTP/1.1" 301 286 "-" "-"
20.220.227.4 - - [03/Mar/2026:01:13:59 +0100] "GET /assets/plugins/elfinder/connectors/php/connector.php HTTP/1.1" 301 290 "-" "-"
192.159.99.236 - - [03/Mar/2026:01:19:20 +0100] "POST /wp-login.php HTTP/1.1" 301 250 "http://alfouzantransport.com/wp-admin/" "Mozilla/5.0 (Windows NT 10.0; Win64; x64) AppleWebKit/537.36 (KHTML, like Gecko) Chrome/90.0.4430.85 Safari/537.36"
74.7.243.246 - - [03/Mar/2026:01:27:12 +0100] "GET /favicon.png HTTP/1.1" 301 249 "https://alfouzantransport.com" "Mozilla/5.0 AppleWebKit/537.36 (KHTML, like Gecko; compatible; GPTBot/1.3; +https://openai.com/gptbot)"
74.7.227.163 - - [03/Mar/2026:01:31:26 +0100] "GET /z0f76a1d14fd21a8fb5fd0d03e0fdc3d3cedae52f?wsidchk=14103310 HTTP/1.1" 301 300 "https://alfouzantransport.com" "Mozilla/5.0 AppleWebKit/537.36 (KHTML, like Gecko; compatible; GPTBot/1.3; +https://openai.com/gptbot)"
74.7.243.246 - - [03/Mar/2026:01:31:38 +0100] "GET /z0f76a1d14fd21a8fb5fd0d03e0fdc3d3cedae52f?wsidchk=3855572 HTTP/1.1" 301 295 "https://alfouzantransport.com" "Mozilla/5.0 AppleWebKit/537.36 (KHTML, like Gecko; compatible; GPTBot/1.3; +https://openai.com/gptbot)"
74.7.227.163 - - [03/Mar/2026:01:32:01 +0100] "GET /km.asmx/getPlatParam HTTP/1.1" 301 262 "https://alfouzantransport.com" "Mozilla/5.0 AppleWebKit/537.36 (KHTML, like Gecko; compatible; GPTBot/1.3; +https://openai.com/gptbot)"
74.7.227.163 - - [03/Mar/2026:01:33:06 +0100] "GET /Scripts/common.js HTTP/1.1" 301 259 "https://alfouzantransport.com" "Mozilla/5.0 AppleWebKit/537.36 (KHTML, like Gecko; compatible; GPTBot/1.3; +https://openai.com/gptbot)"
74.7.227.163 - - [03/Mar/2026:01:36:30 +0100] "GET /aaaaa HTTP/1.1" 301 247 "https://alfouzantransport.com" "Mozilla/5.0 AppleWebKit/537.36 (KHTML, like Gecko; compatible; GPTBot/1.3; +https://openai.com/gptbot)"
74.7.243.246 - - [03/Mar/2026:01:41:37 +0100] "GET /?rest_route=/wp/v2/users HTTP/1.1" 301 262 "https://alfouzantransport.com" "Mozilla/5.0 AppleWebKit/537.36 (KHTML, like Gecko; compatible; GPTBot/1.3; +https://openai.com/gptbot)"
74.7.243.246 - - [03/Mar/2026:01:49:25 +0100] "GET /FranciscoTana/lilly/9qs9xfylick4mf HTTP/1.1" 301 272 "https://alfouzantransport.com" "Mozilla/5.0 AppleWebKit/537.36 (KHTML, like Gecko; compatible; GPTBot/1.3; +https://openai.com/gptbot)"
74.7.243.246 - - [03/Mar/2026:01:49:28 +0100] "GET /KarissaTyisha/lilly/9qs9xf5qomtzmf HTTP/1.1" 301 272 "https://alfouzantransport.com" "Mozilla/5.0 AppleWebKit/537.36 (KHTML, like Gecko; compatible; GPTBot/1.3; +https://openai.com/gptbot)"
74.7.227.163 - - [03/Mar/2026:01:55:21 +0100] "GET /Public/Home/ecshe_css/main.css?v=1543997196 HTTP/1.1" 301 285 "https://alfouzantransport.com" "Mozilla/5.0 AppleWebKit/537.36 (KHTML, like Gecko; compatible; GPTBot/1.3; +https://openai.com/gptbot)"
74.7.243.246 - - [03/Mar/2026:02:12:04 +0100] "GET /hello-world/ HTTP/1.1" 301 250 "https://alfouzantransport.com" "Mozilla/5.0 AppleWebKit/537.36 (KHTML, like Gecko; compatible; GPTBot/1.3; +https://openai.com/gptbot)"
74.7.243.246 - - [03/Mar/2026:02:12:30 +0100] "GET /about-style-1// HTTP/1.1" 301 252 "https://alfouzantransport.com" "Mozilla/5.0 AppleWebKit/537.36 (KHTML, like Gecko; compatible; GPTBot/1.3; +https://openai.com/gptbot)"
74.7.243.246 - - [03/Mar/2026:02:18:10 +0100] "GET /z0f76a1d14fd21a8fb5fd0d03e0fdc3d3cedae52f?wsidchk=9903991 HTTP/1.1" 301 295 "https://alfouzantransport.com" "Mozilla/5.0 AppleWebKit/537.36 (KHTML, like Gecko; compatible; GPTBot/1.3; +https://openai.com/gptbot)"
74.7.243.246 - - [03/Mar/2026:02:18:21 +0100] "GET /z0f76a1d14fd21a8fb5fd0d03e0fdc3d3cedae52f?wsidchk=8601417 HTTP/1.1" 301 295 "https://alfouzantransport.com" "Mozilla/5.0 AppleWebKit/537.36 (KHTML, like Gecko; compatible; GPTBot/1.3; +https://openai.com/gptbot)"
74.7.243.246 - - [03/Mar/2026:02:18:38 +0100] "GET /z0f76a1d14fd21a8fb5fd0d03e0fdc3d3cedae52f?wsidchk=8707577 HTTP/1.1" 301 295 "https://alfouzantransport.com" "Mozilla/5.0 AppleWebKit/537.36 (KHTML, like Gecko; compatible; GPTBot/1.3; +https://openai.com/gptbot)"
74.7.243.246 - - [03/Mar/2026:02:19:10 +0100] "GET /z0f76a1d14fd21a8fb5fd0d03e0fdc3d3cedae52f?wsidchk=4132320 HTTP/1.1" 301 295 "https://alfouzantransport.com" "Mozilla/5.0 AppleWebKit/537.36 (KHTML, like Gecko; compatible; GPTBot/1.3; +https://openai.com/gptbot)"
74.7.243.246 - - [03/Mar/2026:02:19:11 +0100] "GET /z0f76a1d14fd21a8fb5fd0d03e0fdc3d3cedae52f?wsidchk=4007713 HTTP/1.1" 301 295 "https://alfouzantransport.com" "Mozilla/5.0 AppleWebKit/537.36 (KHTML, like Gecko; compatible; GPTBot/1.3; +https://openai.com/gptbot)"
74.7.243.246 - - [03/Mar/2026:02:19:12 +0100] "GET /z0f76a1d14fd21a8fb5fd0d03e0fdc3d3cedae52f?wsidchk=1361404 HTTP/1.1" 301 295 "https://alfouzantransport.com" "Mozilla/5.0 AppleWebKit/537.36 (KHTML, like Gecko; compatible; GPTBot/1.3; +https://openai.com/gptbot)"
74.7.243.246 - - [03/Mar/2026:02:19:13 +0100] "GET /z0f76a1d14fd21a8fb5fd0d03e0fdc3d3cedae52f?wsidchk=1227642 HTTP/1.1" 301 295 "https://alfouzantransport.com" "Mozilla/5.0 AppleWebKit/537.36 (KHTML, like Gecko; compatible; GPTBot/1.3; +https://openai.com/gptbot)"
74.7.243.246 - - [03/Mar/2026:02:19:13 +0100] "GET /z0f76a1d14fd21a8fb5fd0d03e0fdc3d3cedae52f?wsidchk=6058850 HTTP/1.1" 301 295 "https://alfouzantransport.com" "Mozilla/5.0 AppleWebKit/537.36 (KHTML, like Gecko; compatible; GPTBot/1.3; +https://openai.com/gptbot)"
74.7.243.246 - - [03/Mar/2026:02:19:15 +0100] "GET /z0f76a1d14fd21a8fb5fd0d03e0fdc3d3cedae52f?wsidchk=1076320 HTTP/1.1" 301 295 "https://alfouzantransport.com" "Mozilla/5.0 AppleWebKit/537.36 (KHTML, like Gecko; compatible; GPTBot/1.3; +https://openai.com/gptbot)"
173.208.148.34 - - [03/Mar/2026:02:19:22 +0100] "GET /index.php?params=1 HTTP/1.1" 301 256 "-" "Mozilla/5.0 (Windows NT 10.0; Win64; x64) AppleWebKit/537.36 (KHTML, like Gecko) Chrome/131.0.0.0 Safari/537.36"
173.208.148.34 - - [03/Mar/2026:02:20:43 +0100] "GET /index.php?params=1 HTTP/1.1" 301 256 "-" "Mozilla/5.0 (Windows NT 10.0; Win64; x64) AppleWebKit/537.36 (KHTML, like Gecko) Chrome/131.0.0.0 Safari/537.36"
43.157.180.116 - - [03/Mar/2026:02:26:33 +0100] "GET / HTTP/1.1" 301 238 "-" "Mozilla/5.0 (iPhone; CPU iPhone OS 13_2_3 like Mac OS X) AppleWebKit/605.1.15 (KHTML, like Gecko) Version/13.0.3 Mobile/15E148 Safari/604.1"
74.7.243.246 - - [03/Mar/2026:02:26:48 +0100] "GET /z0f76a1d14fd21a8fb5fd0d03e0fdc3d3cedae52f?wsidchk=8874034 HTTP/1.1" 301 295 "https://alfouzantransport.com" "Mozilla/5.0 AppleWebKit/537.36 (KHTML, like Gecko; compatible; GPTBot/1.3; +https://openai.com/gptbot)"
74.7.243.246 - - [03/Mar/2026:02:27:26 +0100] "GET /z0f76a1d14fd21a8fb5fd0d03e0fdc3d3cedae52f?wsidchk=8595885 HTTP/1.1" 301 295 "https://alfouzantransport.com" "Mozilla/5.0 AppleWebKit/537.36 (KHTML, like Gecko; compatible; GPTBot/1.3; +https://openai.com/gptbot)"
74.7.243.246 - - [03/Mar/2026:02:27:28 +0100] "GET /z0f76a1d14fd21a8fb5fd0d03e0fdc3d3cedae52f?wsidchk=6335863 HTTP/1.1" 301 295 "https://alfouzantransport.com" "Mozilla/5.0 AppleWebKit/537.36 (KHTML, like Gecko; compatible; GPTBot/1.3; +https://openai.com/gptbot)"
74.7.243.246 - - [03/Mar/2026:02:27:29 +0100] "GET /z0f76a1d14fd21a8fb5fd0d03e0fdc3d3cedae52f?wsidchk=1525911 HTTP/1.1" 301 295 "https://alfouzantransport.com" "Mozilla/5.0 AppleWebKit/537.36 (KHTML, like Gecko; compatible; GPTBot/1.3; +https://openai.com/gptbot)"
74.7.243.246 - - [03/Mar/2026:02:27:30 +0100] "GET /z0f76a1d14fd21a8fb5fd0d03e0fdc3d3cedae52f?wsidchk=3856128 HTTP/1.1" 301 295 "https://alfouzantransport.com" "Mozilla/5.0 AppleWebKit/537.36 (KHTML, like Gecko; compatible; GPTBot/1.3; +https://openai.com/gptbot)"
74.7.243.246 - - [03/Mar/2026:02:28:07 +0100] "GET /z0f76a1d14fd21a8fb5fd0d03e0fdc3d3cedae52f?wsidchk=7021506 HTTP/1.1" 301 295 "https://alfouzantransport.com" "Mozilla/5.0 AppleWebKit/537.36 (KHTML, like Gecko; compatible; GPTBot/1.3; +https://openai.com/gptbot)"
74.7.243.246 - - [03/Mar/2026:02:30:24 +0100] "GET /z0f76a1d14fd21a8fb5fd0d03e0fdc3d3cedae52f?wsidchk=6236676 HTTP/1.1" 301 295 "https://alfouzantransport.com" "Mozilla/5.0 AppleWebKit/537.36 (KHTML, like Gecko; compatible; GPTBot/1.3; +https://openai.com/gptbot)"
74.7.243.246 - - [03/Mar/2026:02:30:25 +0100] "GET /z0f76a1d14fd21a8fb5fd0d03e0fdc3d3cedae52f?wsidchk=1169381 HTTP/1.1" 301 295 "https://alfouzantransport.com" "Mozilla/5.0 AppleWebKit/537.36 (KHTML, like Gecko; compatible; GPTBot/1.3; +https://openai.com/gptbot)"
74.7.243.246 - - [03/Mar/2026:02:30:26 +0100] "GET /z0f76a1d14fd21a8fb5fd0d03e0fdc3d3cedae52f?wsidchk=5165577 HTTP/1.1" 301 295 "https://alfouzantransport.com" "Mozilla/5.0 AppleWebKit/537.36 (KHTML, like Gecko; compatible; GPTBot/1.3; +https://openai.com/gptbot)"
77.90.185.5 - - [03/Mar/2026:02:30:36 +0100] "GET / HTTP/1.0" 301 238 "http://alfouzantransport.com/" "Mozilla/5.0 (Windows NT 10.0; Win64; x64) AppleWebKit/537.36 (KHTML, like Gecko) Chrome/129.0.0.0 Safari/537.36"
74.7.243.246 - - [03/Mar/2026:02:33:46 +0100] "GET /z0f76a1d14fd21a8fb5fd0d03e0fdc3d3cedae52f?wsidchk=2850558 HTTP/1.1" 301 295 "https://alfouzantransport.com" "Mozilla/5.0 AppleWebKit/537.36 (KHTML, like Gecko; compatible; GPTBot/1.3; +https://openai.com/gptbot)"
74.7.243.246 - - [03/Mar/2026:02:34:10 +0100] "GET /z0f76a1d14fd21a8fb5fd0d03e0fdc3d3cedae52f?wsidchk=5346518 HTTP/1.1" 301 295 "https://alfouzantransport.com" "Mozilla/5.0 AppleWebKit/537.36 (KHTML, like Gecko; compatible; GPTBot/1.3; +https://openai.com/gptbot)"
74.7.243.246 - - [03/Mar/2026:02:34:12 +0100] "GET /z0f76a1d14fd21a8fb5fd0d03e0fdc3d3cedae52f?wsidchk=5053459 HTTP/1.1" 301 295 "https://alfouzantransport.com" "Mozilla/5.0 AppleWebKit/537.36 (KHTML, like Gecko; compatible; GPTBot/1.3; +https://openai.com/gptbot)"
74.7.243.246 - - [03/Mar/2026:02:34:13 +0100] "GET /z0f76a1d14fd21a8fb5fd0d03e0fdc3d3cedae52f?wsidchk=7516562 HTTP/1.1" 301 295 "https://alfouzantransport.com" "Mozilla/5.0 AppleWebKit/537.36 (KHTML, like Gecko; compatible; GPTBot/1.3; +https://openai.com/gptbot)"
74.7.243.246 - - [03/Mar/2026:02:34:14 +0100] "GET /z0f76a1d14fd21a8fb5fd0d03e0fdc3d3cedae52f?wsidchk=1712576 HTTP/1.1" 301 295 "https://alfouzantransport.com" "Mozilla/5.0 AppleWebKit/537.36 (KHTML, like Gecko; compatible; GPTBot/1.3; +https://openai.com/gptbot)"
74.7.243.246 - - [03/Mar/2026:02:34:15 +0100] "GET /z0f76a1d14fd21a8fb5fd0d03e0fdc3d3cedae52f?wsidchk=9902121 HTTP/1.1" 301 295 "https://alfouzantransport.com" "Mozilla/5.0 AppleWebKit/537.36 (KHTML, like Gecko; compatible; GPTBot/1.3; +https://openai.com/gptbot)"
74.7.243.246 - - [03/Mar/2026:02:34:23 +0100] "GET /z0f76a1d14fd21a8fb5fd0d03e0fdc3d3cedae52f?wsidchk=9128321 HTTP/1.1" 301 295 "https://alfouzantransport.com" "Mozilla/5.0 AppleWebKit/537.36 (KHTML, like Gecko; compatible; GPTBot/1.3; +https://openai.com/gptbot)"
74.7.243.246 - - [03/Mar/2026:02:35:00 +0100] "GET /z0f76a1d14fd21a8fb5fd0d03e0fdc3d3cedae52f?wsidchk=1781851 HTTP/1.1" 301 295 "https://alfouzantransport.com" "Mozilla/5.0 AppleWebKit/537.36 (KHTML, like Gecko; compatible; GPTBot/1.3; +https://openai.com/gptbot)"
74.7.243.246 - - [03/Mar/2026:02:35:26 +0100] "GET /z0f76a1d14fd21a8fb5fd0d03e0fdc3d3cedae52f?wsidchk=4378731 HTTP/1.1" 301 295 "https://alfouzantransport.com" "Mozilla/5.0 AppleWebKit/537.36 (KHTML, like Gecko; compatible; GPTBot/1.3; +https://openai.com/gptbot)"
74.7.243.246 - - [03/Mar/2026:02:35:38 +0100] "GET /z0f76a1d14fd21a8fb5fd0d03e0fdc3d3cedae52f?wsidchk=6586005 HTTP/1.1" 301 295 "https://alfouzantransport.com" "Mozilla/5.0 AppleWebKit/537.36 (KHTML, like Gecko; compatible; GPTBot/1.3; +https://openai.com/gptbot)"
74.7.243.246 - - [03/Mar/2026:02:36:01 +0100] "GET /z0f76a1d14fd21a8fb5fd0d03e0fdc3d3cedae52f?wsidchk=9330291 HTTP/1.1" 301 295 "https://alfouzantransport.com" "Mozilla/5.0 AppleWebKit/537.36 (KHTML, like Gecko; compatible; GPTBot/1.3; +https://openai.com/gptbot)"
74.7.243.246 - - [03/Mar/2026:02:36:28 +0100] "GET /z0f76a1d14fd21a8fb5fd0d03e0fdc3d3cedae52f?wsidchk=5736763 HTTP/1.1" 301 295 "https://alfouzantransport.com" "Mozilla/5.0 AppleWebKit/537.36 (KHTML, like Gecko; compatible; GPTBot/1.3; +https://openai.com/gptbot)"
74.7.243.246 - - [03/Mar/2026:02:36:52 +0100] "GET /z0f76a1d14fd21a8fb5fd0d03e0fdc3d3cedae52f?wsidchk=6187560 HTTP/1.1" 301 295 "https://alfouzantransport.com" "Mozilla/5.0 AppleWebKit/537.36 (KHTML, like Gecko; compatible; GPTBot/1.3; +https://openai.com/gptbot)"
74.7.243.246 - - [03/Mar/2026:02:36:53 +0100] "GET /z0f76a1d14fd21a8fb5fd0d03e0fdc3d3cedae52f?wsidchk=8725106 HTTP/1.1" 301 295 "https://alfouzantransport.com" "Mozilla/5.0 AppleWebKit/537.36 (KHTML, like Gecko; compatible; GPTBot/1.3; +https://openai.com/gptbot)"
74.7.243.246 - - [03/Mar/2026:02:43:08 +0100] "GET /wp-cron.php?doing_wp_cron=1678889743.3269519805908203125000 HTTP/1.1" 301 297 "https://alfouzantransport.com" "Mozilla/5.0 AppleWebKit/537.36 (KHTML, like Gecko; compatible; GPTBot/1.3; +https://openai.com/gptbot)"
74.7.243.246 - - [03/Mar/2026:02:43:09 +0100] "GET /wp-cron.php?doing_wp_cron=1678790373.8824729919433593750000 HTTP/1.1" 301 297 "https://alfouzantransport.com" "Mozilla/5.0 AppleWebKit/537.36 (KHTML, like Gecko; compatible; GPTBot/1.3; +https://openai.com/gptbot)"
74.7.227.163 - - [03/Mar/2026:02:50:23 +0100] "GET /front/index/getSiteSetting HTTP/1.1" 301 268 "https://alfouzantransport.com" "Mozilla/5.0 AppleWebKit/537.36 (KHTML, like Gecko; compatible; GPTBot/1.3; +https://openai.com/gptbot)"
1.55.205.113 - - [03/Mar/2026:02:56:52 +0100] "GET /wp-json/wp/v2/posts HTTP/1.1" 301 257 "-" "Mozilla/5.0 (Windows NT 10.0; Win64; x64) AppleWebKit/537.36 (KHTML, like Gecko) Chrome/120.0.0.0 Safari/537.36"
74.7.243.246 - - [03/Mar/2026:02:58:10 +0100] "GET /wp-cron.php?doing_wp_cron=1677803407.3543090820312500000000 HTTP/1.1" 301 297 "https://alfouzantransport.com" "Mozilla/5.0 AppleWebKit/537.36 (KHTML, like Gecko; compatible; GPTBot/1.3; +https://openai.com/gptbot)"
217.160.139.117 - - [03/Mar/2026:02:59:45 +0100] "GET /wp-admin/css/ HTTP/1.1" 301 251 "binance.com" "Mozilla/5.0 (Windows NT 10.0; Win64; x64) AppleWebKit/537.36 (KHTML, like Gecko) Chrome/90.0.4430.85 Safari/537.36"
173.208.148.34 - - [03/Mar/2026:03:00:23 +0100] "GET /index.php?params=1 HTTP/1.1" 301 256 "-" "Mozilla/5.0 (Windows NT 10.0; Win64; x64) AppleWebKit/537.36 (KHTML, like Gecko) Chrome/131.0.0.0 Safari/537.36"
74.7.241.175 - - [03/Mar/2026:04:13:25 +0100] "GET /robots.txt HTTP/1.1" 301 248 "-" "Mozilla/5.0 (Macintosh; Intel Mac OS X 10_15_7) AppleWebKit/537.36 (KHTML, like Gecko) Chrome/131.0.0.0 Safari/537.36; compatible; OAI-SearchBot/1.3; robots.txt; +https://openai.com/searchbot"
74.7.242.21 - - [03/Mar/2026:04:13:30 +0100] "GET /BernadetteMarcene/lilly/q5nyn7ez59jymf HTTP/1.1" 301 276 "https://alfouzantransport.com" "Mozilla/5.0 AppleWebKit/537.36 (KHTML, like Gecko; compatible; GPTBot/1.3; +https://openai.com/gptbot)"
74.7.242.21 - - [03/Mar/2026:04:30:07 +0100] "GET /wp-cron.php?doing_wp_cron=1679904009.3370499610900878906250 HTTP/1.1" 301 297 "https://alfouzantransport.com" "Mozilla/5.0 AppleWebKit/537.36 (KHTML, like Gecko; compatible; GPTBot/1.3; +https://openai.com/gptbot)"
74.7.242.21 - - [03/Mar/2026:04:32:40 +0100] "GET /TamiSebrina/lilly/r0yzr1p2qv5zmf HTTP/1.1" 301 270 "https://alfouzantransport.com" "Mozilla/5.0 AppleWebKit/537.36 (KHTML, like Gecko; compatible; GPTBot/1.3; +https://openai.com/gptbot)"
74.7.242.21 - - [03/Mar/2026:04:32:46 +0100] "GET /wp-includes/js/tinymce/plugins/colorpicker/index.php HTTP/1.1" 301 290 "https://alfouzantransport.com" "Mozilla/5.0 AppleWebKit/537.36 (KHTML, like Gecko; compatible; GPTBot/1.3; +https://openai.com/gptbot)"
74.7.230.18 - - [03/Mar/2026:04:34:58 +0100] "GET /robots.txt HTTP/1.1" 301 252 "-" "Mozilla/5.0 (Macintosh; Intel Mac OS X 10_15_7) AppleWebKit/537.36 (KHTML, like Gecko) Chrome/131.0.0.0 Safari/537.36; compatible; OAI-SearchBot/1.3; robots.txt; +https://openai.com/searchbot"
74.7.242.36 - - [03/Mar/2026:04:35:02 +0100] "GET /static/mobile/user.html HTTP/1.1" 301 265 "https://alfouzantransport.com" "Mozilla/5.0 AppleWebKit/537.36 (KHTML, like Gecko; compatible; GPTBot/1.3; +https://openai.com/gptbot)"
74.7.242.36 - - [03/Mar/2026:04:35:03 +0100] "GET /api/shares/hqStrList HTTP/1.1" 301 262 "https://alfouzantransport.com" "Mozilla/5.0 AppleWebKit/537.36 (KHTML, like Gecko; compatible; GPTBot/1.3; +https://openai.com/gptbot)"
74.7.242.36 - - [03/Mar/2026:04:35:04 +0100] "GET /api/message/webInfo HTTP/1.1" 301 261 "https://alfouzantransport.com" "Mozilla/5.0 AppleWebKit/537.36 (KHTML, like Gecko; compatible; GPTBot/1.3; +https://openai.com/gptbot)"
74.7.242.21 - - [03/Mar/2026:04:38:22 +0100] "GET /z0f76a1d14fd21a8fb5fd0d03e0fdc3d3cedae52f?wsidchk=15925159 HTTP/1.1" 301 296 "https://alfouzantransport.com" "Mozilla/5.0 AppleWebKit/537.36 (KHTML, like Gecko; compatible; GPTBot/1.3; +https://openai.com/gptbot)"
43.159.128.155 - - [03/Mar/2026:04:46:46 +0100] "GET / HTTP/1.1" 301 242 "-" "Mozilla/5.0 (iPhone; CPU iPhone OS 13_2_3 like Mac OS X) AppleWebKit/605.1.15 (KHTML, like Gecko) Version/13.0.3 Mobile/15E148 Safari/604.1"
74.7.242.36 - - [03/Mar/2026:04:48:42 +0100] "GET /api/vue/transaction/config HTTP/1.1" 301 268 "https://alfouzantransport.com" "Mozilla/5.0 AppleWebKit/537.36 (KHTML, like Gecko; compatible; GPTBot/1.3; +https://openai.com/gptbot)"
74.7.242.36 - - [03/Mar/2026:04:55:35 +0100] "GET /z0f76a1d14fd21a8fb5fd0d03e0fdc3d3cedae52f?wsidchk=21736686 HTTP/1.1" 301 300 "https://alfouzantransport.com" "Mozilla/5.0 AppleWebKit/537.36 (KHTML, like Gecko; compatible; GPTBot/1.3; +https://openai.com/gptbot)"
74.7.242.36 - - [03/Mar/2026:04:55:36 +0100] "GET /z0f76a1d14fd21a8fb5fd0d03e0fdc3d3cedae52f?wsidchk=15539903 HTTP/1.1" 301 300 "https://alfouzantransport.com" "Mozilla/5.0 AppleWebKit/537.36 (KHTML, like Gecko; compatible; GPTBot/1.3; +https://openai.com/gptbot)"
74.7.242.36 - - [03/Mar/2026:04:55:41 +0100] "GET /z0f76a1d14fd21a8fb5fd0d03e0fdc3d3cedae52f?wsidchk=17113275 HTTP/1.1" 301 300 "https://alfouzantransport.com" "Mozilla/5.0 AppleWebKit/537.36 (KHTML, like Gecko; compatible; GPTBot/1.3; +https://openai.com/gptbot)"
74.7.242.36 - - [03/Mar/2026:04:56:47 +0100] "GET /public/static/home/js/moblie/login.js HTTP/1.1" 301 279 "https://alfouzantransport.com" "Mozilla/5.0 AppleWebKit/537.36 (KHTML, like Gecko; compatible; GPTBot/1.3; +https://openai.com/gptbot)"
74.7.242.21 - - [03/Mar/2026:05:08:15 +0100] "GET /e/DownSys/play/images/img.gif HTTP/1.1" 301 267 "https://alfouzantransport.com" "Mozilla/5.0 AppleWebKit/537.36 (KHTML, like Gecko; compatible; GPTBot/1.3; +https://openai.com/gptbot)"
74.7.242.21 - - [03/Mar/2026:05:09:05 +0100] "GET /ShirlTamica/lilly/fizvxud63zp4mf HTTP/1.1" 301 270 "https://alfouzantransport.com" "Mozilla/5.0 AppleWebKit/537.36 (KHTML, like Gecko; compatible; GPTBot/1.3; +https://openai.com/gptbot)"
74.7.242.36 - - [03/Mar/2026:05:11:25 +0100] "GET /Public/uploads/web/step1.png HTTP/1.1" 301 270 "https://alfouzantransport.com" "Mozilla/5.0 AppleWebKit/537.36 (KHTML, like Gecko; compatible; GPTBot/1.3; +https://openai.com/gptbot)"
74.7.242.21 - - [03/Mar/2026:05:47:48 +0100] "GET /z0f76a1d14fd21a8fb5fd0d03e0fdc3d3cedae52f?wsidchk=28549637 HTTP/1.1" 301 296 "https://alfouzantransport.com" "Mozilla/5.0 AppleWebKit/537.36 (KHTML, like Gecko; compatible; GPTBot/1.3; +https://openai.com/gptbot)"
74.7.242.21 - - [03/Mar/2026:05:47:49 +0100] "GET /z0f76a1d14fd21a8fb5fd0d03e0fdc3d3cedae52f?wsidchk=26894571 HTTP/1.1" 301 296 "https://alfouzantransport.com" "Mozilla/5.0 AppleWebKit/537.36 (KHTML, like Gecko; compatible; GPTBot/1.3; +https://openai.com/gptbot)"
74.7.242.36 - - [03/Mar/2026:06:03:43 +0100] "GET /api/index/config HTTP/1.1" 301 258 "https://alfouzantransport.com" "Mozilla/5.0 AppleWebKit/537.36 (KHTML, like Gecko; compatible; GPTBot/1.3; +https://openai.com/gptbot)"
74.7.242.21 - - [03/Mar/2026:06:19:36 +0100] "GET /SharylMerna/lilly/xwxappemmftumf HTTP/1.1" 301 270 "https://alfouzantransport.com" "Mozilla/5.0 AppleWebKit/537.36 (KHTML, like Gecko; compatible; GPTBot/1.3; +https://openai.com/gptbot)"
74.7.242.36 - - [03/Mar/2026:06:32:34 +0100] "GET /market/market-ws/iframe.html HTTP/1.1" 301 270 "https://alfouzantransport.com" "Mozilla/5.0 AppleWebKit/537.36 (KHTML, like Gecko; compatible; GPTBot/1.3; +https://openai.com/gptbot)"
74.7.242.36 - - [03/Mar/2026:06:38:36 +0100] "GET /user/Login HTTP/1.1" 301 252 "https://alfouzantransport.com" "Mozilla/5.0 AppleWebKit/537.36 (KHTML, like Gecko; compatible; GPTBot/1.3; +https://openai.com/gptbot)"
74.7.242.21 - - [03/Mar/2026:06:55:30 +0100] "GET /z0f76a1d14fd21a8fb5fd0d03e0fdc3d3cedae52f?wsidchk=11111273 HTTP/1.1" 301 296 "https://alfouzantransport.com" "Mozilla/5.0 AppleWebKit/537.36 (KHTML, like Gecko; compatible; GPTBot/1.3; +https://openai.com/gptbot)"
74.7.242.21 - - [03/Mar/2026:06:55:33 +0100] "GET /z0f76a1d14fd21a8fb5fd0d03e0fdc3d3cedae52f?wsidchk=23333310 HTTP/1.1" 301 296 "https://alfouzantransport.com" "Mozilla/5.0 AppleWebKit/537.36 (KHTML, like Gecko; compatible; GPTBot/1.3; +https://openai.com/gptbot)"
165.22.234.222 - - [03/Mar/2026:06:57:04 +0100] "GET /wp-content/plugins/pwnd/sst.php HTTP/1.1" 301 247 "-" "Mozlila/5.0 (Linux; Android 7.0; SM-G892A Bulid/NRD90M; wv) AppleWebKit/537.36 (KHTML, like Gecko) Version/4.0 Chrome/60.0.3112.107 Moblie Safari/537.36"
74.7.242.36 - - [03/Mar/2026:06:59:49 +0100] "GET /assets/js/chat.js HTTP/1.1" 301 259 "https://alfouzantransport.com" "Mozilla/5.0 AppleWebKit/537.36 (KHTML, like Gecko; compatible; GPTBot/1.3; +https://openai.com/gptbot)"
156.248.15.41 - - [03/Mar/2026:07:32:28 +0100] "GET / HTTP/1.1" 301 238 "http://alfouzantransport.com" "Mozilla/5.0 (Windows NT 10.0; Win64; x64) AppleWebKit/537.36 (KHTML, like Gecko) Chrome/90.0.4430.212 Safari/537.36"
156.248.15.41 - - [03/Mar/2026:07:32:31 +0100] "GET / HTTP/1.1" 301 238 "http://alfouzantransport.com" "Mozilla/5.0+(compatible;+Googlebot/2.1;++http://www.google.com/bot.html)"
74.7.242.36 - - [03/Mar/2026:07:32:38 +0100] "GET /api/index/grailindex HTTP/1.1" 301 262 "https://alfouzantransport.com" "Mozilla/5.0 AppleWebKit/537.36 (KHTML, like Gecko; compatible; GPTBot/1.3; +https://openai.com/gptbot)"
104.143.84.54 - - [03/Mar/2026:07:39:51 +0100] "GET / HTTP/1.1" 301 238 "-" "Mozilla/5.0 (X11; Ubuntu; Linux x86_64; rv:126.0) Gecko/20100101 Firefox/126.0"
104.143.84.54 - - [03/Mar/2026:07:39:52 +0100] "GET / HTTP/1.1" 301 242 "-" "Mozilla/5.0 (X11; Ubuntu; Linux x86_64; rv:126.0) Gecko/20100101 Firefox/126.0"
20.100.168.171 - - [03/Mar/2026:07:41:54 +0100] "GET /wp-content/plugins/hellopress/wp_filemanager.php HTTP/1.1" 301 286 "-" "-"
20.100.168.171 - - [03/Mar/2026:07:41:55 +0100] "GET /zwso.php HTTP/1.1" 301 246 "-" "-"
20.100.168.171 - - [03/Mar/2026:07:41:55 +0100] "GET /wp-admin/css/colors/blue/index.php HTTP/1.1" 301 272 "-" "-"
